{"id":953,"date":"2009-06-24T16:13:17","date_gmt":"2009-06-24T19:13:17","guid":{"rendered":"http:\/\/www.labec.com.br\/biodigital\/?page_id=953"},"modified":"2009-07-13T15:46:16","modified_gmt":"2009-07-13T18:46:16","slug":"flora","status":"publish","type":"page","link":"http:\/\/www.labec.com.br\/biodigital\/ambientes\/manguezais\/flora\/","title":{"rendered":"Flora"},"content":{"rendered":"<p class=\"MsoNormal\" style=\"margin: 0cm 0cm 0pt; text-align: justify;\"><span style=\"font-family: &quot;Comic Sans MS&quot;;\"><span style=\"font-size: small;\">\u00a0\u00a0\u00a0\u00a0\u00a0\u00a0\u00a0\u00a0\u00a0Voc\u00ea pode estar se perguntando, que vegeta\u00e7\u00e3o \u00e9 essa que pode colonizar um ambiente de alta salinidade, pouco oxig\u00eanio no solo e inunda\u00e7\u00f5es frequentes da mar\u00e9, que \u00e9 t\u00e3o hostil para a maioria das plantas? O mangue \u00e9 a comunidade vegetal dominante desses ambientes t\u00e3o caracter\u00edsticos. Isso \u00e9 poss\u00edvel gra\u00e7as as adapta\u00e7\u00e3o morfologias e fisiologias das esp\u00e9cies vegetais. <\/span><\/span><\/p>\n<p class=\"MsoNormal\" style=\"margin: 0cm 0cm 0pt; text-align: justify;\"><span style=\"font-family: &quot;Comic Sans MS&quot;;\"><span style=\"font-size: small;\"><span style=\"mso-tab-count: 1;\">\u00a0\u00a0\u00a0\u00a0\u00a0\u00a0\u00a0\u00a0 <\/span>As plantas do manguezal possuem uma forma caracter\u00edstica, comum\u00a0entre si,\u00a0apesar de sua flora ser numerosa e diversa.<span style=\"mso-spacerun: yes;\">\u00a0 <\/span><\/span><\/span><\/p>\n<p class=\"MsoNormal\" style=\"margin: 0cm 0cm 0pt; text-align: justify;\">\u00a0<\/p>\n<p class=\"MsoNormal\" style=\"margin: 0cm 0cm 0pt; text-align: center;\"><span style=\"font-family: &quot;Comic Sans MS&quot;;\"><span style=\"font-size: small;\"><span style=\"mso-spacerun: yes;\"><img decoding=\"async\" loading=\"lazy\" class=\"size-full wp-image-954 aligncenter\" title=\"dsc00798\" src=\"http:\/\/www.labec.com.br\/biodigital\/wordpress\/wp-content\/uploads\/2009\/06\/dsc00798.bmp\" alt=\"dsc00798\" width=\"319\" height=\"196\" \/><\/span><\/span><\/span><\/p>\n<p class=\"MsoNormal\" style=\"margin: 0cm 0cm 0pt; text-align: center;\"><span style=\"font-family: &quot;Comic Sans MS&quot;;\"><span style=\"font-size: small;\"><span style=\"mso-spacerun: yes;\"><em>Cobertura vegetal no manguezal da praia 13 de Julho. (Aracaju &#8211; SE)<\/em><\/span><\/span><\/span><\/p>\n<p class=\"MsoNormal\" style=\"margin: 0cm 0cm 0pt; text-align: center;\"><span style=\"font-family: &quot;Comic Sans MS&quot;;\"><span style=\"font-size: small;\"><span style=\"mso-spacerun: yes;\"><em>\u00a0<\/em><\/span><\/span><\/span><\/p>\n<p class=\"MsoNormal\" style=\"margin: 0cm 0cm 0pt; text-align: justify;\">\u00a0<\/p>\n<p class=\"MsoNormal\" style=\"margin: 0cm 0cm 0pt; text-align: justify;\"><span style=\"font-family: &quot;Comic Sans MS&quot;;\"><span style=\"font-size: small;\"><span style=\"mso-tab-count: 1;\">\u00a0\u00a0\u00a0\u00a0\u00a0\u00a0\u00a0\u00a0 <\/span>Para a fixa\u00e7\u00e3o em um solo lamoso, o mangue-vermelho (<em style=\"mso-bidi-font-style: normal;\">Rhizophora mangle<\/em>) possui ra\u00edzes escoras ou riz\u00f3foros. Essas estruturas formam arcos saindo do caule principal, o que permite a sustenta\u00e7\u00e3o da planta. <\/span><\/span><\/p>\n<p class=\"MsoNormal\" style=\"margin: 0cm 0cm 0pt; text-align: justify;\">\u00a0<\/p>\n<p class=\"MsoNormal\" style=\"margin: 0cm 0cm 0pt; text-align: center;\"><span style=\"font-family: &quot;Comic Sans MS&quot;;\"><span style=\"font-size: small;\"><img decoding=\"async\" loading=\"lazy\" class=\"size-full wp-image-958 aligncenter\" title=\"dsc00936\" src=\"http:\/\/www.labec.com.br\/biodigital\/wordpress\/wp-content\/uploads\/2009\/06\/dsc00936.bmp\" alt=\"dsc00936\" width=\"256\" height=\"264\" \/><\/span><\/span><\/p>\n<p class=\"MsoNormal\" style=\"margin: 0cm 0cm 0pt; text-align: center;\"><span style=\"font-family: &quot;Comic Sans MS&quot;;\"><span style=\"font-size: small;\"><em>Ra\u00edzes\u00a0 escora\u00a0de Rhizophora mangle. (Manguezal do rio\u00a0S\u00e3o Franciso)<\/em><\/span><\/span><\/p>\n<p class=\"MsoNormal\" style=\"margin: 0cm 0cm 0pt; text-align: justify;\">\u00a0<\/p>\n<p class=\"MsoNormal\" style=\"margin: 0cm 0cm 0pt; text-align: justify;\"><span style=\"font-family: &quot;Comic Sans MS&quot;;\"><span style=\"font-size: small;\">\u00a0\u00a0\u00a0\u00a0\u00a0\u00a0\u00a0 Contudo, as plantas isoladas n\u00e3o resistem \u00e0 for\u00e7a do vento, j\u00e1 que suas ra\u00edzes n\u00e3o ficam muito profundas. O que mant\u00e9m as plantas de p\u00e9 \u00e9 sua coletividade, ou seja,\u00a0as plantas acabam se escorando umas nas outras, atrav\u00e9s de seus galhos e ra\u00edzes.<\/span><\/span><\/p>\n<p class=\"MsoNormal\" style=\"margin: 0cm 0cm 0pt; text-align: justify;\"><span style=\"font-family: &quot;Comic Sans MS&quot;;\"><span style=\"font-size: small;\"><span style=\"mso-tab-count: 1;\">\u00a0\u00a0\u00a0\u00a0\u00a0\u00a0\u00a0\u00a0 <\/span>O mangue possui estruturas em suas ra\u00edzes chamadas de lenticelas, cuja fun\u00e7\u00e3o \u00e9 a troca de gases. O mangue-vermelho, al\u00e9m dos riz\u00f3foros, possui ra\u00edzes a\u00e9reas, que descem de seus galhos, para auxiliar na ventila\u00e7\u00e3o da planta.<span style=\"mso-spacerun: yes;\">\u00a0<\/span><\/span><\/span><\/p>\n<p class=\"MsoNormal\" style=\"margin: 0cm 0cm 0pt; text-align: justify;\">\u00a0<\/p>\n<p class=\"MsoNormal\" style=\"margin: 0cm 0cm 0pt; text-align: center;\"><span style=\"font-family: &quot;Comic Sans MS&quot;;\"><span style=\"font-size: small;\"><span style=\"mso-spacerun: yes;\"><img decoding=\"async\" loading=\"lazy\" class=\"size-full wp-image-959 aligncenter\" title=\"pic_2998\" src=\"http:\/\/www.labec.com.br\/biodigital\/wordpress\/wp-content\/uploads\/2009\/06\/pic_2998.bmp\" alt=\"pic_2998\" width=\"226\" height=\"250\" \/><\/span><\/span><\/span><\/p>\n<p class=\"MsoNormal\" style=\"margin: 0cm 0cm 0pt; text-align: center;\"><span style=\"font-family: &quot;Comic Sans MS&quot;;\"><span style=\"font-size: small;\"><span style=\"mso-spacerun: yes;\"><em>Ra\u00edzes a\u00e9reas. (Manguezal\u00a0do rio S\u00e3o Francisco)<\/em><\/span><\/span><\/span><\/p>\n<p class=\"MsoNormal\" style=\"margin: 0cm 0cm 0pt; text-align: center;\"><span style=\"font-family: &quot;Comic Sans MS&quot;;\"><span style=\"font-size: small;\"><span style=\"mso-spacerun: yes;\"><em>\u00a0<\/em><\/span><\/span><\/span><\/p>\n<p class=\"MsoNormal\" style=\"margin: 0cm 0cm 0pt; text-align: justify;\"><span style=\"font-family: &quot;Comic Sans MS&quot;;\"><span style=\"font-size: small;\"><span style=\"mso-spacerun: yes;\">\u00a0\u00a0\u00a0\u00a0\u00a0 \u00a0<\/span>J\u00e1 o mangue-amarelo (<em style=\"mso-bidi-font-style: normal;\">Avicenia<\/em>) e o mangue-branco (<em style=\"mso-bidi-font-style: normal;\">Laguncularia<\/em>) possuem uma forma\u00e7\u00e3o especial. Suas ra\u00edzes crescem verticalmente emergindo do solo, na ponta dessas ra\u00edzes existem lenticelas para a troca de gases. Essas estruturas s\u00e3o conhecidas como pneumat\u00f3foros.<span style=\"mso-spacerun: yes;\">\u00a0<\/span><\/span><\/span><\/p>\n<p class=\"MsoNormal\" style=\"margin: 0cm 0cm 0pt; text-align: justify;\">\u00a0<\/p>\n<p class=\"MsoNormal\" style=\"margin: 0cm 0cm 0pt; text-align: center;\">\u00a0<img decoding=\"async\" loading=\"lazy\" class=\"size-full wp-image-960 aligncenter\" title=\"avicenia\" src=\"http:\/\/www.labec.com.br\/biodigital\/wordpress\/wp-content\/uploads\/2009\/06\/avicenia.bmp\" alt=\"avicenia\" width=\"221\" height=\"163\" \/><\/p>\n<p class=\"MsoNormal\" style=\"margin: 0cm 0cm 0pt; text-align: center;\"><span style=\"font-family: &quot;Comic Sans MS&quot;;\"><span style=\"font-size: small;\"><span style=\"mso-spacerun: yes;\">\u00a0<\/span><\/span><\/span><span style=\"font-family: &quot;Comic Sans MS&quot;;\"><span style=\"font-size: small;\"><span style=\"mso-spacerun: yes;\"><em>Flor de Avicenia<\/em>\u00a0<\/span><\/span><\/span><\/p>\n<p class=\"MsoNormal\" style=\"margin: 0cm 0cm 0pt; text-align: center;\">\u00a0<\/p>\n<p class=\"MsoNormal\" style=\"margin: 0cm 0cm 0pt; text-align: center;\"><span style=\"font-family: &quot;Comic Sans MS&quot;;\"><span style=\"font-size: small;\"><span style=\"mso-spacerun: yes;\"><img decoding=\"async\" loading=\"lazy\" class=\"aligncenter size-full wp-image-955\" title=\"laguncularia-racemosa\" src=\"http:\/\/www.labec.com.br\/biodigital\/wordpress\/wp-content\/uploads\/2009\/06\/laguncularia-racemosa.bmp\" alt=\"laguncularia-racemosa\" width=\"219\" height=\"180\" \/><\/span><\/span><\/span><\/p>\n<p class=\"MsoNormal\" style=\"margin: 0cm 0cm 0pt; text-align: center;\"><span style=\"font-family: &quot;Comic Sans MS&quot;;\"><span style=\"font-size: small;\"><span style=\"mso-spacerun: yes;\"><em>Laguncularia rancenosa<\/em><\/span><\/span><\/span><\/p>\n<p class=\"MsoNormal\" style=\"margin: 0cm 0cm 0pt; text-align: center;\">\u00a0\u00a0<\/p>\n<p class=\"MsoNormal\" style=\"margin: 0cm 0cm 0pt; text-align: justify;\"><span style=\"font-family: &quot;Comic Sans MS&quot;;\"><span style=\"font-size: small;\"><span style=\"mso-tab-count: 1;\">\u00a0\u00a0\u00a0\u00a0\u00a0\u00a0\u00a0\u00a0 <\/span>Para sobreviver \u00e0 salinidade,\u00a0o mangue\u00a0vermelho\u00a0(<em style=\"mso-bidi-font-style: normal;\">Rhizophora mangle) <\/em>possui em suas ra\u00edzes membranas que impedem a entrada dos sais. Outra estrat\u00e9gia que encontramos em <em style=\"mso-bidi-font-style: normal;\">Avicenia, <\/em>\u00e9 a elimina\u00e7\u00e3o do sal atrav\u00e9s\u00a0de gl\u00e2ndulas\u00a0 localizadas nas folhas. A reprodu\u00e7\u00e3o do mangue tamb\u00e9m \u00e9 uma forma de prote\u00e7\u00e3o contra o meio salino. O zigoto desenvolve-se preso a \u00e1rvore m\u00e3e, esse mecanismo \u00e9 conhecido como viviparidade. Al\u00e9m dessas caracter\u00edsticas, essa vegeta\u00e7\u00e3o possui toler\u00e2ncia a grandes per\u00edodos de submers\u00e3o.<\/span><\/span><\/p>\n<p class=\"MsoNormal\" style=\"margin: 0cm 0cm 0pt; text-align: justify;\">\u00a0<\/p>\n<p class=\"MsoNormal\" style=\"margin: 0cm 0cm 0pt; text-align: center;\"><span style=\"font-family: &quot;Comic Sans MS&quot;;\"><span style=\"font-size: small;\"><img decoding=\"async\" loading=\"lazy\" class=\"size-full wp-image-957 aligncenter\" title=\"conocarpus\" src=\"http:\/\/www.labec.com.br\/biodigital\/wordpress\/wp-content\/uploads\/2009\/06\/conocarpus.bmp\" alt=\"conocarpus\" width=\"244\" height=\"170\" \/><\/span><\/span><\/p>\n<p class=\"MsoNormal\" style=\"margin: 0cm 0cm 0pt; text-align: center;\"><span style=\"font-family: &quot;Comic Sans MS&quot;;\"><span style=\"font-size: small;\"><em>Mangue de bot\u00e3o (Conacarpus erectus)<\/em><\/span><\/span><\/p>\n<p class=\"MsoNormal\" style=\"margin: 0cm 0cm 0pt; text-align: center;\">\u00a0<\/p>\n<p class=\"MsoNormal\" style=\"margin: 0cm 0cm 0pt; text-align: justify;\"><span style=\"font-family: &quot;Comic Sans MS&quot;;\"><span style=\"font-size: small;\"><span style=\"mso-tab-count: 1;\">\u00a0\u00a0\u00a0\u00a0\u00a0\u00a0\u00a0\u00a0 <\/span>E caso voc\u00ea n\u00e3o tenha ficado preso em ra\u00edzes \u00e1reas pelo caminho, envie-nos suas d\u00favidas e sugest\u00f5es. Para conhecer mais sobre a flora de Sergipe acesse tamb\u00e9m o site <span style=\"color: olive;\"><a href=\"http:\/\/www.florasergipe.ufs.br\/\">www.florasergipe.ufs.br<\/a> .<\/span><\/span><\/span><\/p>\n<p class=\"MsoNormal\" style=\"margin: 0cm 0cm 0pt; text-align: justify;\"><span style=\"font-family: &quot;Comic Sans MS&quot;;\"><span style=\"font-size: small;\">\u00a0<\/span><\/span><\/p>\n<p class=\"MsoNormal\" style=\"margin: 0cm 0cm 0pt; text-align: center;\" align=\"center\"><span style=\"font-size: 10pt; color: blue; font-family: &quot;Comic Sans MS&quot;;\">Texto escrito por: Dante Lu\u00eds S. Mariano<\/span><\/p>\n<p class=\"MsoNormal\" style=\"margin: 0cm 0cm 0pt; text-align: center;\" align=\"center\"><span style=\"font-size: 10pt; color: blue; font-family: &quot;Comic Sans MS&quot;;\">\u00a0<\/span><\/p>\n<p class=\"MsoNormal\" style=\"margin: 0cm 0cm 0pt; text-align: center;\" align=\"center\"><span style=\"font-size: 14pt; color: olive; font-family: &quot;Comic Sans MS&quot;;\"><a href=\"http:\/\/www.labec.com.br\/biodigital\/ambientes\/manguezais\">Voltar<\/a><\/span><\/p>\n<p class=\"MsoNormal\" style=\"margin: 0cm 0cm 0pt; text-align: center;\" align=\"center\"><span style=\"font-size: 14pt; color: olive; font-family: &quot;Comic Sans MS&quot;;\">\u00a0<\/span><\/p>\n<p class=\"MsoNormal\" style=\"margin: 0cm 0cm 0pt; text-align: justify; mso-layout-grid-align: none;\"><span style=\"font-size: 10pt; color: silver; font-family: &quot;Comic Sans MS&quot;;\">Refer\u00eancias Bibliogr\u00e1ficas<\/span><\/p>\n<p class=\"MsoNormal\" style=\"margin: 0cm 0cm 0pt; text-align: justify;\"><span style=\"font-size: 10pt; color: silver; font-family: &quot;Comic Sans MS&quot;;\">\u00a0<\/span><\/p>\n<p class=\"MsoNormal\" style=\"margin: 0cm 0cm 10pt; line-height: 115%; text-align: justify; mso-layout-grid-align: none;\"><span style=\"font-size: 10pt; color: #999999; line-height: 115%; font-family: &quot;Comic Sans MS&quot;;\">ALVES<span class=\"opentitulo1\"><span style=\"font-weight: normal; color: #999999; line-height: 115%; font-family: &quot;Comic Sans MS&quot;; mso-ansi-font-size: 10.0pt; mso-bidi-font-size: 10.0pt; mso-bidi-font-weight: bold;\">, S. N. <\/span><\/span><span class=\"opentitulo1\"><span style=\"color: #999999; line-height: 115%; font-family: &quot;Comic Sans MS&quot;; mso-ansi-font-size: 10.0pt; mso-bidi-font-size: 10.0pt;\"><strong>Ecofisiologia do Manguezal<\/strong><\/span><\/span><span class=\"opentitulo1\"><span style=\"font-weight: normal; color: #999999; line-height: 115%; font-family: &quot;Comic Sans MS&quot;; mso-ansi-font-size: 10.0pt; mso-bidi-font-size: 10.0pt; mso-bidi-font-weight: bold;\">. Org. Secretaria de Estado do Meio Ambiente e dos Recursos H\u00eddricos. Aracaju: Degrase, 2008.<span style=\"mso-spacerun: yes;\">\u00a0\u00a0 <\/span><\/span><\/span><\/span><\/p>\n<p class=\"MsoBodyText\" style=\"margin: 0cm 0cm 10pt; line-height: 115%;\"><span style=\"font-size: 10pt; color: #999999; line-height: 115%; font-family: &quot;Comic Sans MS&quot;;\">LANDIM, M.; GUIMAR\u00c3ES, C.P.<strong> <\/strong>Manguezais do Rio Sergipe. <em style=\"mso-bidi-font-style: normal;\">In<\/em>: Jos\u00e9 do Patric\u00ednio Hora Alves. (Org.) <strong>Rio Sergipe \u2013 import\u00e2ncia, vulnerabilidade e preserva\u00e7\u00e3o<\/strong>. Aracaju: Os Editora, 2006.<\/span><\/p>\n<p class=\"MsoNormal\" style=\"margin: 0cm 0cm 0pt; text-align: justify;\"><span style=\"font-size: 10pt; color: #999999; font-family: &quot;Comic Sans MS&quot;;\">LONGHURST, A.R., PAULY, D. <strong style=\"mso-bidi-font-weight: normal;\">Ecologia dos Oceanos Tropicais<\/strong>. S\u00e3o Paulo, Edusp, p. 40 &#8211; 43. 2007.<\/span><\/p>\n<p class=\"MsoNormal\" style=\"margin: 0cm 0cm 10pt; line-height: 115%; text-align: justify; mso-layout-grid-align: none;\"><span style=\"font-size: 10pt; color: silver; line-height: 115%; font-family: &quot;Comic Sans MS&quot;;\">MASTALLER, M. <strong style=\"mso-bidi-font-weight: normal;\">Resumo da literatura sobre conceitos do uso de \u00e1reas de mangue, com refer\u00eancia especial para a aq\u00fcicultura artesanal<\/strong>. Instituto Brasileiro do Meio Ambiente (IBAMA), S\/D.<\/span><\/p>\n<p><span style=\"font-size: 10pt; color: silver; font-family: &quot;Comic Sans MS&quot;; mso-fareast-font-family: 'Times New Roman'; mso-bidi-font-family: 'Times New Roman'; mso-ansi-language: EN-US; mso-fareast-language: PT-BR; mso-bidi-language: AR-SA;\" lang=\"EN-US\">TOMLINSON, P.B. The botany of mangroves. Cambrigde University Press, New York, NY, USA, 1986)<\/span><\/p>\n","protected":false},"excerpt":{"rendered":"<p>\u00a0\u00a0\u00a0\u00a0\u00a0\u00a0\u00a0\u00a0\u00a0Voc\u00ea pode estar se perguntando, que vegeta\u00e7\u00e3o \u00e9 essa que pode colonizar um ambiente de alta salinidade, pouco oxig\u00eanio no solo e inunda\u00e7\u00f5es frequentes da mar\u00e9, que \u00e9 t\u00e3o hostil para a maioria das plantas? O mangue \u00e9 a comunidade vegetal dominante desses ambientes t\u00e3o caracter\u00edsticos. Isso \u00e9 poss\u00edvel gra\u00e7as as adapta\u00e7\u00e3o morfologias e fisiologias [&hellip;]<\/p>\n","protected":false},"author":3,"featured_media":0,"parent":697,"menu_order":0,"comment_status":"open","ping_status":"open","template":"","meta":{"ngg_post_thumbnail":0},"_links":{"self":[{"href":"http:\/\/www.labec.com.br\/biodigital\/wp-json\/wp\/v2\/pages\/953"}],"collection":[{"href":"http:\/\/www.labec.com.br\/biodigital\/wp-json\/wp\/v2\/pages"}],"about":[{"href":"http:\/\/www.labec.com.br\/biodigital\/wp-json\/wp\/v2\/types\/page"}],"author":[{"embeddable":true,"href":"http:\/\/www.labec.com.br\/biodigital\/wp-json\/wp\/v2\/users\/3"}],"replies":[{"embeddable":true,"href":"http:\/\/www.labec.com.br\/biodigital\/wp-json\/wp\/v2\/comments?post=953"}],"version-history":[{"count":11,"href":"http:\/\/www.labec.com.br\/biodigital\/wp-json\/wp\/v2\/pages\/953\/revisions"}],"predecessor-version":[{"id":968,"href":"http:\/\/www.labec.com.br\/biodigital\/wp-json\/wp\/v2\/pages\/953\/revisions\/968"}],"up":[{"embeddable":true,"href":"http:\/\/www.labec.com.br\/biodigital\/wp-json\/wp\/v2\/pages\/697"}],"wp:attachment":[{"href":"http:\/\/www.labec.com.br\/biodigital\/wp-json\/wp\/v2\/media?parent=953"}],"curies":[{"name":"wp","href":"https:\/\/api.w.org\/{rel}","templated":true}]}}