{"id":921,"date":"2009-06-18T15:47:17","date_gmt":"2009-06-18T18:47:17","guid":{"rendered":"http:\/\/www.labec.com.br\/biodigital\/?page_id=921"},"modified":"2009-10-20T10:14:16","modified_gmt":"2009-10-20T13:14:16","slug":"problematicas","status":"publish","type":"page","link":"http:\/\/www.labec.com.br\/biodigital\/ambientes\/manguezais\/problematicas\/","title":{"rendered":"Problem\u00e1ticas"},"content":{"rendered":"<p class=\"MsoNormal\" style=\"margin: 0cm 0cm 0pt; text-align: justify;\"><span style=\"font-family: &quot;Comic Sans MS&quot;;\"><span style=\"font-size: small;\">\u00a0\u00a0\u00a0\u00a0\u00a0\u00a0\u00a0\u00a0 Em algumas regi\u00f5es de Sergipe, na sua cidade ou pr\u00f3ximo a ela, voc\u00ea pode ver que as \u00e1reas de manguezais s\u00e3o t\u00e3o pequenas, por\u00e9m ser\u00e1 que sempre foram assim? Apesar de sua grande import\u00e2ncia, os manguezais est\u00e3o enfrentando grandes problemas em diversas regi\u00f5es.<\/span><\/span><\/p>\n<p class=\"MsoNormal\" style=\"margin: 0cm 0cm 0pt; text-align: justify;\"><span style=\"font-family: &quot;Comic Sans MS&quot;;\"><span style=\"font-size: small;\"><span style=\"mso-tab-count: 1;\">\u00a0\u00a0\u00a0\u00a0\u00a0\u00a0\u00a0\u00a0 <\/span>A explora\u00e7\u00e3o da fauna dos manguezais (caranguejos, siris, ostras), em altas taxas, tamb\u00e9m \u00e9 um impacto negativo no ecossistema, j\u00e1 que pode levar a diminui\u00e7\u00e3o ou at\u00e9 mesmo a extin\u00e7\u00e3o de popula\u00e7\u00f5es inteiras de animais. A partir disso, o homem n\u00e3o vai ter mais um fonte de alimenta\u00e7\u00e3o e renda, acabando assim com a subsist\u00eancia das fam\u00edlias que dependem do mesmo, bem como com a din\u00e2mica no manguezal que depende da exist\u00eancia dessa fauna.<\/span><\/span><\/p>\n<p class=\"MsoNormal\" style=\"margin: 0cm 0cm 0pt; text-align: justify;\"><span style=\"font-family: &quot;Comic Sans MS&quot;;\"><span style=\"font-size: small;\"><span style=\"mso-spacerun: yes;\">\u00a0<\/span><span style=\"mso-tab-count: 1;\">\u00a0\u00a0\u00a0\u00a0\u00a0\u00a0\u00a0 <\/span>O desmatamento nos manguezais, acaba por destruir tamb\u00e9m a cadeia detr\u00edtica, que \u00e9 muito importante para a produtividade dos manguezais. Al\u00e9m disso, a retirada de toda vegeta\u00e7\u00e3o do ecossistema, causa a perda do abrigo para os animais que ali vivem, bem como dos outros animais que dependem do manguezal de forma indireta. Como consequ\u00eancia da perda da fauna, as fam\u00edlias que dependem da pesca e do trabalho de catar caranguejos, siris e moluscos, ir\u00e3o perder sua fonte de renda e de subsist\u00eancia. <\/span><\/span><\/p>\n<p class=\"MsoNormal\" style=\"margin: 0cm 0cm 0pt; text-align: justify;\">\u00a0<\/p>\n<p class=\"MsoNormal\" style=\"margin: 0cm 0cm 0pt; text-align: center;\"><span style=\"font-family: &quot;Comic Sans MS&quot;;\"><span style=\"font-size: small;\"><img decoding=\"async\" loading=\"lazy\" class=\"size-full wp-image-948 aligncenter\" title=\"dsc00790\" src=\"http:\/\/www.labec.com.br\/biodigital\/wordpress\/wp-content\/uploads\/2009\/06\/dsc00790.bmp\" alt=\"dsc00790\" width=\"271\" height=\"269\" \/><\/span><\/span><\/p>\n<p class=\"MsoNormal\" style=\"margin: 0cm 0cm 0pt; text-align: center;\"><span style=\"font-family: &quot;Comic Sans MS&quot;;\"><span style=\"font-size: small;\"><span style=\"mso-tab-count: 1;\">\u00a0\u00a0\u00a0\u00a0<em>Mangue devastado devido aos processos de urbaniza\u00e7\u00e3o.<\/em><\/span><\/span><\/span><\/p>\n<p class=\"MsoNormal\" style=\"margin: 0cm 0cm 0pt; text-align: center;\">\u00a0<\/p>\n<p class=\"MsoNormal\" style=\"margin: 0cm 0cm 0pt; text-align: justify;\">\u00a0<\/p>\n<p class=\"MsoNormal\" style=\"margin: 0cm 0cm 0pt; text-align: justify;\"><span style=\"font-family: &quot;Comic Sans MS&quot;;\"><span style=\"font-size: small;\"><span style=\"mso-tab-count: 1;\">\u00a0\u00a0\u00a0\u00a0\u00a0 <\/span>O aterro das \u00e1reas de manguezais para a expans\u00e3o urbana, sem planejamento, tamb\u00e9m \u00e9 um grave problema. Em Aracaju, a constru\u00e7\u00e3o do bairro Jardins \u00e9 um exemplo do aterro do ecossistema, deixando apenas uma \u00e1rea min\u00fascula de manguezal, o Parque Ecol\u00f3gico Tramanda\u00ed, que mesmo assim, seu canal de mar\u00e9 recebe esgotos dom\u00e9sticos e lixo.\u00a0<\/span><\/span><\/p>\n<p class=\"MsoNormal\" style=\"margin: 0cm 0cm 0pt; text-align: justify;\">\u00a0<\/p>\n<p class=\"MsoNormal\" style=\"margin: 0cm 0cm 0pt; text-align: justify;\">\u00a0<\/p>\n<p class=\"MsoNormal\" style=\"margin: 0cm 0cm 0pt; text-align: center;\"><span style=\"font-family: &quot;Comic Sans MS&quot;;\"><span style=\"font-size: small;\"><img decoding=\"async\" loading=\"lazy\" class=\"size-full wp-image-947 aligncenter\" title=\"dsc00786\" src=\"http:\/\/www.labec.com.br\/biodigital\/wordpress\/wp-content\/uploads\/2009\/06\/dsc00786.bmp\" alt=\"dsc00786\" width=\"282\" height=\"237\" \/><\/span><\/span><\/p>\n<p class=\"MsoNormal\" style=\"margin: 0cm 0cm 0pt; text-align: center;\"><span style=\"font-family: &quot;Comic Sans MS&quot;;\"><span style=\"font-size: small;\"><em>Placa localizada pr\u00f3xima ao parque.<\/em><\/span><\/span><\/p>\n<p class=\"MsoNormal\" style=\"margin: 0cm 0cm 0pt; text-align: center;\">\u00a0<\/p>\n<p class=\"MsoNormal\" style=\"margin: 0cm 0cm 0pt; text-align: center;\"><span style=\"font-family: &quot;Comic Sans MS&quot;;\"><span style=\"font-size: small;\"><em>\u00a0<\/em><\/span><\/span><\/p>\n<p class=\"MsoNormal\" style=\"margin: 0cm 0cm 0pt; text-align: center;\"><span style=\"font-family: &quot;Comic Sans MS&quot;;\"><span style=\"font-size: small;\"><em>\u00a0<\/em><\/span><\/span><\/p>\n<p class=\"MsoNormal\" style=\"margin: 0cm 0cm 0pt; text-align: center;\"><span style=\"font-family: &quot;Comic Sans MS&quot;;\"><span style=\"font-size: small;\"><img decoding=\"async\" loading=\"lazy\" class=\"aligncenter size-full wp-image-950\" title=\"dsc00792\" src=\"http:\/\/www.labec.com.br\/biodigital\/wordpress\/wp-content\/uploads\/2009\/06\/dsc00792.bmp\" alt=\"dsc00792\" width=\"289\" height=\"254\" \/><\/span><\/span><\/p>\n<p class=\"MsoNormal\" style=\"margin: 0cm 0cm 0pt; text-align: center;\"><span style=\"font-family: &quot;Comic Sans MS&quot;;\"><span style=\"font-size: small;\"><em>Canal de mar\u00e9 do Parque Tramanda\u00ed recebe esgoto e lixo.<\/em><\/span><\/span><\/p>\n<p class=\"MsoNormal\" style=\"margin: 0cm 0cm 0pt; text-align: justify;\">\u00a0<\/p>\n<p class=\"MsoNormal\" style=\"margin: 0cm 0cm 0pt; text-align: justify;\"><span style=\"font-family: &quot;Comic Sans MS&quot;;\"><span style=\"font-size: small;\">\u00a0\u00a0\u00a0\u00a0\u00a0\u00a0 <span style=\"mso-spacerun: yes;\">\u00a0<\/span>Outro exemplo \u00e9 o Bairro Coroa do Meio, que foi constru\u00eddo a partir do aterro de grandes \u00e1reas de manguezal e que vem sofrendo com problemas de eros\u00e3o, j\u00e1 que o mangue que impedia esse processo n\u00e3o existe mais.<span style=\"mso-spacerun: yes;\">\u00a0\u00a0 <\/span><\/span><\/span><\/p>\n<p class=\"MsoNormal\" style=\"margin: 0cm 0cm 0pt; text-align: justify;\"><span style=\"font-family: &quot;Comic Sans MS&quot;;\"><span style=\"font-size: small;\"><span style=\"mso-tab-count: 1;\">\u00a0\u00a0\u00a0\u00a0\u00a0\u00a0\u00a0\u00a0 <\/span>Outra atividade prejudicial ao ecossistema, \u00e9 a remo\u00e7\u00e3o do mesmo para a constru\u00e7\u00e3o de tanques para atividades de carcinicultura (cria\u00e7\u00e3o de camar\u00f5es em viveiros). <\/span><\/span><\/p>\n<p class=\"MsoNormal\" style=\"margin: 0cm 0cm 0pt; text-align: justify;\">\u00a0<\/p>\n<p class=\"MsoNormal\" style=\"margin: 0cm 0cm 0pt; text-align: center;\"><span style=\"font-family: &quot;Comic Sans MS&quot;;\"><span style=\"font-size: small;\"><img decoding=\"async\" loading=\"lazy\" class=\"size-full wp-image-939 aligncenter\" title=\"dsc00915\" src=\"http:\/\/www.labec.com.br\/biodigital\/wordpress\/wp-content\/uploads\/2009\/06\/dsc00915.bmp\" alt=\"dsc00915\" width=\"292\" height=\"293\" \/><\/span><\/span><\/p>\n<p class=\"MsoNormal\" style=\"margin: 0cm 0cm 0pt; text-align: center;\"><span style=\"font-family: &quot;Comic Sans MS&quot;;\"><span style=\"font-size: small;\"><em>Remo\u00e7\u00e3o do manguezal para constru\u00e7\u00e3o de tanques. (Rio S\u00e3o Francisco)<\/em><\/span><\/span><\/p>\n<p class=\"MsoNormal\" style=\"margin: 0cm 0cm 0pt; text-align: justify;\">\u00a0<\/p>\n<p class=\"MsoNormal\" style=\"margin: 0cm 0cm 0pt; text-align: justify;\"><span style=\"font-family: &quot;Comic Sans MS&quot;;\"><span style=\"font-size: small;\">\u00a0\u00a0\u00a0\u00a0\u00a0\u00a0 Al\u00e9m de destruir o manguezal, tal pr\u00e1tica acarreta na diminui\u00e7\u00e3o da diversidade dos estu\u00e1rios pelo lan\u00e7amento de subst\u00e2ncias prejudiciais ao ambiente na \u00e1gua. Ainda tem mais, com a destrui\u00e7\u00e3o do ecossistema, a carcinicultura emprega apenas duas pessoas por hectare, em uma \u00e1rea onde antes serviam para manter a subsist\u00eancia de dez fam\u00edlias.\u00a0<span style=\"mso-spacerun: yes;\">\u00a0\u00a0\u00a0<\/span><\/span><\/span><\/p>\n<p class=\"MsoNormal\" style=\"margin: 0cm 0cm 0pt; text-align: justify;\">\u00a0<\/p>\n<p class=\"MsoNormal\" style=\"margin: 0cm 0cm 0pt; text-align: justify;\">\u00a0<\/p>\n<p class=\"MsoNormal\" style=\"margin: 0cm 0cm 0pt; text-align: center;\"><span style=\"font-family: &quot;Comic Sans MS&quot;;\"><span style=\"font-size: small;\"><span style=\"mso-spacerun: yes;\"><img decoding=\"async\" loading=\"lazy\" class=\"size-full wp-image-940 aligncenter\" title=\"dsc00905\" src=\"http:\/\/www.labec.com.br\/biodigital\/wordpress\/wp-content\/uploads\/2009\/06\/dsc00905.bmp\" alt=\"dsc00905\" width=\"332\" height=\"255\" \/><\/span><\/span><\/span><\/p>\n<p class=\"MsoNormal\" style=\"margin: 0cm 0cm 0pt; text-align: center;\"><span style=\"font-family: &quot;Comic Sans MS&quot;;\"><span style=\"font-size: small;\"><span style=\"mso-spacerun: yes;\"><em>Porta de sa\u00edda dos efluentes dos tanques.<\/em>\u00a0\u00a0\u00a0\u00a0<\/span><span style=\"mso-spacerun: yes;\">\u00a0<\/span><\/span><\/span><\/p>\n<p class=\"MsoNormal\" style=\"margin: 0cm 0cm 0pt; text-align: center;\">\u00a0<\/p>\n<p class=\"MsoNormal\" style=\"margin: 0cm 0cm 0pt; text-align: justify;\">\u00a0<\/p>\n<p class=\"MsoNormal\" style=\"margin: 0cm 0cm 0pt; text-align: justify;\"><span style=\"font-family: &quot;Comic Sans MS&quot;;\"><span style=\"font-size: small;\"><span style=\"mso-tab-count: 1;\">\u00a0\u00a0\u00a0\u00a0\u00a0\u00a0\u00a0\u00a0 <\/span>O despejo de lixo, esgotos dom\u00e9sticos e industriais sem nenhum tratamento, tamb\u00e9m causam problemas ao ecossistema, como o \u201ctapamento\u201d das lenticelas (estrutura de respira\u00e7\u00e3o do mangue), acarretando na morte das plantas por falta de ar. <\/span><\/span><\/p>\n<p class=\"MsoNormal\" style=\"margin: 0cm 0cm 0pt; text-align: justify;\">\u00a0<\/p>\n<p class=\"MsoNormal\" style=\"margin: 0cm 0cm 0pt; text-align: center;\"><span style=\"font-family: &quot;Comic Sans MS&quot;;\"><span style=\"font-size: small;\"><img decoding=\"async\" loading=\"lazy\" class=\"size-medium wp-image-941 aligncenter\" title=\"000_0498\" src=\"http:\/\/www.labec.com.br\/biodigital\/wordpress\/wp-content\/uploads\/2009\/06\/000_0498-300x225.jpg\" alt=\"000_0498\" width=\"300\" height=\"225\" srcset=\"http:\/\/www.labec.com.br\/biodigital\/wordpress\/wp-content\/uploads\/2009\/06\/000_0498-300x225.jpg 300w, http:\/\/www.labec.com.br\/biodigital\/wordpress\/wp-content\/uploads\/2009\/06\/000_0498-1024x768.jpg 1024w, http:\/\/www.labec.com.br\/biodigital\/wordpress\/wp-content\/uploads\/2009\/06\/000_0498.jpg 1216w\" sizes=\"(max-width: 300px) 100vw, 300px\" \/><\/span><\/span><\/p>\n<p class=\"MsoNormal\" style=\"margin: 0cm 0cm 0pt; text-align: center;\"><span style=\"font-family: &quot;Comic Sans MS&quot;;\"><span style=\"font-size: small;\"><em>Esgoto lan\u00e7ado em \u00e1rea de manguezal do bairro Coroa do Meio. (Aracaju &#8211; SE)<\/em><\/span><\/span><\/p>\n<p class=\"MsoNormal\" style=\"margin: 0cm 0cm 0pt; text-align: justify;\">\u00a0<\/p>\n<p class=\"MsoNormal\" style=\"margin: 0cm 0cm 0pt; text-align: justify;\"><span style=\"font-family: &quot;Comic Sans MS&quot;;\"><span style=\"font-size: small;\">\u00a0\u00a0\u00a0\u00a0\u00a0\u00a0\u00a0 Al\u00e9m disso, a contamina\u00e7\u00e3o da fauna por subst\u00e2ncias prejudiciais a sa\u00fade, chega ao homem atrav\u00e9s da ingest\u00e3o desses animais. Outro fator que, muitas vezes voc\u00ea pensar ao passear pelo cal\u00e7ad\u00e3o da praia 13 de Julho, em Aracaju, ser natural do manguezal, \u00e9 o mau cheiro, que na realidade \u00e9 causado pelo esgoto e lixo que \u00e9 lan\u00e7ado no ecossistema. <\/span><\/span><\/p>\n<p class=\"MsoNormal\" style=\"margin: 0cm 0cm 0pt; text-align: justify;\">\u00a0<\/p>\n<p class=\"MsoNormal\" style=\"margin: 0cm 0cm 0pt; text-align: center;\"><span style=\"font-family: &quot;Comic Sans MS&quot;;\"><span style=\"font-size: small;\"><img decoding=\"async\" loading=\"lazy\" class=\"size-full wp-image-949 aligncenter\" title=\"dsc00799\" src=\"http:\/\/www.labec.com.br\/biodigital\/wordpress\/wp-content\/uploads\/2009\/06\/dsc00799.bmp\" alt=\"dsc00799\" width=\"259\" height=\"267\" \/><\/span><\/span><\/p>\n<p class=\"MsoNormal\" style=\"margin: 0cm 0cm 0pt; text-align: center;\"><span style=\"font-family: &quot;Comic Sans MS&quot;;\"><span style=\"font-size: small;\"><em>Esgoto dom\u00e9stico lan\u00e7ado na praia 13 de Julho.\u00a0O verdadeiro cupado pelo mau cheiro.<\/em><\/span><\/span><\/p>\n<p class=\"MsoNormal\" style=\"margin: 0cm 0cm 0pt; text-align: justify;\">\u00a0<\/p>\n<p class=\"MsoNormal\" style=\"margin: 0cm 0cm 0pt; text-align: justify;\"><span style=\"font-family: &quot;Comic Sans MS&quot;;\"><span style=\"font-size: small;\"><span style=\"mso-tab-count: 1;\">\u00a0\u00a0\u00a0\u00a0\u00a0\u00a0\u00a0\u00a0 <\/span>Apesar de saber da import\u00e2ncia dos manguezais, voc\u00ea poderia imaginar que ele sofre tantos impactos?\u00a0E<span style=\"mso-spacerun: yes;\">\u00a0e<\/span>m sua regi\u00e3o, que impactos negativos voc\u00ea\u00a0j\u00e1 viu nos manguezais?\u00a0Caso voc\u00ea n\u00e3o tenha ficado perdido no meio de tanta degrada\u00e7\u00e3o, envie-nos suas d\u00favidas e sugest\u00f5es. <\/span><\/span><\/p>\n<p class=\"MsoNormal\" style=\"margin: 0cm 0cm 0pt; text-align: justify;\"><span style=\"font-family: &quot;Comic Sans MS&quot;;\"><span style=\"font-size: small;\"><span style=\"mso-tab-count: 1;\">\u00a0\u00a0\u00a0\u00a0\u00a0\u00a0\u00a0\u00a0 <\/span><span style=\"mso-spacerun: yes;\">\u00a0<\/span><\/span><\/span><\/p>\n<p class=\"MsoNormal\" style=\"margin: 0cm 0cm 0pt; text-align: justify;\"><span style=\"font-family: &quot;Comic Sans MS&quot;;\"><span style=\"font-size: small;\"><span style=\"mso-tab-count: 1;\">\u00a0\u00a0\u00a0\u00a0\u00a0\u00a0\u00a0\u00a0 <\/span><span style=\"mso-spacerun: yes;\">\u00a0\u00a0\u00a0\u00a0\u00a0\u00a0\u00a0\u00a0\u00a0\u00a0\u00a0\u00a0\u00a0\u00a0\u00a0\u00a0\u00a0\u00a0\u00a0\u00a0\u00a0\u00a0\u00a0 <\/span><\/span><\/span><span style=\"font-size: 10pt; color: blue; font-family: &quot;Comic Sans MS&quot;;\">Texto escrito por: Dante Lu\u00eds S. Mariano<\/span><\/p>\n<p class=\"MsoNormal\" style=\"margin: 0cm 0cm 0pt; text-align: justify;\"><span style=\"font-size: 10pt; color: blue; font-family: &quot;Comic Sans MS&quot;;\">\u00a0<\/span><\/p>\n<p class=\"MsoNormal\" style=\"margin: 0cm 0cm 0pt; text-align: center;\" align=\"center\"><span style=\"font-size: 14pt; color: olive; font-family: &quot;Comic Sans MS&quot;;\"><a href=\"http:\/\/www.labec.com.br\/biodigital\/ambientes\/manguezais\">Voltar<\/a><\/span><\/p>\n<p class=\"MsoNormal\" style=\"margin: 0cm 0cm 0pt; text-align: justify;\"><span style=\"font-size: 14pt; color: olive; font-family: &quot;Comic Sans MS&quot;;\">\u00a0<\/span><\/p>\n<p class=\"MsoNormal\" style=\"margin: 0cm 0cm 0pt; text-align: justify;\"><span style=\"font-size: 10pt; color: #999999; font-family: &quot;Comic Sans MS&quot;;\">Refer\u00eancias Bibliogr\u00e1ficas <\/span><\/p>\n<p class=\"MsoNormal\" style=\"margin: 0cm 0cm 10pt; line-height: 115%; text-align: justify; mso-layout-grid-align: none;\"><span style=\"font-size: 10pt; color: #999999; line-height: 115%; font-family: &quot;Comic Sans MS&quot;;\">ALVES<span class=\"opentitulo1\"><span style=\"font-weight: normal; color: #999999; line-height: 115%; font-family: &quot;Comic Sans MS&quot;; mso-ansi-font-size: 10.0pt; mso-bidi-font-size: 10.0pt; mso-bidi-font-weight: bold;\">, S. N. <\/span><\/span><span class=\"opentitulo1\"><span style=\"color: #999999; line-height: 115%; font-family: &quot;Comic Sans MS&quot;; mso-ansi-font-size: 10.0pt; mso-bidi-font-size: 10.0pt;\"><strong>Ecofisiologia do Manguezal<\/strong><\/span><\/span><span class=\"opentitulo1\"><span style=\"font-weight: normal; color: #999999; line-height: 115%; font-family: &quot;Comic Sans MS&quot;; mso-ansi-font-size: 10.0pt; mso-bidi-font-size: 10.0pt; mso-bidi-font-weight: bold;\">. Org. Secretaria de Estado do Meio Ambiente e dos Recursos H\u00eddricos. Aracaju: Degrase, 2008.<span style=\"mso-spacerun: yes;\">\u00a0\u00a0 <\/span><\/span><\/span><\/span><\/p>\n<p class=\"MsoBodyText\" style=\"margin: 0cm 0cm 10pt; line-height: 115%;\"><span style=\"font-size: 10pt; color: #999999; line-height: 115%; font-family: &quot;Comic Sans MS&quot;;\">LANDIM, M.; GUIMAR\u00c3ES, C.P.<strong> <\/strong>Manguezais do Rio Sergipe. <em style=\"mso-bidi-font-style: normal;\">In<\/em>: Jos\u00e9 do Patric\u00ednio Hora Alves. (Org.) <strong>Rio Sergipe \u2013 import\u00e2ncia, vulnerabilidade e preserva\u00e7\u00e3o<\/strong>. Aracaju: Os Editora, 2006.<\/span><\/p>\n<p class=\"MsoNormal\" style=\"margin: 0cm 0cm 10pt; line-height: 115%; text-align: justify; mso-layout-grid-align: none;\"><span style=\"font-size: 10pt; color: #999999; line-height: 115%; font-family: &quot;Comic Sans MS&quot;;\">MASTALLER, M. <strong style=\"mso-bidi-font-weight: normal;\">Resumo da literatura sobre conceitos do uso de \u00e1reas de mangue, com refer\u00eancia especial para a aq\u00fcicultura artesanal<\/strong>. Instituto Brasileiro do Meio Ambiente (IBAMA), S\/D.<\/span><\/p>\n<p class=\"MsoNormal\" style=\"margin: 0cm 0cm 0pt; text-align: justify;\"><span style=\"color: silver; font-family: &quot;Comic Sans MS&quot;;\"><span style=\"font-size: small;\">A carcinicultura \u00e9 o c\u00e2ncer do Brasil. <strong style=\"mso-bidi-font-weight: normal;\">Artigo,<\/strong> acessado e dispon\u00edvel em: <\/span><\/span><\/p>\n<p class=\"MsoNormal\" style=\"margin: 0cm 0cm 0pt; text-align: justify;\"><span style=\"color: silver; font-family: &quot;Comic Sans MS&quot;;\"><span style=\"font-size: small;\">http:\/\/www.midiaindependente.org\/pt\/red\/2006\/09\/359384.shtml<\/span><\/span><\/p>\n","protected":false},"excerpt":{"rendered":"<p>\u00a0\u00a0\u00a0\u00a0\u00a0\u00a0\u00a0\u00a0 Em algumas regi\u00f5es de Sergipe, na sua cidade ou pr\u00f3ximo a ela, voc\u00ea pode ver que as \u00e1reas de manguezais s\u00e3o t\u00e3o pequenas, por\u00e9m ser\u00e1 que sempre foram assim? Apesar de sua grande import\u00e2ncia, os manguezais est\u00e3o enfrentando grandes problemas em diversas regi\u00f5es. \u00a0\u00a0\u00a0\u00a0\u00a0\u00a0\u00a0\u00a0 A explora\u00e7\u00e3o da fauna dos manguezais (caranguejos, siris, ostras), em [&hellip;]<\/p>\n","protected":false},"author":3,"featured_media":0,"parent":697,"menu_order":0,"comment_status":"open","ping_status":"open","template":"","meta":{"ngg_post_thumbnail":0},"_links":{"self":[{"href":"http:\/\/www.labec.com.br\/biodigital\/wp-json\/wp\/v2\/pages\/921"}],"collection":[{"href":"http:\/\/www.labec.com.br\/biodigital\/wp-json\/wp\/v2\/pages"}],"about":[{"href":"http:\/\/www.labec.com.br\/biodigital\/wp-json\/wp\/v2\/types\/page"}],"author":[{"embeddable":true,"href":"http:\/\/www.labec.com.br\/biodigital\/wp-json\/wp\/v2\/users\/3"}],"replies":[{"embeddable":true,"href":"http:\/\/www.labec.com.br\/biodigital\/wp-json\/wp\/v2\/comments?post=921"}],"version-history":[{"count":10,"href":"http:\/\/www.labec.com.br\/biodigital\/wp-json\/wp\/v2\/pages\/921\/revisions"}],"predecessor-version":[{"id":938,"href":"http:\/\/www.labec.com.br\/biodigital\/wp-json\/wp\/v2\/pages\/921\/revisions\/938"}],"up":[{"embeddable":true,"href":"http:\/\/www.labec.com.br\/biodigital\/wp-json\/wp\/v2\/pages\/697"}],"wp:attachment":[{"href":"http:\/\/www.labec.com.br\/biodigital\/wp-json\/wp\/v2\/media?parent=921"}],"curies":[{"name":"wp","href":"https:\/\/api.w.org\/{rel}","templated":true}]}}