{"id":9,"date":"2008-10-29T12:40:51","date_gmt":"2008-10-29T18:40:51","guid":{"rendered":"http:\/\/www.labec.com.br\/biodigital\/?page_id=9"},"modified":"2009-03-02T17:29:37","modified_gmt":"2009-03-02T20:29:37","slug":"strombus-pugilis","status":"publish","type":"page","link":"http:\/\/www.labec.com.br\/biodigital\/fauna\/mollusca\/gastropoda\/strombus-pugilis\/","title":{"rendered":"Strombus Pugilis"},"content":{"rendered":"<p style=\"text-align: center;\"><a href=\"http:\/\/www.labec.com.br\/biodigital\/wordpress\/wp-content\/uploads\/2008\/10\/001-kk.jpg\"><img decoding=\"async\" loading=\"lazy\" class=\"alignnone size-medium wp-image-10\" title=\"001-kk\" src=\"http:\/\/www.labec.com.br\/biodigital\/wordpress\/wp-content\/uploads\/2008\/10\/001-kk-300x225.jpg\" alt=\"\" width=\"300\" height=\"225\" srcset=\"http:\/\/www.labec.com.br\/biodigital\/wordpress\/wp-content\/uploads\/2008\/10\/001-kk-300x225.jpg 300w, http:\/\/www.labec.com.br\/biodigital\/wordpress\/wp-content\/uploads\/2008\/10\/001-kk.jpg 512w\" sizes=\"(max-width: 300px) 100vw, 300px\" \/><\/a><\/p>\n<p style=\"text-align: center;\">\n<div style=\"text-align: center;\"><span style=\"font-size: small;\"><span style=\"font-family: comic sans ms,sans-serif;\"><span style=\"color: #000000;\"><span style=\"font-size: x-small;\"><span style=\"color: #99cc00;\"><em>Strombus Pugilis <\/em>&#8211; Praia de Atalaia<\/span><\/span><\/span><\/span><\/span><\/div>\n<\/p>\n<p><span style=\"font-size: small;\"><span style=\"font-family: comic sans ms,sans-serif;\"><span style=\"color: #000000;\"><span style=\"font-size: x-small;\"><span style=\"color: #99cc00;\"><\/p>\n<p><br class=\"spacer_\" \/><\/p>\n<p><\/span><\/span><\/span><\/span><\/span><\/p>\n<p><strong><span style=\"font-size: small;\"><span style=\"font-family: comic sans ms,sans-serif;\"><span style=\"color: #000000;\"><span style=\"font-size: medium;\">Classifica\u00e7\u00e3o<br \/>\n<\/span><\/span><\/span><\/span><\/strong><span style=\"font-size: small;\"><span style=\"font-family: comic sans ms,sans-serif;\"><span style=\"color: #000000;\"><strong>Reino: <\/strong>Animalia<\/span><\/span><\/span><strong><br \/>\n<span style=\"font-size: small;\"><span style=\"font-family: comic sans ms,sans-serif;\"><span style=\"color: #000000;\">Filo:<\/span><\/span><\/span><\/strong><span style=\"font-size: small;\"><span style=\"font-family: comic sans ms,sans-serif;\"><span style=\"color: #000000;\"> Mollusca<\/span><\/span><\/span><strong><br \/>\n<span style=\"font-size: small;\"><span style=\"font-family: comic sans ms,sans-serif;\"><span style=\"color: #000000;\">Classe:<\/span><\/span><\/span><\/strong><span style=\"font-size: small;\"><span style=\"font-family: comic sans ms,sans-serif;\"><span style=\"color: #000000;\"> Gastropoda<\/span><\/span><\/span><strong><br \/>\n<span style=\"font-size: small;\"><span style=\"font-family: comic sans ms,sans-serif;\"><span style=\"color: #000000;\">Ordem:<\/span><\/span><\/span><\/strong><span style=\"font-size: small;\"><span style=\"font-family: comic sans ms,sans-serif;\"><span style=\"color: #000000;\"> Strombidae (Sorbeoconcha)<\/span><\/span><\/span><strong><br \/>\n<span style=\"font-size: small;\"><span style=\"font-family: comic sans ms,sans-serif;\"><span style=\"color: #000000;\">Fam\u00edlia:<\/span><\/span><\/span><\/strong><span style=\"font-size: small;\"><span style=\"font-family: comic sans ms,sans-serif;\"><span style=\"color: #000000;\"> Arcidae (Strombidae)<\/span><\/span><\/span><strong><br \/>\n<span style=\"font-size: small;\"><span style=\"font-family: comic sans ms,sans-serif;\"><span style=\"color: #000000;\">G\u00eanero:<\/span><\/span><\/span><\/strong><span style=\"font-size: small;\"><span style=\"font-family: comic sans ms,sans-serif;\"><span style=\"color: #000000;\"> <em>Strombus<\/em><\/span><\/span><\/span><strong><br \/>\n<span style=\"font-size: small;\"><span style=\"font-family: comic sans ms,sans-serif;\"><span style=\"color: #000000;\">Esp\u00e9cie:<\/span><\/span><\/span><\/strong><span style=\"font-size: small;\"><span style=\"font-family: comic sans ms,sans-serif;\"><span style=\"color: #000000;\"><em> Strombus pugilis <\/em>(Linnaeus, 1758)<br \/>\n<\/span><\/span><\/span><\/p>\n<p><strong><span style=\"font-size: small;\"><span style=\"font-family: comic sans ms,sans-serif;\"><span style=\"color: #000000;\"><span style=\"font-size: medium;\"><br \/>\nDescri\u00e7\u00e3o da esp\u00e9cie<\/span><br \/>\n<\/span><\/span><\/span><\/strong><span style=\"font-size: small;\"><span style=\"font-family: comic sans ms,sans-serif;\"><span style=\"color: #000000;\">As conchas das esp\u00e9cies de <em>Strombus<\/em> s\u00e3o de tamanho m\u00e9dio a grande, em torno de 100 mm. A cor \u00e9 vari\u00e1vel, indo do amarelo claro ao laranja escuro.<br \/>\nS\u00e3o encontradas em fundos arenosos de 2 a 15 metros e se alimentam de macroalgas e detritos vegetais (herb\u00edvoras). Seu principal predador \u00e9 o polvo.<\/span><\/span><\/span><\/p>\n<p><span style=\"font-size: small;\"><span style=\"font-family: comic sans ms,sans-serif;\"><span style=\"color: #000000;\"><br \/>\n<span style=\"font-size: medium;\"><strong>Distribui\u00e7\u00e3o Geogr\u00e1fica<br \/>\n<\/strong><\/span><\/span><\/span><\/span><span style=\"font-size: small;\"><span style=\"font-family: comic sans ms,sans-serif;\"><span style=\"color: #000000;\">As esp\u00e9cies da fam\u00edlia Strombidae vivem em \u00e1guas rasas e quentes. \u00c9 habitualmente encontrada desde o sudeste da Fl\u00f3rida at\u00e9 ao centro do litoral brasileiro.<br \/>\nNo Brasil, s\u00e3o encontradas do Esp\u00edrito Santo at\u00e9 o norte do pa\u00eds, vivendo em fundos arenosos com um pouco lodo e calc\u00e1reo.<br \/>\nAs esp\u00e9cies de <em>Strombus pugilis<\/em> tamb\u00e9m s\u00e3o encontradas em estu\u00e1rios e mangues.<\/span><\/span><\/span><\/p>\n<p><span style=\"font-size: small;\"><span style=\"font-family: comic sans ms,sans-serif;\"><span style=\"color: #000000;\"><br \/>\n<strong><span style=\"font-size: medium;\">Nome Popular<br \/>\n<\/span><\/strong><\/span><\/span><\/span><span style=\"font-size: small;\"><span style=\"font-family: comic sans ms,sans-serif;\"><span style=\"color: #000000;\">Estrombo-lutador-das-\u00cdndias-Ocidentais (Deve o seu nome aos en\u00e9rgicos movimentos do animal). Atap\u00fa, pregoari, periguari, praguari, preguari, perigoari e lingueta.<\/span><\/span><\/span><\/p>\n<p><span style=\"font-size: small;\"><span style=\"font-family: comic sans ms,sans-serif;\"><span style=\"color: #000000;\"><br \/>\n<strong><span style=\"font-size: medium;\">Import\u00e2ncia Econ\u00f4mica<br \/>\n<\/span><\/strong><\/span><\/span><\/span><span style=\"font-size: small;\"><span style=\"font-family: comic sans ms,sans-serif;\"><span style=\"color: #000000;\">Comest\u00edvel, embora as esp\u00e9cies brasileiras n\u00e3o sejam exploradas comercialmente e exclusivamente consumidas por ribeirinhos e pescadores.<br \/>\nCom\u00e9rcio &#8211; procuradas como pe\u00e7a decorativa.<\/span><\/span><\/span><\/p>\n<p><strong><span style=\"font-size: small;\"><span style=\"font-family: comic sans ms,sans-serif;\"><span style=\"color: #000000;\"><br \/>\n<span style=\"font-size: medium;\">Curiosidade<br \/>\n<\/span><\/span><\/span><\/span><\/strong><span style=\"font-size: small;\"><span style=\"font-family: comic sans ms,sans-serif;\"><span style=\"color: #000000;\">A maior esp\u00e9cie da fam\u00edlia Strombidae, <em>Strombus goliath<\/em>, vive apenas em \u00e1guas brasileiras.<\/span><\/span><\/span><\/p>\n<p><strong><span style=\"font-size: small;\"><span style=\"font-family: comic sans ms,sans-serif;\"><span style=\"color: #000000;\"><br \/>\n<span style=\"color: #999999;\"><span style=\"font-size: x-small;\">Refer\u00eancias Bibliogr\u00e1ficas:<\/span><\/span><\/span><\/span><\/span><\/strong><\/p>\n<p><a href=\"http:\/\/www.conchasbrasil.org.br\/conquiliologia\/descricao.asp?id=195\"><span style=\"font-size: small;\"><span style=\"font-family: comic sans ms,sans-serif;\"><span style=\"color: #999999;\"><span style=\"font-size: x-small;\">http:\/\/www.conchasbrasil.org.br\/conquiliologia\/descricao.asp?id=195<\/span><\/span><\/span><\/span><\/a><\/p>\n<p><a href=\"http:\/\/www.conchasbrasil.org.br\/conquiliologia\/familias\/STROMBIDAE.asp?f=STROMBIDAE\"><span style=\"font-size: small;\"><span style=\"font-family: comic sans ms,sans-serif;\"><span style=\"color: #999999;\"><span style=\"font-size: x-small;\">http:\/\/www.conchasbrasil.org.br\/conquiliologia\/familias\/STROMBIDAE.asp?f=STROMBIDAE<\/span><\/span><\/span><\/span><\/a><\/p>\n<p><a href=\"http:\/\/www.sealifebase.org\/Summary\/SpeciesSummary.php?id=2801&amp;lang=Portuguese\"><span style=\"font-size: small;\"><span style=\"font-family: comic sans ms,sans-serif;\"><span style=\"color: #999999;\"><span style=\"font-size: x-small;\">http:\/\/www.sealifebase.org\/Summary\/SpeciesSummary.php?id=2801&amp;lang=Portuguese<\/span><\/span><\/span><\/span><\/a><\/p>\n<p><a href=\"http:\/\/paginas.fe.up.pt\/%7Efff\/Homepage\/Con_intr.html\"><span style=\"font-size: small;\"><span style=\"font-family: comic sans ms,sans-serif;\"><span style=\"color: #999999;\"><span style=\"font-size: x-small;\">http:\/\/paginas.fe.up.pt\/~fff\/Homepage\/Con_intr.html<\/span><\/span><\/span><\/span><\/a><\/p>\n<p><a href=\"http:\/\/www.zoociencias.ufjf.br\/artigo\/2._alves_t_al_99_109.pdf\"><span style=\"font-size: small;\"><span style=\"font-family: comic sans ms,sans-serif;\"><span style=\"color: #999999;\"><span style=\"font-size: x-small;\">http:\/\/www.zoociencias.ufjf.br\/artigo\/2._alves_t_al_99_109.pdf<\/span><\/span><\/span><\/span><\/a><\/p>\n","protected":false},"excerpt":{"rendered":"<p>Strombus Pugilis &#8211; Praia de Atalaia Classifica\u00e7\u00e3o Reino: Animalia Filo: Mollusca Classe: Gastropoda Ordem: Strombidae (Sorbeoconcha) Fam\u00edlia: Arcidae (Strombidae) G\u00eanero: Strombus Esp\u00e9cie: Strombus pugilis (Linnaeus, 1758) Descri\u00e7\u00e3o da esp\u00e9cie As conchas das esp\u00e9cies de Strombus s\u00e3o de tamanho m\u00e9dio a grande, em torno de 100 mm. A cor \u00e9 vari\u00e1vel, indo do amarelo claro ao [&hellip;]<\/p>\n","protected":false},"author":1,"featured_media":0,"parent":7,"menu_order":0,"comment_status":"open","ping_status":"open","template":"","meta":{"ngg_post_thumbnail":0},"_links":{"self":[{"href":"http:\/\/www.labec.com.br\/biodigital\/wp-json\/wp\/v2\/pages\/9"}],"collection":[{"href":"http:\/\/www.labec.com.br\/biodigital\/wp-json\/wp\/v2\/pages"}],"about":[{"href":"http:\/\/www.labec.com.br\/biodigital\/wp-json\/wp\/v2\/types\/page"}],"author":[{"embeddable":true,"href":"http:\/\/www.labec.com.br\/biodigital\/wp-json\/wp\/v2\/users\/1"}],"replies":[{"embeddable":true,"href":"http:\/\/www.labec.com.br\/biodigital\/wp-json\/wp\/v2\/comments?post=9"}],"version-history":[{"count":7,"href":"http:\/\/www.labec.com.br\/biodigital\/wp-json\/wp\/v2\/pages\/9\/revisions"}],"predecessor-version":[{"id":20,"href":"http:\/\/www.labec.com.br\/biodigital\/wp-json\/wp\/v2\/pages\/9\/revisions\/20"}],"up":[{"embeddable":true,"href":"http:\/\/www.labec.com.br\/biodigital\/wp-json\/wp\/v2\/pages\/7"}],"wp:attachment":[{"href":"http:\/\/www.labec.com.br\/biodigital\/wp-json\/wp\/v2\/media?parent=9"}],"curies":[{"name":"wp","href":"https:\/\/api.w.org\/{rel}","templated":true}]}}