{"id":848,"date":"2009-06-15T16:47:59","date_gmt":"2009-06-15T19:47:59","guid":{"rendered":"http:\/\/www.labec.com.br\/biodigital\/?page_id=848"},"modified":"2012-05-14T12:12:50","modified_gmt":"2012-05-14T15:12:50","slug":"anadara-brasiliana","status":"publish","type":"page","link":"http:\/\/www.labec.com.br\/biodigital\/fauna\/mollusca\/bivalve\/anadara-brasiliana\/","title":{"rendered":"Anadara brasiliana"},"content":{"rendered":"<p style=\"text-align: justify;\"><span style=\"font-family: comic sans ms,sans-serif;\"><span style=\"font-size: small;\"><span style=\"color: #000000;\"><strong><span style=\"font-size: medium;\">Classifica\u00e7\u00e3o<\/span><\/strong><br \/>\n <strong>Reino:<\/strong> Animalia<br \/>\n <strong>Filo:<\/strong> Mollusca<br \/>\n <strong>Classe:<\/strong> Bivalvia<br \/>\n <strong>Ordem:<\/strong> Arcoida<br \/>\n <strong>Superfam\u00edlia:<\/strong> Arcoidea<br \/>\n <strong>Fam\u00edlia:<\/strong> Arcidae<br \/>\n <strong>Subfam\u00edlia:<\/strong> Anadarinae<br \/>\n <strong>G\u00eanero:<\/strong> <em>Anadara<br \/>\n <\/em><strong>Esp\u00e9cie:<\/strong> <em>Anadara brasiliana<\/em>\u00a0 (Lamarck, 1819)<\/span><\/span><\/span><\/p>\n<p style=\"text-align: justify;\"><span style=\"font-family: comic sans ms,sans-serif;\"><span style=\"font-size: small;\"><span style=\"color: #000000;\"><strong><span style=\"font-size: medium;\">Descri\u00e7\u00e3o da esp\u00e9cie<\/span><\/strong><br \/>\n Os indiv\u00edduos s\u00e3o encontrados em \u00e1guas de fundos arenosos e com cascalho, de 15 a 75m. Possuem uma concha trigonal, branca, inflada, com um estreito periostraco marrom e ornada de 24 a 28 costelas radiais fortes, sendo a valva esquerda \u00e9 mais saliente que a direita. <br \/>\n Sin\u00f4nimo: Anadara incongrua (Say, 1822)<\/span><\/span><\/span><\/p>\n<p style=\"text-align: justify;\"><span style=\"font-family: comic sans ms,sans-serif;\"><span style=\"font-size: small;\"><span style=\"color: #000000;\"><strong><span style=\"font-size: medium;\">Distribui\u00e7\u00e3o Geogr\u00e1fica<\/span><\/strong><br \/>\n \u00c9 encontrada na Carolina do Norte, Fl\u00f3rida, Texas, \u00cdndias Ocidentais, Venezuela e Brasil (Santa Catarina, Paran\u00e1, S\u00e3o Paulo, Rio de Janeiro, Esp\u00edrito Santo, Bahia, Sergipe, Alagoas, Pernambuco, Para\u00edba, Rio Grande do Norte, Cear\u00e1, Piau\u00ed, Maranh\u00e3o, Par\u00e1, Amap\u00e1).<\/span><\/span><\/span><\/p>\n<p style=\"text-align: justify;\"><span style=\"font-family: comic sans ms,sans-serif;\"><span style=\"font-size: small;\"><span style=\"color: #000000;\"><strong>Distribui\u00e7\u00e3o local:<\/strong><br \/>\n Ocorre no estado de Sergipe<\/span><\/span><\/span><\/p>\n<p style=\"text-align: justify;\">\u00a0<\/p>\n<p style=\"text-align: justify;\"><span style=\"font-family: comic sans ms,sans-serif;\"><span style=\"font-size: small;\"><span style=\"color: #000000;\"><span style=\"font-size: x-small;\"><span style=\"color: #999999;\"><strong>Refer\u00eancias Bibliogr\u00e1ficas:<\/strong><br \/>\n HAYWARD, P.; NELSON, T.; SHIELDS, C. Sea shore of Britain &amp; Europe. London: Harper Collins Publishers, 1996.<\/span><\/span><\/span><\/span><\/span><\/p>\n<p style=\"text-align: justify;\"><span style=\"font-family: comic sans ms,sans-serif;\"><span style=\"font-size: small;\"><span style=\"color: #000000;\"><span style=\"font-size: x-small;\"><span style=\"color: #999999;\">RIOS, E. C. Seashells of Brasil. Rio Grande do Sul: Editora da FURGS, 1994.<\/span><\/span><\/span><\/span><\/span><\/p>\n<p style=\"text-align: justify;\"><span style=\"font-family: comic sans ms,sans-serif;\"><span style=\"font-size: small;\"><span style=\"color: #000000;\"><span style=\"font-size: x-small;\"><span style=\"color: #999999;\">RUPERT, E. E. &amp; BARNES, R. D. Zoologia dos invertebrados. 6. ed. S\u00e3o Paulo: Roca, 1996.<\/span><\/span><\/span><\/span><\/span><\/p>\n<p style=\"text-align: justify;\"><span style=\"font-family: comic sans ms,sans-serif;\"><span style=\"font-size: small;\"><span style=\"color: #000000;\"><span style=\"font-size: x-small;\"><span style=\"color: #999999;\">Seashellword.com Dispon\u00edvel em: &lt;<\/span><\/span><\/span><\/span><\/span><a href=\"http:\/\/www.seashellword.com\/seashells\"><span style=\"font-family: comic sans ms,sans-serif;\"><span style=\"font-size: small;\"><span style=\"color: #000000;\"><span style=\"font-size: x-small;\"><span style=\"color: #999999;\">www.seashellword.com\/seashells<\/span><\/span><\/span><\/span><\/span><\/a><span style=\"font-family: comic sans ms,sans-serif;\"><span style=\"font-size: small;\"><span style=\"color: #000000;\"><span style=\"font-size: x-small;\"><span style=\"color: #999999;\">&gt;. Acessado em: 24\/10\/2002.<\/span><\/span><\/span><\/span><\/span><\/p>\n<p style=\"text-align: justify;\"><a href=\"http:\/\/www.conchasbrasil.org.br\/conquiliologia\/descricao.asp?id=694\"><span style=\"font-family: comic sans ms,sans-serif;\"><span style=\"font-size: small;\"><span style=\"color: #000000;\"><span style=\"font-size: x-small;\"><span style=\"color: #999999;\">http:\/\/www.conchasbrasil.org.br\/conquiliologia\/descricao.asp?id=694<\/span><\/span><\/span><\/span><\/span><\/a><\/p>\n<p style=\"text-align: center;\"><a href=\"http:\/\/www.labec.com.br\/biodigital\/fauna\/mollusca\/bivalve\/ \"><span style=\"font-family: comic sans ms,sans-serif; font-size: medium; color: #808000;\">Voltar<\/span><\/a><\/p>\n","protected":false},"excerpt":{"rendered":"<p>Classifica\u00e7\u00e3o Reino: Animalia Filo: Mollusca Classe: Bivalvia Ordem: Arcoida Superfam\u00edlia: Arcoidea Fam\u00edlia: Arcidae Subfam\u00edlia: Anadarinae G\u00eanero: Anadara Esp\u00e9cie: Anadara brasiliana\u00a0 (Lamarck, 1819) Descri\u00e7\u00e3o da esp\u00e9cie Os indiv\u00edduos s\u00e3o encontrados em \u00e1guas de fundos arenosos e com cascalho, de 15 a 75m. Possuem uma concha trigonal, branca, inflada, com um estreito periostraco marrom e ornada de [&hellip;]<\/p>\n","protected":false},"author":2,"featured_media":0,"parent":70,"menu_order":0,"comment_status":"open","ping_status":"open","template":"","meta":{"ngg_post_thumbnail":0},"_links":{"self":[{"href":"http:\/\/www.labec.com.br\/biodigital\/wp-json\/wp\/v2\/pages\/848"}],"collection":[{"href":"http:\/\/www.labec.com.br\/biodigital\/wp-json\/wp\/v2\/pages"}],"about":[{"href":"http:\/\/www.labec.com.br\/biodigital\/wp-json\/wp\/v2\/types\/page"}],"author":[{"embeddable":true,"href":"http:\/\/www.labec.com.br\/biodigital\/wp-json\/wp\/v2\/users\/2"}],"replies":[{"embeddable":true,"href":"http:\/\/www.labec.com.br\/biodigital\/wp-json\/wp\/v2\/comments?post=848"}],"version-history":[{"count":3,"href":"http:\/\/www.labec.com.br\/biodigital\/wp-json\/wp\/v2\/pages\/848\/revisions"}],"predecessor-version":[{"id":850,"href":"http:\/\/www.labec.com.br\/biodigital\/wp-json\/wp\/v2\/pages\/848\/revisions\/850"}],"up":[{"embeddable":true,"href":"http:\/\/www.labec.com.br\/biodigital\/wp-json\/wp\/v2\/pages\/70"}],"wp:attachment":[{"href":"http:\/\/www.labec.com.br\/biodigital\/wp-json\/wp\/v2\/media?parent=848"}],"curies":[{"name":"wp","href":"https:\/\/api.w.org\/{rel}","templated":true}]}}