{"id":61,"date":"2008-11-01T17:59:38","date_gmt":"2008-11-01T23:59:38","guid":{"rendered":"http:\/\/www.labec.com.br\/biodigital\/?page_id=61"},"modified":"2012-04-02T15:28:04","modified_gmt":"2012-04-02T18:28:04","slug":"rio-vaza-barris","status":"publish","type":"page","link":"http:\/\/www.labec.com.br\/biodigital\/ambientes\/rios\/rio-vaza-barris\/","title":{"rendered":"Rio Vaza-Barris"},"content":{"rendered":"<p class=\"MsoNormal\" style=\"text-align: center;\"><span style=\"font-size: 10pt; font-family: 'Comic Sans MS'; mso-bidi-font-size: 12.0pt;\"><a href=\"http:\/\/www.labec.com.br\/biodigital\/wordpress\/wp-content\/uploads\/2008\/11\/se12_071.jpg\"><img decoding=\"async\" loading=\"lazy\" class=\"size-medium wp-image-62 aligncenter\" title=\"se12_071\" src=\"http:\/\/www.labec.com.br\/biodigital\/wordpress\/wp-content\/uploads\/2008\/11\/se12_071.jpg\" alt=\"\" width=\"240\" height=\"240\" srcset=\"http:\/\/www.labec.com.br\/biodigital\/wordpress\/wp-content\/uploads\/2008\/11\/se12_071.jpg 240w, http:\/\/www.labec.com.br\/biodigital\/wordpress\/wp-content\/uploads\/2008\/11\/se12_071-150x150.jpg 150w\" sizes=\"(max-width: 240px) 100vw, 240px\" \/><\/a><\/span><\/p>\n<p class=\"MsoNormal\" style=\"text-align: center;\"><span style=\"font-size: 10pt; font-family: 'Comic Sans MS'; mso-bidi-font-size: 12.0pt;\"><a href=\"http:\/\/www.cdbrasil.cnpm.embrapa.br\/se\/htm1\/se12_07.htm\"><span style=\"color: #999999;\"><span style=\"font-size: x-small;\"><span style=\"font-family: comic sans ms,sans-serif;\">http:\/\/www.cdbrasil.cnpm.embrapa.br\/se\/htm1\/se12_07.htm<\/span><\/span><\/span><\/a><\/span><\/p>\n<p class=\"MsoNormal\" style=\"text-align: center;\"><span style=\"font-family: 'Comic Sans MS'; mso-bidi-font-size: 12.0pt;\"><span style=\"font-size: x-small;\">Articula\u00e7\u00e3o compat\u00edvel com a escala 1:50.000 (IBGE)<br \/>\n <\/span><\/span><span style=\"font-family: 'Comic Sans MS'; mso-bidi-font-size: 12.0pt;\"><span style=\"font-size: x-small;\">Ponto central da imagem: Latitude: 11\u00ba07\u201930\u2019\u2019<br \/>\n <\/span><\/span><span style=\"font-family: 'Comic Sans MS'; mso-bidi-font-size: 12.0pt;\"><span style=\"font-size: x-small;\">Longitude: 37\u00ba07\u201930\u2019\u2019W<\/span><\/span><\/p>\n<p class=\"MsoNormal\" style=\"margin: 0cm 0cm 0pt 90pt;\">\u00a0<\/p>\n<p style=\"text-align: justify;\"><span style=\"font-family: comic sans ms,sans-serif;\"><span style=\"font-size: small;\"><strong><span style=\"font-size: medium;\">Descri\u00e7\u00e3o Da Bacia:<\/span><\/strong><br \/>\n O rio Vaza Barris nasce no munic\u00edpio de Uau\u00e1, no estado da Bahia e des\u00e1gua no Oceano Atl\u00e2ntico, no estado de Sergipe. Seu comprimento total \u00e9 de 330Km, dos quais apenas 152 km est\u00e3o no Estado de Sergipe. <br \/>\n A \u00e1rea total da bacia hidrogr\u00e1fica \u00e9 de 17.000 km2, sendo apenas 15%, ou seja, 2.559 km2\u00a0 localiza-se no estado de Sergipe. Apesar de sua significativa \u00e1rea hidrogr\u00e1fica, a descarga na Bahia \u00e9 intermitente e \u00e9 apenas no Estado de Sergipe que o Vaza Barris se torna um rio perene.<br \/>\n O manguezal cobre uma superf\u00edcie de 60,56 km2 e a esp\u00e9cie vegetal predominante \u00e9 Rhizophora mangle, que ocorre nas margens estuarinas dos rios e nas ilhas e ilhotas at\u00e9 o limite de intrus\u00e3o salina. A \u00e1gua salina penetra at\u00e9 aproximadamente 20 km acima da foz do rio.<\/span><\/span><\/p>\n<p style=\"text-align: justify;\"><span style=\"font-family: comic sans ms,sans-serif;\"><span style=\"font-size: small;\"><strong><span style=\"font-size: medium;\"><br \/>\n Principais afluentes em Sergipe:<\/span><\/strong> rio das Pedras, rio Chinduva, rio Pamaropama, rio Tejupeba, rio do Lombo, rio Jacoca, rio Salgado e rio Tra\u00edras.<\/span><\/span><\/p>\n<p style=\"text-align: justify;\"><span style=\"font-family: comic sans ms,sans-serif;\"><span style=\"font-size: small;\"><strong><span style=\"font-size: medium;\"><br \/>\n Munic\u00edpios de\u00a0 Sergipe inseridos na bacia hidrogr\u00e1fica:<\/span><\/strong> Carira, Frei Paulo, Pedra Mole, Pinh\u00e3o, Areia Branca, Campo do Brito, Itabaiana, Macambira, S\u00e3o Domingos, Sim\u00e3o Dias, Lagarto, Aracaju, S\u00e3o Cristov\u00e3o, Itaporanga D\u2019ajuda.<\/span><\/span><\/p>\n<p class=\"MsoNormal\" style=\"text-align: justify;\"><span style=\"font-family: comic sans ms,sans-serif;\"><strong><span style=\"font-size: small;\">\u00a0<\/span><\/strong><\/span><\/p>\n<p class=\"MsoNormal\" style=\"text-align: justify;\"><span style=\"font-family: comic sans ms,sans-serif;\"><strong><span style=\"font-size: medium;\">Import\u00e2ncia Econ\u00f4mica:<\/span><\/strong><\/span><\/p>\n<ul>\n<li>\n<div class=\"MsoNormal\" style=\"text-align: justify;\"><span style=\"font-family: comic sans ms,sans-serif;\"><span style=\"font-size: small;\">Abastecimento dom\u00e9stico, sem pr\u00e9via ou simples desinfec\u00e7\u00e3o.<\/span><\/span><\/div>\n<\/li>\n<li>\n<div class=\"MsoNormal\" style=\"text-align: justify;\"><span style=\"font-family: comic sans ms,sans-serif;\"><span style=\"font-size: small;\">Abastecimento dom\u00e9stico, ap\u00f3s tratamento convencional<\/span><\/span><\/div>\n<\/li>\n<li>\n<div class=\"MsoNormal\" style=\"text-align: justify;\"><span style=\"font-family: comic sans ms,sans-serif;\"><span style=\"font-size: small;\">Irriga\u00e7\u00e3o de hortali\u00e7as, ou plantas frut\u00edferas;<\/span><\/span><\/div>\n<\/li>\n<li>\n<div class=\"MsoNormal\" style=\"text-align: justify;\"><span style=\"font-family: comic sans ms,sans-serif;\"><span style=\"font-size: small;\">Recrea\u00e7\u00e3o de contato prim\u00e1rio (nata\u00e7\u00e3o, esqui aqu\u00e1tico e mergulho).<\/span><\/span><\/div>\n<\/li>\n<li>\n<div class=\"MsoNormal\" style=\"text-align: justify;\"><span style=\"font-family: comic sans ms,sans-serif;\"><span style=\"font-size: small;\">Preserva\u00e7\u00e3o de peixes em geral e de outros elementos da fauna e da flora;<\/span><\/span><\/div>\n<\/li>\n<li>\n<div class=\"MsoNormal\" style=\"text-align: justify;\"><span style=\"font-family: comic sans ms,sans-serif;\"><span style=\"font-size: small;\">Dessedenta\u00e7\u00e3o de animais;<br \/>\n <\/span>\u00a0<\/span><\/div>\n<\/li>\n<\/ul>\n<p class=\"MsoNormal\" style=\"text-align: justify;\"><span style=\"font-family: comic sans ms,sans-serif;\"><strong><span style=\"font-size: medium;\">Curiosidades:<\/span><\/strong> <span style=\"font-size: small;\">As pesquisas hist\u00f3ricas comprovam que o litoral do atual Estado de Sergipe, situado entre os rios S\u00e3o Francisco e Real, teria sido visitado pela primeira expedi\u00e7\u00e3o exploradora que, em 1501, veio ao Brasil comandada por Gaspar de Lemos.\u00a0 Justifica-se essa &#8220;visita&#8221; pela impossibilidade do desembarque das naus na altura do estu\u00e1rio do S\u00e3o Francisco, encontrando, logo depois, praias de f\u00e1cil desembarque e que serviriam de ancoradouro para os navios dessa frota.\u00a0 Foram elas pr\u00f3ximas ao atual rio do Vaza-Barris.<br \/>\n <\/span><\/span><span style=\"font-family: comic sans ms,sans-serif;\"><span style=\"font-size: small;\">Nesta estada, os portugueses descobriram que a \u00e1rea era rica em canaf\u00edstulas &#8211; planta medicinal conhecida no Oriente e um dos produtos do com\u00e9rcio da \u00e9poca dos grandes descobrimentos &#8211; o que deixou uma lembran\u00e7a no roteiro das navega\u00e7\u00f5es, tratando-se do primeiro ponto em que desembarcavam e mantinham rela\u00e7\u00e3o de com\u00e9rcio com os ind\u00edgenas.<\/span><\/span><span style=\"font-family: 'Comic Sans MS'; mso-bidi-font-size: 7.5pt; mso-bidi-font-family: Arial;\">\u00a0<\/span><\/p>\n<p style=\"margin: 0cm 0cm 0pt; text-align: justify;\">\u00a0<\/p>\n<p style=\"text-align: center;\"><a href=\"http:\/\/www.labec.com.br\/biodigital\/wordpress\/wp-content\/uploads\/2008\/11\/img_1152.jpg\"><img decoding=\"async\" loading=\"lazy\" class=\"size-medium wp-image-364     aligncenter\" title=\"img_1152\" src=\"http:\/\/www.labec.com.br\/biodigital\/wordpress\/wp-content\/uploads\/2008\/11\/img_1152-300x225.jpg\" alt=\"img_1152\" width=\"300\" height=\"225\" srcset=\"http:\/\/www.labec.com.br\/biodigital\/wordpress\/wp-content\/uploads\/2008\/11\/img_1152-300x225.jpg 300w, http:\/\/www.labec.com.br\/biodigital\/wordpress\/wp-content\/uploads\/2008\/11\/img_1152.jpg 1024w\" sizes=\"(max-width: 300px) 100vw, 300px\" \/><\/a><span style=\"font-family: 'Comic Sans MS'; mso-bidi-font-size: 7.5pt; mso-bidi-font-family: Arial;\">\u00a0<\/span><\/p>\n<p style=\"text-align: justify;\">\u00a0<\/p>\n<div><span style=\"font-family: 'Comic Sans MS'; mso-bidi-font-size: 7.5pt; mso-bidi-font-family: Arial;\">\u00a0<\/span><\/div>\n<p>&nbsp;<\/p>\n<div>\u00a0<\/div>\n<p>&nbsp;<\/p>\n<p>&nbsp;<\/p>\n<p class=\"MsoNormal\" style=\"text-align: justify;\"><span style=\"font-family: comic sans ms,sans-serif;\"><span style=\"color: #800080;\">Texto escrito por: Juliana F. V. Munduruca<\/span><\/span><\/p>\n<p class=\"MsoNormal\">\u00a0<\/p>\n<p class=\"MsoNormal\"><span style=\"font-family: comic sans ms,sans-serif;\"><span style=\"font-size: x-small;\"><span style=\"color: #888888;\"><strong>Refer\u00eancias Bibliogr\u00e1ficas:<br \/>\n <\/strong>ALC\u00c2NTARA, A. V. (coord.). Consultoria para elabora\u00e7\u00e3o do relat\u00f3rio de avalia\u00e7\u00e3o ambiental (raa) que subsidiar\u00e1 a obten\u00e7\u00e3o da licen\u00e7a de opera\u00e7\u00e3o para a atividade de produ\u00e7\u00e3o mar\u00edtima de petr\u00f3leo e g\u00e1s natural das unidades da Bacia de Sergipe. Relat\u00f3rio t\u00e9cnico final apresentado \u00e0 Petrobr\u00e1s em atendimento ao contrato 120.2.064.00-7 PETROBR\u00c1S-FAPESE e Conv\u00eanio 93\/000 FAPESE- UFS Aracaju: N\u00facleo de Estu\u00e1rios e Manguezais \u2013 Universidade Federal de Sergipe, 2000a. 3v. 724f.<br \/>\n ALC\u00c2NTARA, A. V. Avalia\u00e7\u00e3o ecol\u00f3gica preliminar do estu\u00e1ario do rio Vaza-Barris (per\u00edodo chuvoso de 1999). Relat\u00f3rio T\u00e9cnico do Conv\u00eanio 42\/99 UFS\/FAPESE Contrato 09\/99 JICA\/FAPESE apresentado \u00e0 Equipe da Ag\u00eancia de Coopera\u00e7\u00e3o Internacional do Jap\u00e3o (JICA). Aracaju, 1999a. 110p.<br \/>\n Brasil visto do espa\u00e7o. Dispon\u00edvel em: <a href=\"http:\/\/www.cdbrasil.cnpm.embrapa.br\/\"><span style=\"font-family: comic sans ms,sans-serif;\"><span style=\"font-size: x-small;\"><span style=\"color: #888888;\">http:\/\/www.cdbrasil.cnpm.embrapa.br\/<\/span><\/span><\/span><\/a><span style=\"font-family: comic sans ms,sans-serif;\"><span style=\"font-size: x-small;\"><span style=\"color: #888888;\">. Acessado em: 10\/10\/02.<br \/>\n Classifica\u00e7\u00e3o dos rios de Sergipe. Dispon\u00edvel em: <\/span><\/span><\/span><a href=\"http:\/\/200.199.118.140\/adema\/classificacao.html\"><span style=\"font-family: comic sans ms,sans-serif;\"><span style=\"font-size: x-small;\"><span style=\"color: #888888;\">http:\/\/200.199.118.140\/adema\/classificacao.html<\/span><\/span><\/span><\/a><span style=\"font-family: comic sans ms,sans-serif;\"><span style=\"font-size: x-small;\"><span style=\"color: #888888;\">. Acessado em: 22\/10\/02.<br \/>\n Conhe\u00e7a Sergipe. Dispon\u00edvel em: <\/span><\/span><\/span><a href=\"http:\/\/www.trt20.gov.br\/conheca_sergipe\/dados_geograficos.htm\"><span style=\"font-family: comic sans ms,sans-serif;\"><span style=\"font-size: x-small;\"><span style=\"color: #888888;\">http:\/\/www.trt20.gov.br\/conheca_sergipe\/dados_geograficos.htm<\/span><\/span><\/span><\/a><span style=\"font-family: comic sans ms,sans-serif;\"><span style=\"font-size: x-small;\"><span style=\"color: #888888;\">. Acessado em: 22\/10\/02.<\/span><\/span><\/span><span style=\"color: #999999;\"><span style=\"color: #999999;\"><span style=\"color: #888888;\"><br \/>\n <a href=\"http:\/\/www.semarh.se.gov.br\"><span style=\"font-family: comic sans ms,sans-serif;\"><span style=\"color: #999999;\"><span style=\"font-size: x-small;\"><span style=\"color: #888888;\">www.semarh.se.gov.br<\/span><\/span><\/span><\/span><\/a><\/span><\/span><\/span><\/span><\/span><\/span><\/p>\n<div class=\"MsoNormal\" style=\"text-align: justify;\">\u00a0<\/div>\n<p>&nbsp;<\/p>\n<p>&nbsp;<\/p>\n<p>&nbsp;<\/p>\n<p>&nbsp;<\/p>\n<p class=\"MsoNormal\" style=\"text-align: center;\"><span style=\"color: #000000;\">\u00a0<\/span><\/p>\n<p class=\"MsoNormal\" style=\"text-align: center;\"><span style=\"color: #000000;\"><br \/>\n <a href=\"http:\/\/www.labec.com.br\/biodigital\/ambientes\/49\/\"><span style=\"color: #99cc00;\"><span style=\"font-family: comic sans ms,sans-serif;\"><span style=\"color: #808000;\"><strong><span style=\"font-size: medium;\">VOLTAR<\/span><\/strong>\u00a0<\/span><\/span><\/span><\/a><\/span><\/p>\n<p><span style=\"font-family: comic sans ms,sans-serif;\"><span style=\"font-size: x-small;\"><span style=\"color: #888888;\"><strong>\u00a0<\/strong><\/span><\/span><\/span><\/p>\n","protected":false},"excerpt":{"rendered":"<p>http:\/\/www.cdbrasil.cnpm.embrapa.br\/se\/htm1\/se12_07.htm Articula\u00e7\u00e3o compat\u00edvel com a escala 1:50.000 (IBGE) Ponto central da imagem: Latitude: 11\u00ba07\u201930\u2019\u2019 Longitude: 37\u00ba07\u201930\u2019\u2019W \u00a0 Descri\u00e7\u00e3o Da Bacia: O rio Vaza Barris nasce no munic\u00edpio de Uau\u00e1, no estado da Bahia e des\u00e1gua no Oceano Atl\u00e2ntico, no estado de Sergipe. Seu comprimento total \u00e9 de 330Km, dos quais apenas 152 km est\u00e3o no [&hellip;]<\/p>\n","protected":false},"author":2,"featured_media":0,"parent":49,"menu_order":0,"comment_status":"open","ping_status":"open","template":"","meta":{"ngg_post_thumbnail":0},"_links":{"self":[{"href":"http:\/\/www.labec.com.br\/biodigital\/wp-json\/wp\/v2\/pages\/61"}],"collection":[{"href":"http:\/\/www.labec.com.br\/biodigital\/wp-json\/wp\/v2\/pages"}],"about":[{"href":"http:\/\/www.labec.com.br\/biodigital\/wp-json\/wp\/v2\/types\/page"}],"author":[{"embeddable":true,"href":"http:\/\/www.labec.com.br\/biodigital\/wp-json\/wp\/v2\/users\/2"}],"replies":[{"embeddable":true,"href":"http:\/\/www.labec.com.br\/biodigital\/wp-json\/wp\/v2\/comments?post=61"}],"version-history":[{"count":16,"href":"http:\/\/www.labec.com.br\/biodigital\/wp-json\/wp\/v2\/pages\/61\/revisions"}],"predecessor-version":[{"id":358,"href":"http:\/\/www.labec.com.br\/biodigital\/wp-json\/wp\/v2\/pages\/61\/revisions\/358"}],"up":[{"embeddable":true,"href":"http:\/\/www.labec.com.br\/biodigital\/wp-json\/wp\/v2\/pages\/49"}],"wp:attachment":[{"href":"http:\/\/www.labec.com.br\/biodigital\/wp-json\/wp\/v2\/media?parent=61"}],"curies":[{"name":"wp","href":"https:\/\/api.w.org\/{rel}","templated":true}]}}