{"id":484,"date":"2009-02-28T13:07:12","date_gmt":"2009-02-28T16:07:12","guid":{"rendered":"http:\/\/www.labec.com.br\/biodigital\/?page_id=484"},"modified":"2012-04-11T10:39:32","modified_gmt":"2012-04-11T13:39:32","slug":"anthozoa","status":"publish","type":"page","link":"http:\/\/www.labec.com.br\/biodigital\/fauna\/cnidaria\/anthozoa\/","title":{"rendered":"Anthozoa"},"content":{"rendered":"<p style=\"text-align: center;\"><span style=\"font-family: comic sans ms,sans-serif;\"><span style=\"font-size: small;\"><a href=\"http:\/\/www.labec.com.br\/biodigital\/wordpress\/wp-content\/uploads\/2009\/02\/anemona1.jpg\"><img decoding=\"async\" loading=\"lazy\" class=\"size-full wp-image-486 aligncenter\" title=\"anemona1\" src=\"http:\/\/www.labec.com.br\/biodigital\/wordpress\/wp-content\/uploads\/2009\/02\/anemona1.jpg\" alt=\"anemona1\" width=\"163\" height=\"165\" \/><\/a><\/span><\/span><\/p>\n<p style=\"text-align: center;\"><span style=\"font-family: comic sans ms,sans-serif;\"><span style=\"font-size: small;\"><em>Anemona sp.\u00a0<\/em><\/span><\/span><\/p>\n<p style=\"text-align: justify;\"><span style=\"font-family: comic sans ms,sans-serif;\"><span style=\"font-size: small;\">Apesar de muitas serem confundidas com algas, as an\u00eamonas s\u00e3o animais. Essa confus\u00e3o acontece porque as an\u00eamonas ficam a maior parte do tempo, fixas a uma pedra no fundo do mar, parecendo flores. Raramente elas se movem de um local para outro, deslocando-se sobre a rocha.<\/span><\/span><\/p>\n<p style=\"text-align: justify;\"><span style=\"font-family: comic sans ms,sans-serif;\"><span style=\"font-size: small;\">T\u00eam muitos tent\u00e1culos, com uma enorme quantidade de pequenos espinhos venenosos, que paralisam peixes e camar\u00f5es. Assim, podem se alimentar e se defender de poss\u00edveis ataques.<\/span><\/span><\/p>\n<p style=\"text-align: justify;\"><span style=\"font-family: comic sans ms,sans-serif;\"><span style=\"font-size: small;\">Mas existem peixes que n\u00e3o sofrem com esse veneno e aproveitam para viver bem protegidos entre os tent\u00e1culos da an\u00eamona. Em troca, limpam a an\u00eamona e \u00e0s vezes trazem comida para ela. O mais conhecido \u00e9 o peixe palha\u00e7o.<\/span><\/span><\/p>\n<p style=\"text-align: justify;\"><span style=\"font-family: comic sans ms,sans-serif;\"><span style=\"font-size: small;\">As an\u00eamonas podem se reproduzir de duas formas. De maneira assexuada, por brotamento. Ou de maneira sexuada onde a fecunda\u00e7\u00e3o \u00e9 externa.<\/span><\/span><\/p>\n<p style=\"text-align: justify;\">\u00a0<\/p>\n<p style=\"text-align: justify;\"><span style=\"font-family: comic sans ms,sans-serif;\"><span style=\"font-size: small;\"><a href=\"http:\/\/www.labec.com.br\/biodigital\/wordpress\/wp-content\/uploads\/2009\/02\/anemona-pp.jpg\"><img decoding=\"async\" loading=\"lazy\" class=\"alignnone size-medium wp-image-487\" title=\"anemona-pp\" src=\"http:\/\/www.labec.com.br\/biodigital\/wordpress\/wp-content\/uploads\/2009\/02\/anemona-pp-299x224.jpg\" alt=\"anemona-pp\" width=\"299\" height=\"224\" srcset=\"http:\/\/www.labec.com.br\/biodigital\/wordpress\/wp-content\/uploads\/2009\/02\/anemona-pp-299x224.jpg 299w, http:\/\/www.labec.com.br\/biodigital\/wordpress\/wp-content\/uploads\/2009\/02\/anemona-pp.jpg 582w\" sizes=\"(max-width: 299px) 100vw, 299px\" \/><\/a><\/span><\/span><\/p>\n<p style=\"text-align: justify;\"><span style=\"font-family: comic sans ms,sans-serif;\"><span style=\"font-size: small;\"><span style=\"font-family: comic sans ms,sans-serif;\"><span style=\"font-size: small;\"><a href=\"http:\/\/www.labec.com.br\/biodigital\/wordpress\/wp-content\/uploads\/2009\/02\/polipo-pp.jpg\"><img decoding=\"async\" loading=\"lazy\" class=\"alignnone size-medium wp-image-488\" title=\"polipo-pp\" src=\"http:\/\/www.labec.com.br\/biodigital\/wordpress\/wp-content\/uploads\/2009\/02\/polipo-pp-300x225.jpg\" alt=\"polipo-pp\" width=\"300\" height=\"225\" srcset=\"http:\/\/www.labec.com.br\/biodigital\/wordpress\/wp-content\/uploads\/2009\/02\/polipo-pp-300x225.jpg 300w, http:\/\/www.labec.com.br\/biodigital\/wordpress\/wp-content\/uploads\/2009\/02\/polipo-pp.jpg 583w\" sizes=\"(max-width: 300px) 100vw, 300px\" \/><\/a><\/span><\/span><\/span><\/span><\/p>\n<p style=\"text-align: justify;\">\u00a0<\/p>\n<p style=\"text-align: center;\"><strong><span style=\"font-family: comic sans ms,sans-serif; font-size: medium;\"><a href=\"http:\/\/www.labec.com.br\/biodigital\/fauna\/cnidaria\/anthozoa\/gigante-presa-ao-fundo-do-mar\">Gigante presa ao fundo do mar<\/a><\/span><\/strong><\/p>\n","protected":false},"excerpt":{"rendered":"<p>Anemona sp.\u00a0 Apesar de muitas serem confundidas com algas, as an\u00eamonas s\u00e3o animais. Essa confus\u00e3o acontece porque as an\u00eamonas ficam a maior parte do tempo, fixas a uma pedra no fundo do mar, parecendo flores. Raramente elas se movem de um local para outro, deslocando-se sobre a rocha. T\u00eam muitos tent\u00e1culos, com uma enorme quantidade [&hellip;]<\/p>\n","protected":false},"author":2,"featured_media":0,"parent":178,"menu_order":0,"comment_status":"open","ping_status":"open","template":"","meta":{"ngg_post_thumbnail":0},"_links":{"self":[{"href":"http:\/\/www.labec.com.br\/biodigital\/wp-json\/wp\/v2\/pages\/484"}],"collection":[{"href":"http:\/\/www.labec.com.br\/biodigital\/wp-json\/wp\/v2\/pages"}],"about":[{"href":"http:\/\/www.labec.com.br\/biodigital\/wp-json\/wp\/v2\/types\/page"}],"author":[{"embeddable":true,"href":"http:\/\/www.labec.com.br\/biodigital\/wp-json\/wp\/v2\/users\/2"}],"replies":[{"embeddable":true,"href":"http:\/\/www.labec.com.br\/biodigital\/wp-json\/wp\/v2\/comments?post=484"}],"version-history":[{"count":5,"href":"http:\/\/www.labec.com.br\/biodigital\/wp-json\/wp\/v2\/pages\/484\/revisions"}],"predecessor-version":[{"id":1971,"href":"http:\/\/www.labec.com.br\/biodigital\/wp-json\/wp\/v2\/pages\/484\/revisions\/1971"}],"up":[{"embeddable":true,"href":"http:\/\/www.labec.com.br\/biodigital\/wp-json\/wp\/v2\/pages\/178"}],"wp:attachment":[{"href":"http:\/\/www.labec.com.br\/biodigital\/wp-json\/wp\/v2\/media?parent=484"}],"curies":[{"name":"wp","href":"https:\/\/api.w.org\/{rel}","templated":true}]}}