{"id":274,"date":"2009-01-23T15:35:57","date_gmt":"2009-01-23T18:35:57","guid":{"rendered":"http:\/\/www.labec.com.br\/biodigital\/?page_id=274"},"modified":"2009-02-23T14:40:51","modified_gmt":"2009-02-23T17:40:51","slug":"echinaster-sp","status":"publish","type":"page","link":"http:\/\/www.labec.com.br\/biodigital\/fauna\/echinodermata\/asteroidea\/echinaster-sp\/","title":{"rendered":"Echinaster sp"},"content":{"rendered":"<h1 style=\"margin: 0cm 0cm 0pt; text-align: center;\"><span style=\"mso-bidi-font-size: 12.0pt;\"><span style=\"font-size: large;\"><span style=\"font-family: Comic Sans MS;\"><a href=\"http:\/\/www.labec.com.br\/biodigital\/wordpress\/wp-content\/uploads\/2009\/01\/estrela-do-mar.jpg\"><img decoding=\"async\" loading=\"lazy\" class=\"alignnone size-medium wp-image-423\" title=\"estrela-do-mar\" src=\"http:\/\/www.labec.com.br\/biodigital\/wordpress\/wp-content\/uploads\/2009\/01\/estrela-do-mar-230x300.jpg\" alt=\"estrela-do-mar\" width=\"230\" height=\"300\" srcset=\"http:\/\/www.labec.com.br\/biodigital\/wordpress\/wp-content\/uploads\/2009\/01\/estrela-do-mar-230x300.jpg 230w, http:\/\/www.labec.com.br\/biodigital\/wordpress\/wp-content\/uploads\/2009\/01\/estrela-do-mar.jpg 244w\" sizes=\"(max-width: 230px) 100vw, 230px\" \/><\/a><\/span><\/span><\/span><\/h1>\n<h1 style=\"margin: 0cm 0cm 0pt; text-align: center;\"><span style=\"mso-bidi-font-size: 12.0pt;\"><span style=\"font-size: large;\"><span style=\"font-family: Comic Sans MS;\">\u00a0<\/span><\/span><\/span><\/h1>\n<h1 style=\"margin-top: 0pt; margin-bottom: 0pt; vertical-align: baseline; direction: ltr; unicode-bidi: embed; text-align: center; language: pt-BR;\"><span style=\"color: #99cc00;\"><span style=\"font-size: medium;\"><span style=\"font-family: comic sans ms,sans-serif;\"><span style=\"font-style: italic; mso-fareast-font-family: +mn-ea; mso-bidi-font-family: +mn-cs; language: en-US; mso-ascii-font-family: Arial; mso-color-index: 1; mso-font-kerning: 12.0pt;\">Echinaster<\/span><span style=\"font-style: italic; mso-fareast-font-family: +mn-ea; mso-bidi-font-family: +mn-cs; language: en-US; mso-ascii-font-family: Arial; mso-color-index: 1; mso-font-kerning: 12.0pt;\"> sp.<\/span><\/span><\/span><\/span><\/h1>\n<h1 style=\"margin-top: 0pt; margin-bottom: 0pt; vertical-align: baseline; direction: ltr; unicode-bidi: embed; text-align: center; language: pt-BR;\"><span style=\"color: #99cc00;\"><span style=\"font-size: medium;\"><span style=\"font-family: comic sans ms,sans-serif;\"><\/span><\/span><\/span><\/h1>\n<h1 style=\"margin: 0pt 0cm; vertical-align: baseline; direction: ltr; unicode-bidi: embed; language: pt-BR;\"><span style=\"color: #99cc00;\"><span style=\"font-size: medium;\"><span style=\"font-family: comic sans ms,sans-serif;\"><\/span><\/span><\/span><\/h1>\n<p class=\"MsoNormal\" style=\"margin: 0cm 0cm 0pt; line-height: normal; text-align: justify;\"><strong style=\"mso-bidi-font-weight: normal;\"><span style=\"font-size: 12pt; font-family: &quot;Comic Sans MS&quot;;\">Classifica\u00e7\u00e3o<\/span><\/strong><\/p>\n<p class=\"MsoNormal\" style=\"margin: 0cm 0cm 0pt; line-height: normal; text-align: justify;\"><strong style=\"mso-bidi-font-weight: normal;\"><span style=\"font-size: 12pt; font-family: &quot;Comic Sans MS&quot;;\">Reino:<\/span><\/strong><span style=\"font-size: 12pt; font-family: &quot;Comic Sans MS&quot;;\"> Animalia<\/span><\/p>\n<p class=\"MsoNormal\" style=\"margin: 0cm 0cm 0pt; line-height: normal; text-align: justify;\"><strong style=\"mso-bidi-font-weight: normal;\"><span style=\"font-size: 12pt; font-family: &quot;Comic Sans MS&quot;;\">Filo:<\/span><\/strong><span style=\"font-size: 12pt; font-family: &quot;Comic Sans MS&quot;;\"> Echinodermata<\/span><\/p>\n<p class=\"MsoNormal\" style=\"margin: 0cm 0cm 0pt; line-height: normal; text-align: justify;\"><strong style=\"mso-bidi-font-weight: normal;\"><span style=\"font-size: 12pt; font-family: &quot;Comic Sans MS&quot;;\">Subfilo:<\/span><\/strong><span style=\"font-size: 12pt; font-family: &quot;Comic Sans MS&quot;;\"> Asterozoa<\/span><\/p>\n<p class=\"MsoNormal\" style=\"margin: 0cm 0cm 0pt; line-height: normal; text-align: justify;\"><strong style=\"mso-bidi-font-weight: normal;\"><span style=\"font-size: 12pt; font-family: &quot;Comic Sans MS&quot;;\">Classe:<\/span><\/strong><span style=\"font-size: 12pt; font-family: &quot;Comic Sans MS&quot;;\"> Stelleroidea<\/span><\/p>\n<p class=\"MsoNormal\" style=\"margin: 0cm 0cm 0pt; line-height: normal; text-align: justify;\"><strong style=\"mso-bidi-font-weight: normal;\"><span style=\"font-size: 12pt; font-family: &quot;Comic Sans MS&quot;;\">Subclasse:<\/span><\/strong><span style=\"font-size: 12pt; font-family: &quot;Comic Sans MS&quot;;\"> Asteroidea<\/span><\/p>\n<p class=\"MsoNormal\" style=\"margin: 0cm 0cm 0pt; line-height: normal; text-align: justify;\"><strong style=\"mso-bidi-font-weight: normal;\"><span style=\"font-size: 12pt; font-family: &quot;Comic Sans MS&quot;;\">Ordem:<\/span><\/strong><span style=\"font-size: 12pt; font-family: &quot;Comic Sans MS&quot;;\"> Spinulosida<\/span><\/p>\n<p class=\"MsoNormal\" style=\"margin: 0cm 0cm 0pt; line-height: normal; text-align: justify;\"><strong style=\"mso-bidi-font-weight: normal;\"><span style=\"font-size: 12pt; font-family: &quot;Comic Sans MS&quot;;\">Fam\u00edlia:<\/span><\/strong><span style=\"font-size: 12pt; font-family: &quot;Comic Sans MS&quot;;\"> Echinasteridae<\/span><\/p>\n<p class=\"MsoNormal\" style=\"margin: 0cm 0cm 0pt; line-height: normal; text-align: justify;\"><strong style=\"mso-bidi-font-weight: normal;\"><span style=\"font-size: 12pt; font-family: &quot;Comic Sans MS&quot;;\">G\u00eanero:<\/span><\/strong><span style=\"font-size: 12pt; font-family: &quot;Comic Sans MS&quot;;\"> <em style=\"mso-bidi-font-style: normal;\">Echinaster<\/em><\/span><\/p>\n<p class=\"MsoNormal\" style=\"margin: 0cm 0cm 0pt; line-height: normal; text-align: justify;\"><strong style=\"mso-bidi-font-weight: normal;\"><span style=\"font-size: 12pt; font-family: &quot;Comic Sans MS&quot;;\">Esp\u00e9cie:<\/span><\/strong><span style=\"font-size: 12pt; font-family: &quot;Comic Sans MS&quot;;\"> <em style=\"mso-bidi-font-style: normal;\">Echinaster sp<\/em><\/span><\/p>\n<p class=\"MsoNormal\" style=\"margin: 0cm 0cm 0pt; line-height: normal; text-align: justify;\"><span style=\"font-size: 12pt; font-family: &quot;Comic Sans MS&quot;;\">\u00a0<\/span><\/p>\n<p class=\"MsoNormal\" style=\"margin: 0cm 0cm 0pt; line-height: normal; text-align: justify;\"><strong style=\"mso-bidi-font-weight: normal;\"><span style=\"font-size: 12pt; font-family: &quot;Comic Sans MS&quot;;\">Descri\u00e7\u00e3o do g\u00eanero<\/span><\/strong><\/p>\n<p class=\"MsoNormal\" style=\"margin: 0cm 0cm 0pt; line-height: normal; text-align: justify;\"><span style=\"font-size: 12pt; font-family: &quot;Comic Sans MS&quot;;\">Disco pequeno. Bra\u00e7os alongados. Esqueleto abactinal e lateral composto de placas lobuladas ligadas por oss\u00edculos intermedi\u00e1rios que formam uma malha mais ou menos irregular.<\/span><\/p>\n<p class=\"MsoNormal\" style=\"margin: 0cm 0cm 0pt; line-height: normal; text-align: justify;\"><span style=\"font-size: 12pt; font-family: &quot;Comic Sans MS&quot;;\">\u00a0<\/span><\/p>\n<p class=\"MsoNormal\" style=\"margin: 0cm 0cm 0pt; line-height: normal; text-align: justify;\"><strong style=\"mso-bidi-font-weight: normal;\"><span style=\"font-size: 12pt; font-family: &quot;Comic Sans MS&quot;;\">Distribui\u00e7\u00e3o Geogr\u00e1fica<\/span><\/strong><\/p>\n<p class=\"MsoNormal\" style=\"margin: 0cm 0cm 0pt; line-height: normal; text-align: justify;\"><span style=\"font-size: 12pt; font-family: &quot;Comic Sans MS&quot;;\">Ocorre no estado de Sergipe<\/span><\/p>\n<p class=\"MsoNormal\" style=\"margin: 0cm 0cm 0pt; line-height: normal; text-align: justify;\"><span style=\"font-size: 12pt; font-family: &quot;Comic Sans MS&quot;;\">\u00a0<\/span><\/p>\n<p class=\"MsoNormal\" style=\"margin: 0cm 0cm 0pt; line-height: normal; text-align: justify;\"><strong style=\"mso-bidi-font-weight: normal;\"><span style=\"font-size: 12pt; font-family: &quot;Comic Sans MS&quot;;\">Nome Popular<\/span><\/strong><\/p>\n<p class=\"MsoNormal\" style=\"margin: 0cm 0cm 0pt; line-height: normal; text-align: justify;\"><span style=\"font-size: 12pt; font-family: &quot;Comic Sans MS&quot;;\">Estrela-do-mar laranja ou Estrela-do-mar vermelha<\/span><\/p>\n<p class=\"MsoNormal\" style=\"margin: 0cm 0cm 0pt; line-height: normal; text-align: justify;\"><span style=\"font-size: 12pt; font-family: &quot;Comic Sans MS&quot;;\">\u00a0<\/span><\/p>\n<p class=\"MsoNormal\" style=\"margin: 0cm 0cm 0pt; line-height: normal; text-align: justify;\"><span style=\"color: #800080;\"><span style=\"font-size: x-small;\">Texto escrito por: Juliana F. V. Munduruca<\/span><\/span><\/p>\n<p class=\"MsoNormal\" style=\"margin: 0cm 0cm 0pt; line-height: normal; text-align: justify;\"><strong style=\"mso-bidi-font-weight: normal;\"><\/strong><\/p>\n<p class=\"MsoNormal\" style=\"margin: 0cm 0cm 0pt; line-height: normal; text-align: justify;\"><strong style=\"mso-bidi-font-weight: normal;\"><span style=\"font-size: 10pt; font-family: &quot;Comic Sans MS&quot;;\"><span style=\"color: #999999;\">Refer\u00eancias Bibliogr\u00e1ficas:<\/span><\/span><\/strong><\/p>\n<p class=\"MsoNormal\" style=\"margin: 0cm 0cm 0pt; line-height: normal; text-align: justify;\"><span style=\"font-size: 10pt; font-family: &quot;Comic Sans MS&quot;;\"><span style=\"color: #999999;\">Marlin. Dispon\u00edvel em: www.marlin.ac.uk\/PADI\/ PADI_Echsep.htm. Acessado em: 24\/10\/02.<\/span><\/span><\/p>\n<p class=\"MsoNormal\" style=\"margin: 0cm 0cm 0pt; line-height: normal; text-align: justify;\"><span style=\"font-size: 10pt; font-family: &quot;Comic Sans MS&quot;;\"><span style=\"color: #999999;\">\u00a0<\/span><\/span><\/p>\n<p class=\"MsoNormal\" style=\"margin: 0cm 0cm 0pt; line-height: normal; text-align: justify;\"><span style=\"font-size: 10pt; font-family: &quot;Comic Sans MS&quot;;\"><span style=\"color: #999999;\">RUPERT, E. E. &amp; BARNES, R. D. Zoologia dos invertebrados. 6. ed. S\u00e3o Paulo: Roca, 1996.<\/span><\/span><\/p>\n<p class=\"MsoNormal\" style=\"margin: 0cm 0cm 0pt; line-height: normal; text-align: justify;\"><span style=\"font-size: 10pt; font-family: &quot;Comic Sans MS&quot;;\"><span style=\"color: #999999;\">\u00a0<\/span><\/span><\/p>\n<p class=\"MsoNormal\" style=\"margin: 0cm 0cm 0pt; line-height: normal; text-align: justify;\"><span style=\"font-size: 10pt; font-family: &quot;Comic Sans MS&quot;;\"><span style=\"color: #999999;\">TOMMASI, L. R. Lista dos Aster\u00f3ides recentes do Brasil. S\u00e3o Paulo: Contribui\u00e7\u00f5es avulsas do Instituto Oceanogr\u00e1fico Universidade de S\u00e3o Paulo, 1970. S\u00e9rie Oceanografia Biol\u00f3gica, n\u00ba 18<\/span>.<\/span><\/p>\n","protected":false},"excerpt":{"rendered":"<p>\u00a0 Echinaster sp. Classifica\u00e7\u00e3o Reino: Animalia Filo: Echinodermata Subfilo: Asterozoa Classe: Stelleroidea Subclasse: Asteroidea Ordem: Spinulosida Fam\u00edlia: Echinasteridae G\u00eanero: Echinaster Esp\u00e9cie: Echinaster sp \u00a0 Descri\u00e7\u00e3o do g\u00eanero Disco pequeno. Bra\u00e7os alongados. Esqueleto abactinal e lateral composto de placas lobuladas ligadas por oss\u00edculos intermedi\u00e1rios que formam uma malha mais ou menos irregular. \u00a0 Distribui\u00e7\u00e3o Geogr\u00e1fica Ocorre [&hellip;]<\/p>\n","protected":false},"author":2,"featured_media":0,"parent":408,"menu_order":0,"comment_status":"open","ping_status":"open","template":"","meta":{"ngg_post_thumbnail":0},"_links":{"self":[{"href":"http:\/\/www.labec.com.br\/biodigital\/wp-json\/wp\/v2\/pages\/274"}],"collection":[{"href":"http:\/\/www.labec.com.br\/biodigital\/wp-json\/wp\/v2\/pages"}],"about":[{"href":"http:\/\/www.labec.com.br\/biodigital\/wp-json\/wp\/v2\/types\/page"}],"author":[{"embeddable":true,"href":"http:\/\/www.labec.com.br\/biodigital\/wp-json\/wp\/v2\/users\/2"}],"replies":[{"embeddable":true,"href":"http:\/\/www.labec.com.br\/biodigital\/wp-json\/wp\/v2\/comments?post=274"}],"version-history":[{"count":7,"href":"http:\/\/www.labec.com.br\/biodigital\/wp-json\/wp\/v2\/pages\/274\/revisions"}],"predecessor-version":[{"id":424,"href":"http:\/\/www.labec.com.br\/biodigital\/wp-json\/wp\/v2\/pages\/274\/revisions\/424"}],"up":[{"embeddable":true,"href":"http:\/\/www.labec.com.br\/biodigital\/wp-json\/wp\/v2\/pages\/408"}],"wp:attachment":[{"href":"http:\/\/www.labec.com.br\/biodigital\/wp-json\/wp\/v2\/media?parent=274"}],"curies":[{"name":"wp","href":"https:\/\/api.w.org\/{rel}","templated":true}]}}