{"id":259,"date":"2008-12-26T10:26:23","date_gmt":"2008-12-26T13:26:23","guid":{"rendered":"http:\/\/www.labec.com.br\/biodigital\/?page_id=259"},"modified":"2008-12-26T10:26:23","modified_gmt":"2008-12-26T13:26:23","slug":"participe","status":"publish","type":"page","link":"http:\/\/www.labec.com.br\/biodigital\/participe\/","title":{"rendered":"Participe"},"content":{"rendered":"<p><span style=\"font-size: small; font-family: comic sans ms,sans-serif;\">Agora \u00e9 a sua vez de &#8220;Participar&#8221;, de fazer a diferen\u00e7a em sua cidade e em seu estado! Aqui ser\u00e3o\u00a0lan\u00e7ados desafios que podem tornar\u00a0VOC\u00ca um agente transformador, capaz de melhorar a qualidade de vida do lugar onde mora.\u00a0<\/span><\/p>\n<p><span style=\"font-size: small; font-family: comic sans ms,sans-serif;\">Desafio 01 &#8211; <\/span><\/p>\n","protected":false},"excerpt":{"rendered":"<p>Agora \u00e9 a sua vez de &#8220;Participar&#8221;, de fazer a diferen\u00e7a em sua cidade e em seu estado! Aqui ser\u00e3o\u00a0lan\u00e7ados desafios que podem tornar\u00a0VOC\u00ca um agente transformador, capaz de melhorar a qualidade de vida do lugar onde mora.\u00a0 Desafio 01 &#8211;<\/p>\n","protected":false},"author":2,"featured_media":0,"parent":0,"menu_order":0,"comment_status":"open","ping_status":"open","template":"","meta":{"ngg_post_thumbnail":0},"_links":{"self":[{"href":"http:\/\/www.labec.com.br\/biodigital\/wp-json\/wp\/v2\/pages\/259"}],"collection":[{"href":"http:\/\/www.labec.com.br\/biodigital\/wp-json\/wp\/v2\/pages"}],"about":[{"href":"http:\/\/www.labec.com.br\/biodigital\/wp-json\/wp\/v2\/types\/page"}],"author":[{"embeddable":true,"href":"http:\/\/www.labec.com.br\/biodigital\/wp-json\/wp\/v2\/users\/2"}],"replies":[{"embeddable":true,"href":"http:\/\/www.labec.com.br\/biodigital\/wp-json\/wp\/v2\/comments?post=259"}],"version-history":[{"count":1,"href":"http:\/\/www.labec.com.br\/biodigital\/wp-json\/wp\/v2\/pages\/259\/revisions"}],"predecessor-version":[{"id":260,"href":"http:\/\/www.labec.com.br\/biodigital\/wp-json\/wp\/v2\/pages\/259\/revisions\/260"}],"wp:attachment":[{"href":"http:\/\/www.labec.com.br\/biodigital\/wp-json\/wp\/v2\/media?parent=259"}],"curies":[{"name":"wp","href":"https:\/\/api.w.org\/{rel}","templated":true}]}}