{"id":246,"date":"2008-12-22T19:41:16","date_gmt":"2008-12-22T22:41:16","guid":{"rendered":"http:\/\/www.labec.com.br\/biodigital\/?page_id=246"},"modified":"2010-08-31T10:36:23","modified_gmt":"2010-08-31T13:36:23","slug":"foraminiferos","status":"publish","type":"page","link":"http:\/\/www.labec.com.br\/biodigital\/fauna\/protozoarios\/foraminiferos\/","title":{"rendered":"Foramin\u00edferos"},"content":{"rendered":"<table border=\"0\">\n<tbody>\n<tr>\n<td><img decoding=\"async\" loading=\"lazy\" class=\"size-thumbnail  wp-image-247 alignleft\" title=\"10\" src=\"http:\/\/www.labec.com.br\/biodigital\/wordpress\/wp-content\/uploads\/2008\/12\/10-150x150.jpg\" alt=\"10\" width=\"56\" height=\"56\" srcset=\"http:\/\/www.labec.com.br\/biodigital\/wordpress\/wp-content\/uploads\/2008\/12\/10-150x150.jpg 150w, http:\/\/www.labec.com.br\/biodigital\/wordpress\/wp-content\/uploads\/2008\/12\/10-300x300.jpg 300w, http:\/\/www.labec.com.br\/biodigital\/wordpress\/wp-content\/uploads\/2008\/12\/10.jpg 512w\" sizes=\"(max-width: 56px) 100vw, 56px\" \/><\/td>\n<td><span style=\"font-family: comic sans ms,sans-serif; font-size: medium; color: #808000;\">Amphisteginidae<\/span><\/td>\n<\/tr>\n<tr>\n<td><img decoding=\"async\" loading=\"lazy\" class=\"alignnone size-thumbnail wp-image-248\" title=\"8\" src=\"http:\/\/www.labec.com.br\/biodigital\/wordpress\/wp-content\/uploads\/2008\/12\/8-150x150.jpg\" alt=\"8\" width=\"56\" height=\"56\" srcset=\"http:\/\/www.labec.com.br\/biodigital\/wordpress\/wp-content\/uploads\/2008\/12\/8-150x150.jpg 150w, http:\/\/www.labec.com.br\/biodigital\/wordpress\/wp-content\/uploads\/2008\/12\/8-300x300.jpg 300w, http:\/\/www.labec.com.br\/biodigital\/wordpress\/wp-content\/uploads\/2008\/12\/8.jpg 512w\" sizes=\"(max-width: 56px) 100vw, 56px\" \/><\/td>\n<td><span style=\"font-family: comic sans ms,sans-serif; font-size: medium; color: #808000;\">Hauerinidae<\/span><\/td>\n<\/tr>\n<tr>\n<td><img decoding=\"async\" loading=\"lazy\" class=\"alignnone size-thumbnail wp-image-249\" title=\"4\" src=\"http:\/\/www.labec.com.br\/biodigital\/wordpress\/wp-content\/uploads\/2008\/12\/4-150x150.jpg\" alt=\"4\" width=\"56\" height=\"56\" srcset=\"http:\/\/www.labec.com.br\/biodigital\/wordpress\/wp-content\/uploads\/2008\/12\/4-150x150.jpg 150w, http:\/\/www.labec.com.br\/biodigital\/wordpress\/wp-content\/uploads\/2008\/12\/4-300x300.jpg 300w, http:\/\/www.labec.com.br\/biodigital\/wordpress\/wp-content\/uploads\/2008\/12\/4.jpg 512w\" sizes=\"(max-width: 56px) 100vw, 56px\" \/><\/td>\n<td><span style=\"font-family: comic sans ms,sans-serif; font-size: medium; color: #808000;\">Globigerinidae<\/span><\/td>\n<\/tr>\n<\/tbody>\n<\/table>\n<p><br class=\"spacer_\" \/><\/p>\n<p style=\"TEXT-ALIGN: justify\"><span style=\"font-size: small;\"><span style=\"font-family: comic sans ms,sans-serif;\"><span style=\"color: #000000;\">Foramin\u00edferos s\u00e3o protoctistas bent\u00f4nicos (vivem nos mais variados substratos, desde areia at\u00e9 cascalho e lama) ou planct\u00f4nicos (vivem flutuando na coluna d\u2019\u00e1gua) que habitam, predominantemente, os ambientes marinhos. Os bent\u00f4nicos contam, atualmente, com cerca de quatro mil esp\u00e9cies vivas, j\u00e1 os planct\u00f4nicos dividem-se em cerca de cinquenta esp\u00e9cies.<br \/>\nOs foraminiferos segregam uma concha composta por uma ou v\u00e1rias c\u00e2maras que se intercomunicam atrav\u00e9s do for\u00e2men. A composi\u00e7\u00e3o dessas carapa\u00e7as (carbonato de c\u00e1lcio, s\u00edlica, part\u00edculas org\u00e2nicas ou do sedimento), al\u00e9m de outras caracter\u00edsticas como o h\u00e1bito bent\u00f4nico ou planct\u00f4nico, o tipo de enrolamento das c\u00e2maras e a ocorr\u00eancia no tempo geol\u00f3gico, s\u00e3o fatores que auxiliam na taxonomia dos grupos (CARVALHO, 2004).<br \/>\nA sua distribui\u00e7\u00e3o e a sua abund\u00e2ncia s\u00e3o influenciadas por um conjunto de fatores como a temperatura, a salinidade, a profundidade da coluna d\u2019\u00e1gua e o tipo de fundo.<br \/>\nA maioria dos trabalhos realizados em Sergipe foi feita com a fauna bent\u00f4nica, que possui maior diversidade e vive ligada mais diretamente ao substrato, habitando todas as profundidades.<br \/>\nNos trabalhos pesquisados foram identificadas 73 esp\u00e9cies, destas, 59 s\u00e3o bent\u00f4nicas e 14 planct\u00f4nicas (Figura 1). O tipo de fundo identificado foi o lamoso, a areia lamosa e o lamoso-lama arenosa.<\/span><\/span><\/span><span style=\"font-size: small;\"><span style=\"font-family: comic sans ms,sans-serif;\"><span style=\"color: #000000;\">\u00a0<\/span><\/span><\/span>\u00a0<\/p>\n<p style=\"TEXT-ALIGN: center\"><span style=\"font-size: small;\"><span style=\"font-family: comic sans ms,sans-serif;\"><span style=\"color: #000000;\"><a href=\"http:\/\/www.labec.com.br\/biodigital\/wordpress\/wp-content\/uploads\/2008\/12\/tabela-foraminifero.jpg\"><img decoding=\"async\" loading=\"lazy\" class=\"size-medium wp-image-1789 aligncenter\" title=\"tabela foraminifero\" src=\"http:\/\/www.labec.com.br\/biodigital\/wordpress\/wp-content\/uploads\/2008\/12\/tabela-foraminifero-300x252.jpg\" alt=\"tabela foraminifero\" width=\"500\" height=\"500\" \/><\/a><\/span><\/span><\/span><span style=\"font-size: small;\"><span style=\"font-family: comic sans ms,sans-serif;\"><span style=\"color: #000000;\"><span style=\"font-size: x-small;\"><br \/>\nFigura 1: Tabela com algumas esp\u00e9cies de foramin\u00edferos encontrados em Sergipe<\/span><\/span><\/span><\/span><\/p>\n<p style=\"TEXT-ALIGN: center\"><span style=\"font-size: small;\"><span style=\"font-family: comic sans ms,sans-serif;\"><span style=\"color: #000000;\">\u00a0<\/span><\/span><\/span><\/p>\n<p style=\"text-align: justify;\"><span style=\"font-size: small;\"><span style=\"font-family: comic sans ms,sans-serif;\"><span style=\"color: #000000;\">Esses\u00a0organismos maravilhosos necessitam da ajuda de um microsc\u00f3pio para serem vistos\u00a0e estudados. Veja abaixo algumas esp\u00e9cies fotogradas e identificadas\u00a0(Figura 2).<\/span><\/span><\/span><\/p>\n<p style=\"text-align: justify;\"><span style=\"font-size: small;\"><span style=\"font-family: comic sans ms,sans-serif;\"><span style=\"color: #000000;\">\u00a0<\/span><\/span><\/span><\/p>\n<p style=\"text-align: center;\"><a href=\"http:\/\/www.labec.com.br\/biodigital\/wordpress\/wp-content\/uploads\/2008\/12\/foraminiferos.jpg\"><img decoding=\"async\" loading=\"lazy\" class=\"size-medium wp-image-1790     aligncenter\" title=\"foraminiferos\" src=\"http:\/\/www.labec.com.br\/biodigital\/wordpress\/wp-content\/uploads\/2008\/12\/foraminiferos-300x243.jpg\" alt=\"foraminiferos\" width=\"400\" height=\"343\" \/><\/a><span style=\"font-size: small;\"><span style=\"font-family: comic sans ms,sans-serif;\"><span style=\"color: #000000;\"><br \/>\n<span style=\"font-size: x-small;\">Figura 2: Fotos de esp\u00e9cies de foramin\u00edferos<\/span><\/span><\/span><\/span><\/p>\n<p style=\"text-align: justify;\"><span style=\"font-size: small;\"><span style=\"font-family: comic sans ms,sans-serif;\"><span style=\"color: #000000;\"><strong><br \/>\n1.<\/strong> Spiroloculina sp. \u2013 1,22 x 0,82 mm<\/span><\/span><\/span><span style=\"font-size: small;\"><span style=\"font-family: comic sans ms,sans-serif;\"><span style=\"color: #000000;\"><br \/>\n<strong>2.<\/strong> Quinqueloculina sp. \u2013 0,88 x 0,55 mm<br \/>\n<strong>3.<\/strong> Triloculina sp. \u2013 0,77 x 0,55 mm<br \/>\n<strong>4.<\/strong> Articulina sp. \u2013 0,88 x 0,33 mm<br \/>\n<strong>5.<\/strong> Peneroplis discoideus \u2013 0,88 x 0,77 mm<br \/>\n<strong>6.<\/strong> P. proteus \u2013 0,88 x 0,55 mm<br \/>\n<strong>7<\/strong> e <strong>8.<\/strong> Archaias angulatus \u2013 1,00 x 0,97 e 2,11 x 1,77 mm<br \/>\n<strong>9.<\/strong> Lenticulina sp. \u2013 1,22 x 1,17 mm<br \/>\n<strong>10.<\/strong> Eponides repandus \u2013 0,77 x 0,66 mm<br \/>\n<strong>11.<\/strong> Poroeponides lateralis \u2013 0,77 x 0,60 mm<br \/>\n<strong>12.<\/strong> Amphistegina sp. \u2013 1,11 x 1,04 mm<br \/>\n<strong>13.<\/strong> Heterostegina depressa \u2013 1,55 x 1,11 mm<\/span><\/span><\/span><span style=\"font-size: small;\"><span style=\"font-family: comic sans ms,sans-serif;\"><span style=\"color: #000000;\">\u00a0<\/span><\/span><\/span><\/p>\n<p style=\"text-align: justify;\"><span style=\"font-size: small;\"><span style=\"font-family: comic sans ms,sans-serif;\">\u00a0<\/span><\/span><\/p>\n<p style=\"text-align: justify;\"><span style=\"font-size: small;\"><span style=\"font-family: comic sans ms,sans-serif;\">Quer saber mais sobre os foramin\u00edferos? Ent\u00e3o n\u00e3o deixe de clicar\u00a0<a href=\"http:\/\/www.labec.com.br\/biodigital\/fauna\/protozoarios\/foraminiferos\/quem-sao-os-foraminiferos\/\"><span style=\"color: #99cc00;\"><strong>AQUI<\/strong><\/span><\/a> e ler uma reportagem muito interessante!!<\/span><\/span><\/p>\n<p style=\"text-align: justify;\"><span style=\"font-size: small;\"><span style=\"font-family: comic sans ms,sans-serif;\">\u00a0<span style=\"color: #000000;\">\u00a0<\/span><\/span><\/span><\/p>\n<p style=\"TEXT-ALIGN: justify\"><span style=\"font-size: small;\"><span style=\"font-family: comic sans ms,sans-serif;\"><span style=\"color: #999999;\"><span style=\"font-size: x-small;\"><strong>Refer\u00eancias Bibliogr\u00e1ficas<br \/>\n<\/strong><\/span><\/span><\/span><\/span><span style=\"color: #999999;\"><span style=\"font-family: comic sans ms,sans-serif;\"><span style=\"font-size: x-small;\">LEMOS J\u00daNIOR, I. C. Distribui\u00e7\u00e3o sazonal de foramin\u00edferos macrob\u00eanticos recentes na plataforma continental (interna e m\u00e9dia) de Sergipe, Brasil. Monografia. Departamento de Biologia da Universidade Federal de Sergipe. 2008, 71p. <\/span><\/span><\/span><span style=\"color: #999999;\"><span style=\"font-family: comic sans ms,sans-serif;\"><span style=\"font-size: x-small;\"><br \/>\n<\/span><\/span><\/span><span style=\"color: #999999;\"><span style=\"font-family: comic sans ms,sans-serif;\"><span style=\"font-size: x-small;\">TINOCO I. M. Foramin\u00edferos planct\u00f4nicos dos sedimentos superficiais da margem continental dos estados de Alagoas e Sergipe (Nordeste do Brasil). An. Acad. brasil. Ci\u00eanc., 52(3): 539-553, 1980.<br \/>\n<\/span><\/span><\/span><span style=\"color: #999999;\"><span style=\"font-family: comic sans ms,sans-serif;\"><span style=\"font-size: x-small;\">VIEIRA, F.S.; ZUCON, M.H.; GUIMAR\u00c3ES, C.R.P. Foramin\u00edferos bent\u00f4nicos da plataforma continental de Sergipe, Brasil. In: CARVALHO, I. S. et al. (eds.) Paleontologia: Cen\u00e1rios da Vida. Rio de Janeiro: Interci\u00eancia, vol.2, 363-370 p., 2007.<br \/>\n<\/span><\/span><\/span><span style=\"color: #999999;\"><span style=\"font-family: comic sans ms,sans-serif;\"><span style=\"font-size: x-small;\">VILELA, C. G. 2004. Foramin\u00edferos. In: CARVALHO, I.S. Paleontologia. Rio de Janeiro: Interci\u00eancia.<\/span><\/span><\/span><\/p>\n<p style=\"TEXT-ALIGN: justify\"><span style=\"color: #999999;\"><span style=\"font-family: comic sans ms,sans-serif;\"><span style=\"font-size: x-small;\"><br \/>\n<\/span><\/span><\/span><\/p>\n<p style=\"TEXT-ALIGN: justify\"><span style=\"color: #999999;\"><span style=\"font-family: comic sans ms,sans-serif;\">\u00a0<\/span><\/span><\/p>\n<p style=\"text-align: center;\"><span style=\"color: #999999;\"><span style=\"font-family: comic sans ms,sans-serif;\"><span style=\"font-size: small;\"><strong><span style=\"font-size: medium;\"><a href=\"http:\/\/www.labec.com.br\/biodigital\/fauna\/protozoarios\/\"><span style=\"color: #808000;\">VOLTAR<\/span><\/a><\/span><\/strong><\/span><\/span><\/span><\/p>\n","protected":false},"excerpt":{"rendered":"<p>Amphisteginidae Hauerinidae Globigerinidae Foramin\u00edferos s\u00e3o protoctistas bent\u00f4nicos (vivem nos mais variados substratos, desde areia at\u00e9 cascalho e lama) ou planct\u00f4nicos (vivem flutuando na coluna d\u2019\u00e1gua) que habitam, predominantemente, os ambientes marinhos. Os bent\u00f4nicos contam, atualmente, com cerca de quatro mil esp\u00e9cies vivas, j\u00e1 os planct\u00f4nicos dividem-se em cerca de cinquenta esp\u00e9cies. Os foraminiferos segregam uma [&hellip;]<\/p>\n","protected":false},"author":2,"featured_media":0,"parent":239,"menu_order":0,"comment_status":"open","ping_status":"open","template":"","meta":{"ngg_post_thumbnail":0},"_links":{"self":[{"href":"http:\/\/www.labec.com.br\/biodigital\/wp-json\/wp\/v2\/pages\/246"}],"collection":[{"href":"http:\/\/www.labec.com.br\/biodigital\/wp-json\/wp\/v2\/pages"}],"about":[{"href":"http:\/\/www.labec.com.br\/biodigital\/wp-json\/wp\/v2\/types\/page"}],"author":[{"embeddable":true,"href":"http:\/\/www.labec.com.br\/biodigital\/wp-json\/wp\/v2\/users\/2"}],"replies":[{"embeddable":true,"href":"http:\/\/www.labec.com.br\/biodigital\/wp-json\/wp\/v2\/comments?post=246"}],"version-history":[{"count":19,"href":"http:\/\/www.labec.com.br\/biodigital\/wp-json\/wp\/v2\/pages\/246\/revisions"}],"predecessor-version":[{"id":597,"href":"http:\/\/www.labec.com.br\/biodigital\/wp-json\/wp\/v2\/pages\/246\/revisions\/597"}],"up":[{"embeddable":true,"href":"http:\/\/www.labec.com.br\/biodigital\/wp-json\/wp\/v2\/pages\/239"}],"wp:attachment":[{"href":"http:\/\/www.labec.com.br\/biodigital\/wp-json\/wp\/v2\/media?parent=246"}],"curies":[{"name":"wp","href":"https:\/\/api.w.org\/{rel}","templated":true}]}}