{"id":239,"date":"2008-12-21T18:01:23","date_gmt":"2008-12-21T21:01:23","guid":{"rendered":"http:\/\/www.labec.com.br\/biodigital\/?page_id=239"},"modified":"2012-04-18T11:08:51","modified_gmt":"2012-04-18T14:08:51","slug":"protozoarios","status":"publish","type":"page","link":"http:\/\/www.labec.com.br\/biodigital\/fauna\/protozoarios\/","title":{"rendered":"Protozo\u00e1rios"},"content":{"rendered":"<p><span style=\"font-size: 12pt; line-height: 115%; font-family: 'Comic Sans MS';\"><span style=\"line-height: 115%; font-family: 'Comic Sans MS'; mso-fareast-font-family: Calibri; mso-ansi-language: PT-BR; mso-fareast-language: EN-US; mso-bidi-language: AR-SA; mso-bidi-font-family: 'Times New Roman'; mso-fareast-theme-font: minor-latin; mso-bidi-theme-font: minor-bidi;\"><span style=\"font-size: small;\"><span style=\"font-family: comic sans ms,sans-serif;\"><span style=\"color: #999999;\">\u00a0<\/span><\/span><\/span><\/span><\/span><\/p>\n<p><span style=\"font-size: 12pt; line-height: 115%; font-family: 'Comic Sans MS';\"><span style=\"font-size: 12pt; line-height: 115%; font-family: 'Comic Sans MS'; mso-fareast-font-family: Calibri; mso-ansi-language: PT-BR; mso-fareast-language: EN-US; mso-bidi-language: AR-SA; mso-bidi-font-family: 'Times New Roman'; mso-fareast-theme-font: minor-latin; mso-bidi-theme-font: minor-bidi;\"><img decoding=\"async\" loading=\"lazy\" class=\"alignnone size-thumbnail wp-image-588\" title=\"12\" src=\"http:\/\/www.labec.com.br\/biodigital\/wordpress\/wp-content\/uploads\/2008\/12\/12-150x150.jpg\" alt=\"12\" width=\"56\" height=\"56\" srcset=\"http:\/\/www.labec.com.br\/biodigital\/wordpress\/wp-content\/uploads\/2008\/12\/12-150x150.jpg 150w, http:\/\/www.labec.com.br\/biodigital\/wordpress\/wp-content\/uploads\/2008\/12\/12-300x300.jpg 300w, http:\/\/www.labec.com.br\/biodigital\/wordpress\/wp-content\/uploads\/2008\/12\/12.jpg 512w\" sizes=\"(max-width: 56px) 100vw, 56px\" \/>\u00a0<a href=\"http:\/\/www.labec.com.br\/biodigital\/foraminiferos\"><span style=\"font-size: small;\"><span style=\"font-family: comic sans ms,sans-serif;\"><span style=\"font-size: medium;\"><span style=\"color: #808000;\">Foramin\u00edferos<\/span><\/span><\/span><\/span><\/a><\/span><\/span><\/p>\n<p><span style=\"font-size: 12pt; line-height: 115%; font-family: 'Comic Sans MS';\"><span style=\"font-size: 12pt; line-height: 115%; font-family: 'Comic Sans MS'; mso-fareast-font-family: Calibri; mso-ansi-language: PT-BR; mso-fareast-language: EN-US; mso-bidi-language: AR-SA; mso-bidi-font-family: 'Times New Roman'; mso-fareast-theme-font: minor-latin; mso-bidi-theme-font: minor-bidi;\">\u00a0<\/span><\/span><\/p>\n<div style=\"text-align: justify;\">\n<p><span style=\"font-family: comic sans ms,sans-serif;\"><span style=\"font-size: small;\"><span style=\"color: #000000;\">Os protozo\u00e1rios s\u00e3o seres unicelulares, eucariontes e heterotr\u00f3ficos. A maioria habita o mar ou \u00e1gua doce, mas tamb\u00e9m h\u00e1 muitas esp\u00e9cies que s\u00e3o parasitas.<\/span><\/span><\/span><\/p>\n<p><span style=\"font-family: comic sans ms,sans-serif;\"><span style=\"font-size: small;\"><span style=\"color: #000000;\">O corpo apresenta organelas locomotoras, c\u00edlios, pseud\u00f3podos ou flagelos, e pode ser sustentado por uma testa (exoesqueleto) ou por um citoesqueleto interno.<\/span><\/span><\/span><\/p>\n<p><span style=\"font-family: comic sans ms,sans-serif;\">\u00a0<\/span><\/p>\n<p><span style=\"font-family: comic sans ms,sans-serif;\"><span style=\"font-size: x-small;\"><span style=\"color: #999999;\">Refer\u00eancias Bibliogr\u00e1ficas:<\/span><\/span><\/span><\/p>\n<p><span style=\"font-family: comic sans ms,sans-serif;\"><span style=\"font-size: x-small;\"><span style=\"color: #999999;\">RUPPERT, E. E.; BARNES, R. D. Zoologia dos Invertebrados. S\u00e3o Paulo: Roca, 1996.<\/span><\/span><\/span><\/p>\n<p>&nbsp;<\/p>\n<\/div>\n<p style=\"text-align: center;\"><span style=\"font-size: 12pt; line-height: 115%; font-family: 'Comic Sans MS';\"><span style=\"line-height: 115%; font-family: 'Comic Sans MS'; mso-fareast-font-family: Calibri; mso-ansi-language: PT-BR; mso-fareast-language: EN-US; mso-bidi-language: AR-SA; mso-bidi-font-family: 'Times New Roman'; mso-fareast-theme-font: minor-latin; mso-bidi-theme-font: minor-bidi;\"><span style=\"font-size: small;\"><span style=\"font-family: comic sans ms,sans-serif;\"><span style=\"color: #999999;\"><span style=\"font-size: x-small;\">\u00a0<\/span><\/span><\/span><\/span><\/span><\/span><\/p>\n<p style=\"text-align: center;\"><span style=\"font-size: 12pt; line-height: 115%; font-family: 'Comic Sans MS';\"><span style=\"line-height: 115%; font-family: 'Comic Sans MS'; mso-fareast-font-family: Calibri; mso-ansi-language: PT-BR; mso-fareast-language: EN-US; mso-bidi-language: AR-SA; mso-bidi-font-family: 'Times New Roman'; mso-fareast-theme-font: minor-latin; mso-bidi-theme-font: minor-bidi;\"><span style=\"font-size: small;\"><span style=\"font-family: comic sans ms,sans-serif;\"><span style=\"color: #999999;\"><span style=\"font-size: x-small;\"><span style=\"color: #000000;\"><span style=\"font-size: medium;\"><a href=\"http:\/\/www.labec.com.br\/biodigital\/fauna\/\"><span style=\"color: #808000;\"><strong>VOLTAR<\/strong><\/span><\/a><\/span><\/span><\/span><\/span><\/span><\/span><\/span><\/span><\/p>\n<p>&nbsp;<\/p>\n","protected":false},"excerpt":{"rendered":"<p>\u00a0 \u00a0Foramin\u00edferos \u00a0 Os protozo\u00e1rios s\u00e3o seres unicelulares, eucariontes e heterotr\u00f3ficos. A maioria habita o mar ou \u00e1gua doce, mas tamb\u00e9m h\u00e1 muitas esp\u00e9cies que s\u00e3o parasitas. O corpo apresenta organelas locomotoras, c\u00edlios, pseud\u00f3podos ou flagelos, e pode ser sustentado por uma testa (exoesqueleto) ou por um citoesqueleto interno. \u00a0 Refer\u00eancias Bibliogr\u00e1ficas: RUPPERT, E. E.; [&hellip;]<\/p>\n","protected":false},"author":2,"featured_media":0,"parent":3,"menu_order":0,"comment_status":"open","ping_status":"open","template":"","meta":{"ngg_post_thumbnail":0},"_links":{"self":[{"href":"http:\/\/www.labec.com.br\/biodigital\/wp-json\/wp\/v2\/pages\/239"}],"collection":[{"href":"http:\/\/www.labec.com.br\/biodigital\/wp-json\/wp\/v2\/pages"}],"about":[{"href":"http:\/\/www.labec.com.br\/biodigital\/wp-json\/wp\/v2\/types\/page"}],"author":[{"embeddable":true,"href":"http:\/\/www.labec.com.br\/biodigital\/wp-json\/wp\/v2\/users\/2"}],"replies":[{"embeddable":true,"href":"http:\/\/www.labec.com.br\/biodigital\/wp-json\/wp\/v2\/comments?post=239"}],"version-history":[{"count":24,"href":"http:\/\/www.labec.com.br\/biodigital\/wp-json\/wp\/v2\/pages\/239\/revisions"}],"predecessor-version":[{"id":241,"href":"http:\/\/www.labec.com.br\/biodigital\/wp-json\/wp\/v2\/pages\/239\/revisions\/241"}],"up":[{"embeddable":true,"href":"http:\/\/www.labec.com.br\/biodigital\/wp-json\/wp\/v2\/pages\/3"}],"wp:attachment":[{"href":"http:\/\/www.labec.com.br\/biodigital\/wp-json\/wp\/v2\/media?parent=239"}],"curies":[{"name":"wp","href":"https:\/\/api.w.org\/{rel}","templated":true}]}}