{"id":1953,"date":"2011-10-18T13:20:49","date_gmt":"2011-10-18T16:20:49","guid":{"rendered":"http:\/\/www.labec.com.br\/biodigital\/?page_id=1953"},"modified":"2012-04-03T15:37:13","modified_gmt":"2012-04-03T18:37:13","slug":"maria-farinha-na-praia","status":"publish","type":"page","link":"http:\/\/www.labec.com.br\/biodigital\/fauna\/arthropoda\/classificacao\/crustacea\/decapoda\/maria-farinha-na-praia\/","title":{"rendered":"Maria-farinha na praia"},"content":{"rendered":"<p style=\"text-align: justify;\"><span style=\"font-family: comic sans ms,sans-serif; font-size: small;\"><em>Ocypode quadrata<\/em> (Fabricius, 1787), mais conhecido como Maria-farinha, esp\u00e9cie de caranguejo pertence \u00e0 fam\u00edlia Ocypodidea \u00e9 assim conhecido porque a tonalidade do seu corpo \u00e9 da cor da areia (camuflagem), dificultando a visualiza\u00e7\u00e3o da esp\u00e9cie. Para sua prote\u00e7\u00e3o s\u00e3o feitas tocas que consistem em buracos na areia que chegam at\u00e9 um metro e meio de profundidade, fora do buraco, sua \u00fanica prote\u00e7\u00e3o \u00e9 a cor esbranqui\u00e7ada que o deixa quase invis\u00edvel.<\/span><\/p>\n<p style=\"text-align: justify;\"><a href=\"http:\/\/www.labec.com.br\/biodigital\/wordpress\/wp-content\/uploads\/2011\/10\/ma1.jpg\"><img decoding=\"async\" loading=\"lazy\" class=\"aligncenter size-medium wp-image-1955\" title=\"ma\" src=\"http:\/\/www.labec.com.br\/biodigital\/wordpress\/wp-content\/uploads\/2011\/10\/ma1-300x225.jpg\" alt=\"\" width=\"300\" height=\"225\" srcset=\"http:\/\/www.labec.com.br\/biodigital\/wordpress\/wp-content\/uploads\/2011\/10\/ma1-300x225.jpg 300w, http:\/\/www.labec.com.br\/biodigital\/wordpress\/wp-content\/uploads\/2011\/10\/ma1.jpg 640w\" sizes=\"(max-width: 300px) 100vw, 300px\" \/><\/a><\/p>\n<p style=\"text-align: justify;\"><span style=\"font-family: comic sans ms,sans-serif; font-size: small;\"><em>O. quadrata<\/em> \u00e9 conhecido vulgarmente em outros lugares como vasa-mar\u00e9, guaru\u00e7\u00e1, guri\u00e7\u00e1 e caranguejo-fantasma. Habitam praias arenosas, construindo tocas no supralitoral, ou seja, linha mais pr\u00f3xima da faixa d\u2019\u00e1gua (I). Representantes desta esp\u00e9cie apresentam grande import\u00e2ncia ecol\u00f3gica como consumidores de detritos org\u00e2nicos e transferidores de energia entre diferentes n\u00edveis tr\u00f3ficos, que s\u00e3o as etapas, ou n\u00edveis, da cadeia alimentar (III).<\/span><\/p>\n<p style=\"text-align: justify;\"><a href=\"http:\/\/www.labec.com.br\/biodigital\/wordpress\/wp-content\/uploads\/2011\/10\/mari.jpg\"><img decoding=\"async\" loading=\"lazy\" class=\"aligncenter size-medium wp-image-1956\" title=\"mari\" src=\"http:\/\/www.labec.com.br\/biodigital\/wordpress\/wp-content\/uploads\/2011\/10\/mari-300x225.jpg\" alt=\"\" width=\"300\" height=\"225\" srcset=\"http:\/\/www.labec.com.br\/biodigital\/wordpress\/wp-content\/uploads\/2011\/10\/mari-300x225.jpg 300w, http:\/\/www.labec.com.br\/biodigital\/wordpress\/wp-content\/uploads\/2011\/10\/mari.jpg 640w\" sizes=\"(max-width: 300px) 100vw, 300px\" \/><\/a><\/p>\n<p style=\"text-align: justify;\"><span style=\"font-family: comic sans ms,sans-serif; font-size: small;\">\u00a0Estudos realizados por Haley apontam que a reprodu\u00e7\u00e3o do <em>O. quadrata<\/em> acontece sempre nas esta\u00e7\u00f5es mais quentes: primavera e ver\u00e3o. No litoral sergipano com caracter\u00edsticas de clima tropical \u00famido, pode n\u00e3o haver um per\u00edodo espec\u00edfico de acasalamento para reprodu\u00e7\u00e3o (I).<\/span><\/p>\n<p style=\"text-align: justify;\"><a href=\"http:\/\/www.labec.com.br\/biodigital\/wordpress\/wp-content\/uploads\/2011\/10\/maria.jpg\"><img decoding=\"async\" loading=\"lazy\" class=\"aligncenter size-medium wp-image-1957\" title=\"maria\" src=\"http:\/\/www.labec.com.br\/biodigital\/wordpress\/wp-content\/uploads\/2011\/10\/maria-300x225.jpg\" alt=\"\" width=\"300\" height=\"225\" srcset=\"http:\/\/www.labec.com.br\/biodigital\/wordpress\/wp-content\/uploads\/2011\/10\/maria-300x225.jpg 300w, http:\/\/www.labec.com.br\/biodigital\/wordpress\/wp-content\/uploads\/2011\/10\/maria.jpg 640w\" sizes=\"(max-width: 300px) 100vw, 300px\" \/><\/a><span style=\"text-align: justify; font-family: comic sans ms,sans-serif; color: #888888; font-size: x-small;\">Toca ativa de maria-farinha<\/span><\/p>\n<p style=\"text-align: justify;\"><span style=\"font-family: comic sans ms,sans-serif; font-size: small;\">Segundo WOLCOTT (1978) o h\u00e1bito de se ocultarem em tocas \u00e9 importante fator de sobreviv\u00eancia nas praias cujo tr\u00e1fico de pessoas \u00e9 intenso. A atividade humana em praias arenosas pode ter importantes conseq\u00fc\u00eancias para os animais e plantas que <\/span><span style=\"font-family: comic sans ms,sans-serif; font-size: small;\">vivem nestes habitats, sendo que as \u00e1reas superiores das praias expostas s\u00e3o tipicamente habitadas por Marinha-farinha e outras diversas esp\u00e9cies (II).<\/span><\/p>\n<p style=\"text-align: justify;\"><span style=\"font-family: comic sans ms,sans-serif; color: #800080; font-size: x-small;\">Texto escrito por: Maria Elielma Santos<\/span><\/p>\n<p style=\"text-align: justify;\"><span style=\"font-family: comic sans ms,sans-serif; font-size: x-small; color: #888888;\">Outras informa\u00e7\u00f5es:<\/span><br \/>\n <span style=\"font-family: comic sans ms,sans-serif; font-size: x-small; color: #888888;\">I &#8211; http:\/\/www.scielo.br\/pdf\/rbbio\/v59n1\/v59n1a13.pdf<\/span><br \/>\n <span style=\"font-family: comic sans ms,sans-serif; font-size: x-small; color: #888888;\">II &#8211; http:\/\/www.avesmarinhas.com.br\/Monografia%20juliano.pdf<\/span><br \/>\n <span style=\"font-family: comic sans ms,sans-serif; font-size: x-small; color: #888888;\">III &#8211; http:\/\/www.seb-ecologia.org.br\/viiiceb\/pdf\/1416.pdf<\/span><\/p>\n","protected":false},"excerpt":{"rendered":"<p>Ocypode quadrata (Fabricius, 1787), mais conhecido como Maria-farinha, esp\u00e9cie de caranguejo pertence \u00e0 fam\u00edlia Ocypodidea \u00e9 assim conhecido porque a tonalidade do seu corpo \u00e9 da cor da areia (camuflagem), dificultando a visualiza\u00e7\u00e3o da esp\u00e9cie. Para sua prote\u00e7\u00e3o s\u00e3o feitas tocas que consistem em buracos na areia que chegam at\u00e9 um metro e meio de [&hellip;]<\/p>\n","protected":false},"author":4,"featured_media":0,"parent":104,"menu_order":0,"comment_status":"open","ping_status":"open","template":"","meta":{"ngg_post_thumbnail":0},"_links":{"self":[{"href":"http:\/\/www.labec.com.br\/biodigital\/wp-json\/wp\/v2\/pages\/1953"}],"collection":[{"href":"http:\/\/www.labec.com.br\/biodigital\/wp-json\/wp\/v2\/pages"}],"about":[{"href":"http:\/\/www.labec.com.br\/biodigital\/wp-json\/wp\/v2\/types\/page"}],"author":[{"embeddable":true,"href":"http:\/\/www.labec.com.br\/biodigital\/wp-json\/wp\/v2\/users\/4"}],"replies":[{"embeddable":true,"href":"http:\/\/www.labec.com.br\/biodigital\/wp-json\/wp\/v2\/comments?post=1953"}],"version-history":[{"count":6,"href":"http:\/\/www.labec.com.br\/biodigital\/wp-json\/wp\/v2\/pages\/1953\/revisions"}],"predecessor-version":[{"id":1974,"href":"http:\/\/www.labec.com.br\/biodigital\/wp-json\/wp\/v2\/pages\/1953\/revisions\/1974"}],"up":[{"embeddable":true,"href":"http:\/\/www.labec.com.br\/biodigital\/wp-json\/wp\/v2\/pages\/104"}],"wp:attachment":[{"href":"http:\/\/www.labec.com.br\/biodigital\/wp-json\/wp\/v2\/media?parent=1953"}],"curies":[{"name":"wp","href":"https:\/\/api.w.org\/{rel}","templated":true}]}}

<p style="text-align: justify;"><span style="font-family: comic sans ms,sans-serif; font-size: small;"><em>Ocypode quadrata</em> (Fabricius, 1787), mais conhecido como Maria-farinha, espécie de caranguejo pertence à família Ocypodidea é assim conhecido porque a tonalidade do seu corpo é da cor da areia (camuflagem), dificultando a visualização da espécie. Para sua proteção são feitas tocas que consistem em buracos na areia que chegam até um metro e meio de profundidade, fora do buraco, sua única proteção é a cor esbranquiçada que o deixa quase invisível.</span></p>
<p style="text-align: justify;"><a href="http://www.labec.com.br/biodigital/wordpress/wp-content/uploads/2011/10/ma1.jpg"><img decoding="async" loading="lazy" class="aligncenter size-medium wp-image-1955" title="ma" src="http://www.labec.com.br/biodigital/wordpress/wp-content/uploads/2011/10/ma1-300x225.jpg" alt="" width="300" height="225" srcset="http://www.labec.com.br/biodigital/wordpress/wp-content/uploads/2011/10/ma1-300x225.jpg 300w, http://www.labec.com.br/biodigital/wordpress/wp-content/uploads/2011/10/ma1.jpg 640w" sizes="(max-width: 300px) 100vw, 300px" /></a></p>
<p style="text-align: justify;"><span style="font-family: comic sans ms,sans-serif; font-size: small;"><em>O. quadrata</em> é conhecido vulgarmente em outros lugares como vasa-maré, guaruçá, guriçá e caranguejo-fantasma. Habitam praias arenosas, construindo tocas no supralitoral, ou seja, linha mais próxima da faixa d’água (I). Representantes desta espécie apresentam grande importância ecológica como consumidores de detritos orgânicos e transferidores de energia entre diferentes níveis tróficos, que são as etapas, ou níveis, da cadeia alimentar (III).</span></p>
<p style="text-align: justify;"><a href="http://www.labec.com.br/biodigital/wordpress/wp-content/uploads/2011/10/mari.jpg"><img decoding="async" loading="lazy" class="aligncenter size-medium wp-image-1956" title="mari" src="http://www.labec.com.br/biodigital/wordpress/wp-content/uploads/2011/10/mari-300x225.jpg" alt="" width="300" height="225" srcset="http://www.labec.com.br/biodigital/wordpress/wp-content/uploads/2011/10/mari-300x225.jpg 300w, http://www.labec.com.br/biodigital/wordpress/wp-content/uploads/2011/10/mari.jpg 640w" sizes="(max-width: 300px) 100vw, 300px" /></a></p>
<p style="text-align: justify;"><span style="font-family: comic sans ms,sans-serif; font-size: small;"> Estudos realizados por Haley apontam que a reprodução do <em>O. quadrata</em> acontece sempre nas estações mais quentes: primavera e verão. No litoral sergipano com características de clima tropical úmido, pode não haver um período específico de acasalamento para reprodução (I).</span></p>
<p style="text-align: justify;"><a href="http://www.labec.com.br/biodigital/wordpress/wp-content/uploads/2011/10/maria.jpg"><img decoding="async" loading="lazy" class="aligncenter size-medium wp-image-1957" title="maria" src="http://www.labec.com.br/biodigital/wordpress/wp-content/uploads/2011/10/maria-300x225.jpg" alt="" width="300" height="225" srcset="http://www.labec.com.br/biodigital/wordpress/wp-content/uploads/2011/10/maria-300x225.jpg 300w, http://www.labec.com.br/biodigital/wordpress/wp-content/uploads/2011/10/maria.jpg 640w" sizes="(max-width: 300px) 100vw, 300px" /></a><span style="text-align: justify; font-family: comic sans ms,sans-serif; color: #888888; font-size: x-small;">Toca ativa de maria-farinha</span></p>
<p style="text-align: justify;"><span style="font-family: comic sans ms,sans-serif; font-size: small;">Segundo WOLCOTT (1978) o hábito de se ocultarem em tocas é importante fator de sobrevivência nas praias cujo tráfico de pessoas é intenso. A atividade humana em praias arenosas pode ter importantes conseqüências para os animais e plantas que </span><span style="font-family: comic sans ms,sans-serif; font-size: small;">vivem nestes habitats, sendo que as áreas superiores das praias expostas são tipicamente habitadas por Marinha-farinha e outras diversas espécies (II).</span></p>
<p style="text-align: justify;"><span style="font-family: comic sans ms,sans-serif; color: #800080; font-size: x-small;">Texto escrito por: Maria Elielma Santos</span></p>
<p style="text-align: justify;"><span style="font-family: comic sans ms,sans-serif; font-size: x-small; color: #888888;">Outras informações:</span><br />
 <span style="font-family: comic sans ms,sans-serif; font-size: x-small; color: #888888;">I &#8211; http://www.scielo.br/pdf/rbbio/v59n1/v59n1a13.pdf</span><br />
 <span style="font-family: comic sans ms,sans-serif; font-size: x-small; color: #888888;">II &#8211; http://www.avesmarinhas.com.br/Monografia%20juliano.pdf</span><br />
 <span style="font-family: comic sans ms,sans-serif; font-size: x-small; color: #888888;">III &#8211; http://www.seb-ecologia.org.br/viiiceb/pdf/1416.pdf</span></p>

<p>Ocypode quadrata (Fabricius, 1787), mais conhecido como Maria-farinha, espécie de caranguejo pertence à família Ocypodidea é assim conhecido porque a tonalidade do seu corpo é da cor da areia (camuflagem), dificultando a visualização da espécie. Para sua proteção são feitas tocas que consistem em buracos na areia que chegam até um metro e meio de [&hellip;]</p>
