{"id":1854,"date":"2011-01-18T11:16:18","date_gmt":"2011-01-18T14:16:18","guid":{"rendered":"http:\/\/www.labec.com.br\/biodigital\/?page_id=1854"},"modified":"2011-01-18T15:28:17","modified_gmt":"2011-01-18T18:28:17","slug":"ventos","status":"publish","type":"page","link":"http:\/\/www.labec.com.br\/biodigital\/ambientes\/praia\/ventos\/","title":{"rendered":"Ventos"},"content":{"rendered":"<p style=\"text-align: center;\"><span style=\"font-size: small;\"><span style=\"font-family: comic sans ms,sans-serif;\"><a href=\"http:\/\/www.labec.com.br\/biodigital\/wordpress\/wp-content\/uploads\/2011\/01\/vento.jpg\"><img decoding=\"async\" loading=\"lazy\" class=\"size-medium wp-image-1855  aligncenter\" title=\"vento\" src=\"http:\/\/www.labec.com.br\/biodigital\/wordpress\/wp-content\/uploads\/2011\/01\/vento-300x225.jpg\" alt=\"vento\" width=\"300\" height=\"225\" srcset=\"http:\/\/www.labec.com.br\/biodigital\/wordpress\/wp-content\/uploads\/2011\/01\/vento-300x225.jpg 300w, http:\/\/www.labec.com.br\/biodigital\/wordpress\/wp-content\/uploads\/2011\/01\/vento-1024x768.jpg 1024w, http:\/\/www.labec.com.br\/biodigital\/wordpress\/wp-content\/uploads\/2011\/01\/vento.jpg 1277w\" sizes=\"(max-width: 300px) 100vw, 300px\" \/><\/a><\/span><\/span><span style=\"font-size: small;\"><span style=\"font-family: comic sans ms,sans-serif;\"><span style=\"font-size: x-small;\"><span style=\"color: #888888;\"><br \/>\nPraia do Litoral Norte Sergipano<\/span><\/span><\/span><\/span><\/p>\n<p style=\"text-align: justify;\"><span style=\"font-size: small;\"><span style=\"font-family: comic sans ms,sans-serif;\"><br \/>\nOs ventos atuam como importantes agentes na din\u00e2mica sedimentar das praias, participando do processo de gera\u00e7\u00e3o de ondas e do transporte (por salta\u00e7\u00e3o ou arraste) de significativa quantidade de areia na regi\u00e3o costeira, o que pode refletir na forma\u00e7\u00e3o de dunas. <br \/>\nA costa sergipana n\u00e3o apresenta ventos muito fortes, com a velocidade muito elevada, sendo normalmente considerada uma regi\u00e3o meteorologicamente calma. Durante todo o ano, \u00e9 controlada pelo anticiclone semifixo do Atl\u00e2ntico Sul, com dois regimes bem definidos e uma situa\u00e7\u00e3o intermedi\u00e1ria, com altern\u00e2ncia dos ventos, em abril, agosto e setembro. O primeiro regime, proveniente da regi\u00e3o oriental do anticiclone, provoca os al\u00edsios de SE e ocorre de maio \u00e0 julho. Enquanto o segundo, oriundo da parte setentrional do anticiclone, origina os ventos de NE, al\u00edsios de retorno, no per\u00edodo de outubro a mar\u00e7o.<\/span><\/span><\/p>\n<p style=\"text-align: justify;\"><span style=\"font-family: comic sans ms,sans-serif;\"><span style=\"font-size: x-small;\"><span style=\"color: #888888;\"><strong><br \/>\nRefer\u00eancias Bibliogr\u00e1ficas:<\/strong><\/span><\/span><\/span><\/p>\n<p style=\"text-align: justify;\"><span style=\"font-family: comic sans ms,sans-serif;\"><span style=\"font-size: x-small;\"><span style=\"color: #888888;\"><span style=\"font-family: comic sans ms,sans-serif;\"><span style=\"font-size: x-small;\"><span style=\"color: #888888;\">FILHO, A. C. P. Contribui\u00e7\u00e3o ao estudo da din\u00e2mica praial. (Programa de P\u00f3s-Gradua\u00e7\u00e3o em Geologia Ambiental), Universidade Federal do Paran\u00e1, Curitiba, 1995.<\/span><\/span><\/span><\/span><\/span><\/span><\/p>\n<p style=\"text-align: justify;\"><span style=\"font-family: comic sans ms,sans-serif;\"><span style=\"font-size: x-small;\"><span style=\"color: #888888;\"><span style=\"font-family: comic sans ms,sans-serif;\"><span style=\"font-size: x-small;\"><span style=\"color: #888888;\">FONTES, A. L.; CORREIA, A. L. F. Diagn\u00f3stico ambiental f\u00edsico do munic\u00edpio de Aracaju como subs\u00eddio ao estudo de impacto ambiental na zona costeira do Estado de Sergipe. In: Encuentro de Ge\u00f3grafos da Am\u00e9rica Latina, XII, 2009, Montevideu. Encuentro de Ge\u00f3grafos de Am\u00e9rica Latina, XII. Montevideu : Imprensa Gega, 2009. v. v 1. p. 125-140. Dispon\u00edvel em: &lt;egal2009.easyplanners.info\/&#8230;\/7484_Fontes_Aracy_Losano_Fontes.doc&gt;. Acesso em: 15 jan. 2011.<\/span><\/span><\/span><\/span><\/span><\/span><\/p>\n<p style=\"text-align: justify;\"><span style=\"font-family: comic sans ms,sans-serif;\"><span style=\"font-size: x-small;\"><span style=\"color: #888888;\"><span style=\"font-family: comic sans ms,sans-serif;\"><span style=\"font-size: x-small;\"><span style=\"color: #888888;\">PLANAVE. Estudos e Projetos de Engenharia &#8211; Estudo da Evolu\u00e7\u00e3o Costeira do Litoral Sergipano. Relat\u00f3rio Final, 1992.<\/span><\/span><\/span><\/span><\/span><\/span><\/p>\n<p style=\"text-align: justify;\"><span style=\"font-family: comic sans ms,sans-serif;\"><span style=\"font-size: x-small;\"><span style=\"color: #888888;\"><span style=\"font-family: comic sans ms,sans-serif;\"><span style=\"font-size: x-small;\"><span style=\"color: #888888;\">\u00a0<\/span><\/span><\/span><\/span><\/span><\/span><\/p>\n<p style=\"text-align: center;\"><span style=\"font-family: comic sans ms,sans-serif;\"><span style=\"font-size: x-small;\"><span style=\"color: #888888;\"><span style=\"font-family: comic sans ms,sans-serif;\"><span style=\"font-size: x-small;\"><span style=\"color: #888888;\"><a href=\"http:\/\/www.labec.com.br\/biodigital\/ambientes\/praia\/\"><span style=\"font-size: medium;\"><strong><span style=\"color: #808000;\">VOLTAR<\/span><\/strong><\/span><\/a><\/span><\/span><\/span><\/span><\/span><\/span><\/p>\n","protected":false},"excerpt":{"rendered":"<p>Praia do Litoral Norte Sergipano Os ventos atuam como importantes agentes na din\u00e2mica sedimentar das praias, participando do processo de gera\u00e7\u00e3o de ondas e do transporte (por salta\u00e7\u00e3o ou arraste) de significativa quantidade de areia na regi\u00e3o costeira, o que pode refletir na forma\u00e7\u00e3o de dunas. A costa sergipana n\u00e3o apresenta ventos muito fortes, com [&hellip;]<\/p>\n","protected":false},"author":2,"featured_media":0,"parent":1818,"menu_order":0,"comment_status":"open","ping_status":"open","template":"","meta":{"ngg_post_thumbnail":0},"_links":{"self":[{"href":"http:\/\/www.labec.com.br\/biodigital\/wp-json\/wp\/v2\/pages\/1854"}],"collection":[{"href":"http:\/\/www.labec.com.br\/biodigital\/wp-json\/wp\/v2\/pages"}],"about":[{"href":"http:\/\/www.labec.com.br\/biodigital\/wp-json\/wp\/v2\/types\/page"}],"author":[{"embeddable":true,"href":"http:\/\/www.labec.com.br\/biodigital\/wp-json\/wp\/v2\/users\/2"}],"replies":[{"embeddable":true,"href":"http:\/\/www.labec.com.br\/biodigital\/wp-json\/wp\/v2\/comments?post=1854"}],"version-history":[{"count":4,"href":"http:\/\/www.labec.com.br\/biodigital\/wp-json\/wp\/v2\/pages\/1854\/revisions"}],"predecessor-version":[{"id":1857,"href":"http:\/\/www.labec.com.br\/biodigital\/wp-json\/wp\/v2\/pages\/1854\/revisions\/1857"}],"up":[{"embeddable":true,"href":"http:\/\/www.labec.com.br\/biodigital\/wp-json\/wp\/v2\/pages\/1818"}],"wp:attachment":[{"href":"http:\/\/www.labec.com.br\/biodigital\/wp-json\/wp\/v2\/media?parent=1854"}],"curies":[{"name":"wp","href":"https:\/\/api.w.org\/{rel}","templated":true}]}}

<p style="text-align: center;"><span style="font-size: small;"><span style="font-family: comic sans ms,sans-serif;"><a href="http://www.labec.com.br/biodigital/wordpress/wp-content/uploads/2011/01/vento.jpg"><img decoding="async" loading="lazy" class="size-medium wp-image-1855  aligncenter" title="vento" src="http://www.labec.com.br/biodigital/wordpress/wp-content/uploads/2011/01/vento-300x225.jpg" alt="vento" width="300" height="225" srcset="http://www.labec.com.br/biodigital/wordpress/wp-content/uploads/2011/01/vento-300x225.jpg 300w, http://www.labec.com.br/biodigital/wordpress/wp-content/uploads/2011/01/vento-1024x768.jpg 1024w, http://www.labec.com.br/biodigital/wordpress/wp-content/uploads/2011/01/vento.jpg 1277w" sizes="(max-width: 300px) 100vw, 300px" /></a></span></span><span style="font-size: small;"><span style="font-family: comic sans ms,sans-serif;"><span style="font-size: x-small;"><span style="color: #888888;"><br />
Praia do Litoral Norte Sergipano</span></span></span></span></p>
<p style="text-align: justify;"><span style="font-size: small;"><span style="font-family: comic sans ms,sans-serif;"><br />
Os ventos atuam como importantes agentes na dinâmica sedimentar das praias, participando do processo de geração de ondas e do transporte (por saltação ou arraste) de significativa quantidade de areia na região costeira, o que pode refletir na formação de dunas. <br />
A costa sergipana não apresenta ventos muito fortes, com a velocidade muito elevada, sendo normalmente considerada uma região meteorologicamente calma. Durante todo o ano, é controlada pelo anticiclone semifixo do Atlântico Sul, com dois regimes bem definidos e uma situação intermediária, com alternância dos ventos, em abril, agosto e setembro. O primeiro regime, proveniente da região oriental do anticiclone, provoca os alísios de SE e ocorre de maio à julho. Enquanto o segundo, oriundo da parte setentrional do anticiclone, origina os ventos de NE, alísios de retorno, no período de outubro a março.</span></span></p>
<p style="text-align: justify;"><span style="font-family: comic sans ms,sans-serif;"><span style="font-size: x-small;"><span style="color: #888888;"><strong><br />
Referências Bibliográficas:</strong></span></span></span></p>
<p style="text-align: justify;"><span style="font-family: comic sans ms,sans-serif;"><span style="font-size: x-small;"><span style="color: #888888;"><span style="font-family: comic sans ms,sans-serif;"><span style="font-size: x-small;"><span style="color: #888888;">FILHO, A. C. P. Contribuição ao estudo da dinâmica praial. (Programa de Pós-Graduação em Geologia Ambiental), Universidade Federal do Paraná, Curitiba, 1995.</span></span></span></span></span></span></p>
<p style="text-align: justify;"><span style="font-family: comic sans ms,sans-serif;"><span style="font-size: x-small;"><span style="color: #888888;"><span style="font-family: comic sans ms,sans-serif;"><span style="font-size: x-small;"><span style="color: #888888;">FONTES, A. L.; CORREIA, A. L. F. Diagnóstico ambiental físico do município de Aracaju como subsídio ao estudo de impacto ambiental na zona costeira do Estado de Sergipe. In: Encuentro de Geógrafos da América Latina, XII, 2009, Montevideu. Encuentro de Geógrafos de América Latina, XII. Montevideu : Imprensa Gega, 2009. v. v 1. p. 125-140. Disponível em: &lt;egal2009.easyplanners.info/&#8230;/7484_Fontes_Aracy_Losano_Fontes.doc&gt;. Acesso em: 15 jan. 2011.</span></span></span></span></span></span></p>
<p style="text-align: justify;"><span style="font-family: comic sans ms,sans-serif;"><span style="font-size: x-small;"><span style="color: #888888;"><span style="font-family: comic sans ms,sans-serif;"><span style="font-size: x-small;"><span style="color: #888888;">PLANAVE. Estudos e Projetos de Engenharia &#8211; Estudo da Evolução Costeira do Litoral Sergipano. Relatório Final, 1992.</span></span></span></span></span></span></p>
<p style="text-align: justify;"><span style="font-family: comic sans ms,sans-serif;"><span style="font-size: x-small;"><span style="color: #888888;"><span style="font-family: comic sans ms,sans-serif;"><span style="font-size: x-small;"><span style="color: #888888;"> </span></span></span></span></span></span></p>
<p style="text-align: center;"><span style="font-family: comic sans ms,sans-serif;"><span style="font-size: x-small;"><span style="color: #888888;"><span style="font-family: comic sans ms,sans-serif;"><span style="font-size: x-small;"><span style="color: #888888;"><a href="http://www.labec.com.br/biodigital/ambientes/praia/"><span style="font-size: medium;"><strong><span style="color: #808000;">VOLTAR</span></strong></span></a></span></span></span></span></span></span></p>

<p>Praia do Litoral Norte Sergipano Os ventos atuam como importantes agentes na dinâmica sedimentar das praias, participando do processo de geração de ondas e do transporte (por saltação ou arraste) de significativa quantidade de areia na região costeira, o que pode refletir na formação de dunas. A costa sergipana não apresenta ventos muito fortes, com [&hellip;]</p>
