{"id":170,"date":"2008-11-17T11:56:31","date_gmt":"2008-11-17T17:56:31","guid":{"rendered":"http:\/\/www.labec.com.br\/biodigital\/?page_id=170"},"modified":"2012-04-11T11:42:45","modified_gmt":"2012-04-11T14:42:45","slug":"ophiuroidea","status":"publish","type":"page","link":"http:\/\/www.labec.com.br\/biodigital\/fauna\/echinodermata\/ophiuroidea\/","title":{"rendered":"Ophiuroidea"},"content":{"rendered":"<h1 style=\"margin: 0cm 0cm 0pt;\"><a href=\"http:\/\/www.labec.com.br\/biodigital\/wordpress\/wp-content\/uploads\/2008\/11\/bichosss-0871.jpg\"><img decoding=\"async\" loading=\"lazy\" class=\"size-thumbnail wp-image-2148 aligncenter\" title=\"bichosss 087\" src=\"http:\/\/www.labec.com.br\/biodigital\/wordpress\/wp-content\/uploads\/2008\/11\/bichosss-0871-150x150.jpg\" alt=\"\" width=\"150\" height=\"150\" \/><\/a><\/h1>\n<p>&nbsp;<\/p>\n<h1 style=\"margin: 0cm 0cm 0pt;\"><span style=\"font-size: medium;\"><span style=\"font-family: Comic Sans MS;\">Classifica\u00e7\u00e3o<\/span><\/span><\/h1>\n<p class=\"MsoNormal\" style=\"margin: 0cm 0cm 0pt; text-align: justify;\"><span style=\"font-size: small;\"><strong><span style=\"font-family: 'Comic Sans MS';\">Reino: <\/span><\/strong><span style=\"font-family: 'Comic Sans MS';\">Animalia<\/span><\/span><\/p>\n<p class=\"MsoNormal\" style=\"margin: 0cm 0cm 0pt; text-align: justify;\"><span style=\"font-size: small;\"><strong><span style=\"font-family: 'Comic Sans MS';\">Filo:<\/span><\/strong><span style=\"font-family: 'Comic Sans MS';\"> Echinodermata<\/span><\/span><\/p>\n<p class=\"MsoNormal\" style=\"margin: 0cm 0cm 0pt; text-align: justify;\"><span style=\"font-size: small;\"><strong><span style=\"font-family: 'Comic Sans MS';\">Classe:<\/span><\/strong><span style=\"font-family: 'Comic Sans MS';\"> Ophiuroidea<\/span><\/span><\/p>\n<p class=\"MsoNormal\" style=\"margin: 0cm 0cm 0pt; text-align: justify;\"><span style=\"font-family: 'Comic Sans MS';\"><span style=\"font-size: small;\">\u00a0<\/span><\/span><\/p>\n<h2 style=\"margin: 0cm 0cm 0pt; text-align: justify;\"><span style=\"font-size: medium;\"><strong><span style=\"font-family: Comic Sans MS;\">Descri\u00e7\u00e3o da classe<\/span><\/strong><\/span><\/h2>\n<p class=\"MsoNormal\" style=\"margin: 0cm 0cm 0pt; text-align: justify;\"><span style=\"font-family: 'Comic Sans MS';\"><span style=\"font-size: small;\">Os Ophiuroidea s\u00e3o Echinodermata com bra\u00e7os bem definidos, nitidamente distintos do disco e geralmente em n\u00famero de cinco (por\u00e9m podem apresentar v\u00e1rios tipos de ramifica\u00e7\u00e3o), alongados e estreitos, constitu\u00eddos de oss\u00edculos e por placas laterais, ventrais e dorsais. N\u00e3o apresentam sulco ambulacral na face ventral dos bra\u00e7os, os aparelhos digestivos e reprodutor est\u00e3o confinados no disco e os bra\u00e7os s\u00e3o bastante m\u00f3veis.<\/span><\/span><\/p>\n<p class=\"MsoNormal\" style=\"margin: 0cm 0cm 0pt; text-align: justify;\"><span style=\"font-family: 'Comic Sans MS';\"><span style=\"font-size: small;\">Vivem nos mais diversos tipos de substratos, sendo que v\u00e1rias esp\u00e9cies s\u00e3o conhecidas como epiz\u00f3icas (vivem sobre gorg\u00f4nias), ep\u00edfitas (vivem sobre algas), no interior de Por\u00edfera, de algas calc\u00e1rias, debaixo de pedras, enterradas com os bra\u00e7os de fora do sedimento para capturar alimento, etc. podem ser suspens\u00edvoros, detrit\u00f3fagos, carn\u00edvoros e mesmo pisc\u00edvoros. Algumas esp\u00e9cies de Ophiuroide da epifauna de fundos n\u00e3o consolidados formam densas popula\u00e7\u00f5es (os bancos de ofiur\u00f3ides). No Ant\u00e1rtico est\u00e3o entre os mais abundantes animais da comunidades b\u00eanticas. Constituem o grupo mais diversificado e abundante dos Echinodermata recentes. <\/span><\/span><\/p>\n<p class=\"MsoNormal\" style=\"margin: 0cm 0cm 0pt; text-align: justify;\"><span style=\"font-family: 'Comic Sans MS'; mso-bidi-font-size: 11.0pt;\"><span style=\"font-size: small;\">\u00a0<\/span><\/span><\/p>\n<h1 style=\"margin: 0cm 0cm 0pt;\"><span style=\"font-size: medium;\"><span style=\"font-family: Comic Sans MS;\">Distribui\u00e7\u00e3o Geogr\u00e1fica<\/span><\/span><\/h1>\n<p class=\"MsoNormal\" style=\"margin: 0cm 0cm 0pt; text-align: justify;\"><span style=\"font-family: 'Comic Sans MS';\"><span style=\"font-size: small;\">Os Ophiuroidea vivem no m\u00e9dio litoral inferior \u2013 infralitoral superior at\u00e9 pouco mais de 8.000 metros de profundidade.<span style=\"mso-spacerun: yes;\">\u00a0 <\/span>Ocorrem no estado de Sergipe.<\/span><\/span><\/p>\n<p class=\"MsoNormal\" style=\"margin: 0cm 0cm 0pt; text-align: justify;\"><span style=\"font-family: 'Comic Sans MS'; mso-bidi-font-size: 10.0pt; mso-bidi-font-family: Tahoma;\"><span style=\"font-size: small;\">\u00a0<\/span><\/span><\/p>\n<h1 style=\"margin: 0cm 0cm 0pt;\"><span style=\"font-size: medium;\"><span style=\"font-family: Comic Sans MS;\">Nome Popular<\/span><\/span><\/h1>\n<p class=\"MsoNormal\" style=\"margin: 0cm 0cm 0pt; text-align: justify;\"><span style=\"font-family: 'Comic Sans MS';\"><span style=\"font-size: small;\">Estrela-do-mar quebradi\u00e7a, estrela-cesto, ofi\u00faro<\/span><\/span><\/p>\n<p class=\"MsoNormal\" style=\"margin: 0cm 0cm 0pt; text-align: justify;\"><span style=\"font-family: 'Comic Sans MS'; mso-bidi-font-family: Arial;\"><span style=\"font-size: small;\">\u00a0<\/span><\/span><\/p>\n<p class=\"MsoNormal\" style=\"margin: 0cm 0cm 0pt; text-align: justify;\"><span style=\"font-size: x-small; color: #888888;\"><strong><span style=\"font-family: 'Comic Sans MS';\">Refer\u00eancia<\/span><\/strong><\/span><\/p>\n<p class=\"MsoNormal\" style=\"margin: 0cm 0cm 0pt; text-align: justify;\"><span style=\"font-size: x-small; color: #888888;\"><strong><span style=\"font-family: 'Comic Sans MS';\">Estrela do mar.<\/span><\/strong><span style=\"font-family: 'Comic Sans MS';\"> Dispon\u00edvel em: <a href=\"http:\/\/www.showaquatico.hpg.ig.com.br\/estrelas.html\"><span style=\"color: #888888;\">http:\/\/www.showaquatico.hpg.ig.com.br\/estrelas.html<\/span><\/a>. Acessado em: 28\/10\/02.<\/span><\/span><\/p>\n<p class=\"MsoNormal\" style=\"margin: 0cm 0cm 0pt; text-align: justify;\"><span style=\"font-family: 'Comic Sans MS'; font-size: x-small; color: #888888;\"><br \/>\n <\/span><\/p>\n<p class=\"MsoNormal\" style=\"margin: 0cm 0cm 0pt; text-align: justify;\"><span style=\"font-family: 'Comic Sans MS'; font-size: x-small; color: #888888;\">RUPERT, E. E. &amp; BARNES, R. D. <strong>Zoologia dos invertebrados. <\/strong>6. ed. S\u00e3o Paulo: Roca, 1996.<\/span><\/p>\n<p class=\"MsoNormal\" style=\"margin: 0cm 0cm 0pt; text-align: justify;\"><span style=\"font-family: 'Comic Sans MS'; font-size: x-small; color: #888888;\"><br \/>\n <\/span><\/p>\n<p><span style=\"font-size: x-small; font-family: 'Comic Sans MS'; color: #888888;\">TOMMASI, L. R. <strong>Echinodermata recentes e f\u00f3sseis do Brasil.<\/strong> Dispon\u00edvel em: <span style=\"text-decoration: underline;\">http:\/\/www.bdt.fat.org.br\/zoologia\/echinodermata\/<\/span>. Acessado em: 11\/09\/02.<\/span><\/p>\n<p style=\"text-align: center;\"><a href=\"http:\/\/www.labec.com.br\/biodigital\/fauna\/echinodermata\/\"><span style=\"font-family: comic sans ms,sans-serif; font-size: medium; color: #808000;\"><strong>Voltar<\/strong><\/span><\/a><\/p>\n","protected":false},"excerpt":{"rendered":"<p>&nbsp; Classifica\u00e7\u00e3o Reino: Animalia Filo: Echinodermata Classe: Ophiuroidea \u00a0 Descri\u00e7\u00e3o da classe Os Ophiuroidea s\u00e3o Echinodermata com bra\u00e7os bem definidos, nitidamente distintos do disco e geralmente em n\u00famero de cinco (por\u00e9m podem apresentar v\u00e1rios tipos de ramifica\u00e7\u00e3o), alongados e estreitos, constitu\u00eddos de oss\u00edculos e por placas laterais, ventrais e dorsais. N\u00e3o apresentam sulco ambulacral na [&hellip;]<\/p>\n","protected":false},"author":2,"featured_media":0,"parent":128,"menu_order":0,"comment_status":"open","ping_status":"open","template":"","meta":{"ngg_post_thumbnail":0},"_links":{"self":[{"href":"http:\/\/www.labec.com.br\/biodigital\/wp-json\/wp\/v2\/pages\/170"}],"collection":[{"href":"http:\/\/www.labec.com.br\/biodigital\/wp-json\/wp\/v2\/pages"}],"about":[{"href":"http:\/\/www.labec.com.br\/biodigital\/wp-json\/wp\/v2\/types\/page"}],"author":[{"embeddable":true,"href":"http:\/\/www.labec.com.br\/biodigital\/wp-json\/wp\/v2\/users\/2"}],"replies":[{"embeddable":true,"href":"http:\/\/www.labec.com.br\/biodigital\/wp-json\/wp\/v2\/comments?post=170"}],"version-history":[{"count":4,"href":"http:\/\/www.labec.com.br\/biodigital\/wp-json\/wp\/v2\/pages\/170\/revisions"}],"predecessor-version":[{"id":2144,"href":"http:\/\/www.labec.com.br\/biodigital\/wp-json\/wp\/v2\/pages\/170\/revisions\/2144"}],"up":[{"embeddable":true,"href":"http:\/\/www.labec.com.br\/biodigital\/wp-json\/wp\/v2\/pages\/128"}],"wp:attachment":[{"href":"http:\/\/www.labec.com.br\/biodigital\/wp-json\/wp\/v2\/media?parent=170"}],"curies":[{"name":"wp","href":"https:\/\/api.w.org\/{rel}","templated":true}]}}