{"id":1190,"date":"2009-07-05T17:23:06","date_gmt":"2009-07-05T20:23:06","guid":{"rendered":"http:\/\/www.labec.com.br\/biodigital\/?page_id=1190"},"modified":"2009-07-05T21:48:59","modified_gmt":"2009-07-06T00:48:59","slug":"tellinalineata","status":"publish","type":"page","link":"http:\/\/www.labec.com.br\/biodigital\/ambientes\/manguezais\/faunamanguezal\/invertebradosdomanguezal\/tellinalineata\/","title":{"rendered":"Tellina lineata"},"content":{"rendered":"<p style=\"text-align: center;\"><span style=\"font-family: comic sans ms,sans-serif;\"><span style=\"font-size: small;\"><strong><img decoding=\"async\" loading=\"lazy\" class=\"size-medium wp-image-1295 aligncenter\" title=\"Tellina lineata\" src=\"http:\/\/www.labec.com.br\/biodigital\/wordpress\/wp-content\/uploads\/2009\/07\/Tellina-lineata-300x225.jpg\" alt=\"Tellina lineata\" width=\"300\" height=\"225\" srcset=\"http:\/\/www.labec.com.br\/biodigital\/wordpress\/wp-content\/uploads\/2009\/07\/Tellina-lineata-300x225.jpg 300w, http:\/\/www.labec.com.br\/biodigital\/wordpress\/wp-content\/uploads\/2009\/07\/Tellina-lineata.jpg 640w\" sizes=\"(max-width: 300px) 100vw, 300px\" \/><\/strong><\/span><\/span><\/p>\n<p><span style=\"font-family: comic sans ms,sans-serif;\"><span style=\"font-size: small;\"><strong>Classifica\u00e7\u00e3o taxon\u00f4mica<\/strong> <br \/>\n\u00a0<br \/>\n<strong>Reino:<\/strong> Animalia<br \/>\n<strong>Filo: <\/strong>Mollusca<br \/>\n<strong>Classe:<\/strong> Bivalvia<br \/>\n<strong>Ordem:<\/strong> Veneroidea <br \/>\n<strong>Fam\u00edlia:<\/strong> Tellinidae<br \/>\n<strong>G\u00eanero:<\/strong> Tellina <br \/>\n<strong>Esp\u00e9cie:<\/strong> <em>Tellina lineata<\/em> (Turton)<\/span><\/span><\/p>\n<p><span style=\"font-family: comic sans ms,sans-serif;\"><span style=\"font-size: small;\"><strong>Descri\u00e7\u00e3o<br \/>\n<\/strong>Ocupa fundos arenosos e lodosos, vivendo sobre ou enterrado no sedimento. Alimenta-se de dep\u00f3sitos a partir de seu sif\u00e3o.<\/span><\/span><\/p>\n<p><span style=\"font-family: comic sans ms,sans-serif;\"><span style=\"font-size: small;\"><strong>Distribui\u00e7\u00e3o geogr\u00e1fica<br \/>\n<\/strong>Oceano Pac\u00edfico, Oceano Atl\u00e2ntico, Am\u00e9rica Central, Venezuela, Brasil( do Cear\u00e1 a Santa Catarina).\u00a0\u00a0\u00a0<\/span><\/span><\/p>\n<p><span style=\"font-family: comic sans ms,sans-serif;\"><span style=\"font-size: small;\"><strong>Distribui\u00e7\u00e3o local<\/strong><br \/>\nOcorre em Sergipe<\/span><\/span><\/p>\n<p><span style=\"font-family: comic sans ms,sans-serif;\"><span style=\"font-size: small;\"><strong>Import\u00e2ncia<\/strong><br \/>\nFiltrador das \u00e1reas de manguezal<\/span><\/span><\/p>\n<p><span style=\"font-family: comic sans ms,sans-serif;\"><span style=\"font-size: small;\"><strong>Curiosidade<\/strong><br \/>\nApresenta varia\u00e7\u00f5es na cor e na concha<\/span><\/span><\/p>\n<p><span style=\"font-family: comic sans ms,sans-serif;\"><span style=\"font-size: x-small;\"><span style=\"color: #888888;\">Referencias bibliogr\u00e1ficas<\/span><\/span><\/span><\/p>\n<p><span style=\"font-family: comic sans ms,sans-serif;\"><span style=\"font-size: x-small;\"><span style=\"color: #888888;\">http:\/\/www.conchasbrasil.org.br<\/span><\/span><\/span><\/p>\n<p><span style=\"font-family: comic sans ms,sans-serif;\"><span style=\"font-size: x-small;\"><span style=\"color: #888888;\">http:\/\/books.google.com.br\/books?id=SUOjxxkSIysC&amp;pg=PA71&amp;lpg=PA71&amp;dq=tellina+lineata+distribui%C3%A7%C3%A3o&amp;source=bl&amp;ots=ql_ovc88c9&amp;sig=hZucdoOEOE15MTb8OWyFEf1ZDtw&amp;hl=ptBR&amp;ei=hfVQSsTKC4u0tgfsp_SnBA&amp;sa=X&amp;oi=book_result&amp;ct=result&amp;resnum=2<\/span><\/span><\/span><\/p>\n","protected":false},"excerpt":{"rendered":"<p>Classifica\u00e7\u00e3o taxon\u00f4mica \u00a0 Reino: Animalia Filo: Mollusca Classe: Bivalvia Ordem: Veneroidea Fam\u00edlia: Tellinidae G\u00eanero: Tellina Esp\u00e9cie: Tellina lineata (Turton) Descri\u00e7\u00e3o Ocupa fundos arenosos e lodosos, vivendo sobre ou enterrado no sedimento. Alimenta-se de dep\u00f3sitos a partir de seu sif\u00e3o. Distribui\u00e7\u00e3o geogr\u00e1fica Oceano Pac\u00edfico, Oceano Atl\u00e2ntico, Am\u00e9rica Central, Venezuela, Brasil( do Cear\u00e1 a Santa Catarina).\u00a0\u00a0\u00a0 Distribui\u00e7\u00e3o [&hellip;]<\/p>\n","protected":false},"author":3,"featured_media":0,"parent":977,"menu_order":0,"comment_status":"open","ping_status":"open","template":"","meta":{"ngg_post_thumbnail":0},"_links":{"self":[{"href":"http:\/\/www.labec.com.br\/biodigital\/wp-json\/wp\/v2\/pages\/1190"}],"collection":[{"href":"http:\/\/www.labec.com.br\/biodigital\/wp-json\/wp\/v2\/pages"}],"about":[{"href":"http:\/\/www.labec.com.br\/biodigital\/wp-json\/wp\/v2\/types\/page"}],"author":[{"embeddable":true,"href":"http:\/\/www.labec.com.br\/biodigital\/wp-json\/wp\/v2\/users\/3"}],"replies":[{"embeddable":true,"href":"http:\/\/www.labec.com.br\/biodigital\/wp-json\/wp\/v2\/comments?post=1190"}],"version-history":[{"count":3,"href":"http:\/\/www.labec.com.br\/biodigital\/wp-json\/wp\/v2\/pages\/1190\/revisions"}],"predecessor-version":[{"id":1192,"href":"http:\/\/www.labec.com.br\/biodigital\/wp-json\/wp\/v2\/pages\/1190\/revisions\/1192"}],"up":[{"embeddable":true,"href":"http:\/\/www.labec.com.br\/biodigital\/wp-json\/wp\/v2\/pages\/977"}],"wp:attachment":[{"href":"http:\/\/www.labec.com.br\/biodigital\/wp-json\/wp\/v2\/media?parent=1190"}],"curies":[{"name":"wp","href":"https:\/\/api.w.org\/{rel}","templated":true}]}}