{"id":1177,"date":"2009-07-05T17:06:52","date_gmt":"2009-07-05T20:06:52","guid":{"rendered":"http:\/\/www.labec.com.br\/biodigital\/?page_id=1177"},"modified":"2009-09-27T14:06:31","modified_gmt":"2009-09-27T17:06:31","slug":"litorinaangulifera","status":"publish","type":"page","link":"http:\/\/www.labec.com.br\/biodigital\/ambientes\/manguezais\/faunamanguezal\/invertebradosdomanguezal\/litorinaangulifera\/","title":{"rendered":"Litorina angulifera"},"content":{"rendered":"<p style=\"text-align: center;\"><span style=\"font-family: comic sans ms,sans-serif;\"><span style=\"font-size: small;\"><strong><img decoding=\"async\" loading=\"lazy\" class=\"size-full wp-image-1270 aligncenter\" title=\"DSC00902\" src=\"http:\/\/www.labec.com.br\/biodigital\/wordpress\/wp-content\/uploads\/2009\/07\/DSC00902.bmp\" alt=\"DSC00902\" width=\"293\" height=\"227\" \/><\/strong><\/span><\/span><\/p>\n<p><span style=\"font-family: comic sans ms,sans-serif;\"><span style=\"font-size: small;\"><strong>Classifica\u00e7\u00e3o taxon\u00f4mica <br \/>\n\u00a0<br \/>\nReino:<\/strong> Animalia<br \/>\n<strong>Filo:<\/strong> Mollusca<br \/>\n<strong>Classe<\/strong>: Gastropoda<br \/>\n<strong>Ordem:<\/strong> Mesogastropoda\u00a0 <br \/>\n<strong>Fam\u00edlia:<\/strong> Littorinidae<br \/>\n<strong>G\u00eanero:<\/strong> Litorina <br \/>\n<strong>Esp\u00e9cie:<\/strong>\u00a0<em>Lirorina angulifera<\/em>\u00a0(Lamarck)<\/span><\/span><\/p>\n<p><span style=\"font-family: comic sans ms,sans-serif;\"><span style=\"font-size: small;\"><strong>Descri\u00e7\u00e3o<br \/>\n<\/strong>Vive sobre pedras e plantas.<\/span><\/span><\/p>\n<p><span style=\"font-family: comic sans ms,sans-serif;\"><span style=\"font-size: small;\"><strong>Distribui\u00e7\u00e3o<\/strong> <strong>local<br \/>\n<\/strong>Ocorre em Sergipe<\/span><\/span><\/p>\n<p><span style=\"font-family: comic sans ms,sans-serif;\"><span style=\"font-size: small;\"><strong>Nome popular<\/strong><br \/>\nCaraco<\/span><\/span><\/p>\n<p><span style=\"font-family: comic sans ms,sans-serif;\"><span style=\"font-size: small;\"><strong>Import\u00e2ncia<\/strong><br \/>\nFaz parte da cadeia alimentar do manguezal<\/span><\/span><\/p>\n<p><span style=\"font-family: comic sans ms,sans-serif;\"><span style=\"font-size: small;\"><strong>Curiosidade<\/strong><br \/>\nGastropoda herb\u00edvoro<\/span><\/span><\/p>\n<p><span style=\"color: #888888;\"><span style=\"font-size: x-small;\">Referencias bibliogr\u00e1ficas<\/span><\/span><\/p>\n<p><span style=\"color: #888888;\"><span style=\"font-size: x-small;\">SANTOS, W. S. ; TEN\u00d3RIO, D. O.Moluscos dos substratos inconsolidados do mediolitoral do estu\u00e1rio do Rio Jaboat\u00e3o, Pernambuco \u2013 Brasil. Biblioteca Digital de Teses e Disserta\u00e7\u00f5es da UFPE, 2006.<\/span><\/span><\/p>\n<p><span style=\"color: #888888;\"><span style=\"font-size: x-small;\">\u00a0<\/span><\/span><\/p>\n<p style=\"text-align: center;\"><span style=\"color: #888888;\"><span style=\"font-size: x-small;\"><span style=\"font-family: comic sans ms,sans-serif;\"><span style=\"font-size: medium;\"><strong><a href=\"http:\/\/www.labec.com.br\/biodigital\/fauna\/mollusca\/gastropoda\/\"><span style=\"color: #808000;\">VOLTAR<\/span><\/a><\/strong><\/span><\/span><\/span><\/span><\/p>\n","protected":false},"excerpt":{"rendered":"<p>Classifica\u00e7\u00e3o taxon\u00f4mica \u00a0 Reino: Animalia Filo: Mollusca Classe: Gastropoda Ordem: Mesogastropoda\u00a0 Fam\u00edlia: Littorinidae G\u00eanero: Litorina Esp\u00e9cie:\u00a0Lirorina angulifera\u00a0(Lamarck) Descri\u00e7\u00e3o Vive sobre pedras e plantas. Distribui\u00e7\u00e3o local Ocorre em Sergipe Nome popular Caraco Import\u00e2ncia Faz parte da cadeia alimentar do manguezal Curiosidade Gastropoda herb\u00edvoro Referencias bibliogr\u00e1ficas SANTOS, W. S. ; TEN\u00d3RIO, D. O.Moluscos dos substratos inconsolidados do [&hellip;]<\/p>\n","protected":false},"author":3,"featured_media":0,"parent":977,"menu_order":0,"comment_status":"open","ping_status":"open","template":"","meta":{"ngg_post_thumbnail":0},"_links":{"self":[{"href":"http:\/\/www.labec.com.br\/biodigital\/wp-json\/wp\/v2\/pages\/1177"}],"collection":[{"href":"http:\/\/www.labec.com.br\/biodigital\/wp-json\/wp\/v2\/pages"}],"about":[{"href":"http:\/\/www.labec.com.br\/biodigital\/wp-json\/wp\/v2\/types\/page"}],"author":[{"embeddable":true,"href":"http:\/\/www.labec.com.br\/biodigital\/wp-json\/wp\/v2\/users\/3"}],"replies":[{"embeddable":true,"href":"http:\/\/www.labec.com.br\/biodigital\/wp-json\/wp\/v2\/comments?post=1177"}],"version-history":[{"count":9,"href":"http:\/\/www.labec.com.br\/biodigital\/wp-json\/wp\/v2\/pages\/1177\/revisions"}],"predecessor-version":[{"id":1180,"href":"http:\/\/www.labec.com.br\/biodigital\/wp-json\/wp\/v2\/pages\/1177\/revisions\/1180"}],"up":[{"embeddable":true,"href":"http:\/\/www.labec.com.br\/biodigital\/wp-json\/wp\/v2\/pages\/977"}],"wp:attachment":[{"href":"http:\/\/www.labec.com.br\/biodigital\/wp-json\/wp\/v2\/media?parent=1177"}],"curies":[{"name":"wp","href":"https:\/\/api.w.org\/{rel}","templated":true}]}}