{"id":111,"date":"2008-11-12T07:50:10","date_gmt":"2008-11-12T13:50:10","guid":{"rendered":"http:\/\/www.labec.com.br\/biodigital\/?page_id=111"},"modified":"2012-04-25T09:48:49","modified_gmt":"2012-04-25T12:48:49","slug":"lolliguncula-brevis","status":"publish","type":"page","link":"http:\/\/www.labec.com.br\/biodigital\/fauna\/mollusca\/cephalopoda\/lolliguncula-brevis\/","title":{"rendered":"Lolliguncula brevis"},"content":{"rendered":"<h1 style=\"margin: 0cm 0cm 0pt; text-align: center;\"><span style=\"mso-bidi-font-size: 12.0pt;\"><span style=\"font-size: large;\"><span style=\"font-family: Comic Sans MS;\"><a href=\"http:\/\/www.labec.com.br\/biodigital\/wordpress\/wp-content\/uploads\/2008\/11\/014-c1.jpg\"><em><img decoding=\"async\" loading=\"lazy\" class=\"alignnone size-medium wp-image-143\" title=\"014-c1\" src=\"http:\/\/www.labec.com.br\/biodigital\/wordpress\/wp-content\/uploads\/2008\/11\/014-c1-300x225.jpg\" alt=\"\" width=\"300\" height=\"225\" srcset=\"http:\/\/www.labec.com.br\/biodigital\/wordpress\/wp-content\/uploads\/2008\/11\/014-c1-300x225.jpg 300w, http:\/\/www.labec.com.br\/biodigital\/wordpress\/wp-content\/uploads\/2008\/11\/014-c1.jpg 512w\" sizes=\"(max-width: 300px) 100vw, 300px\" \/><\/em><\/a><\/span><\/span><\/span><\/h1>\n<h1 style=\"margin: 0cm 0cm 0pt; text-align: center;\"><span style=\"color: #999999; mso-bidi-font-size: 12.0pt;\"><span style=\"font-family: Comic Sans MS; font-size: large;\"><em><span style=\"font-family: comic sans ms,sans-serif;\"><span style=\"font-size: x-small;\"><span style=\"mso-fareast-language: PT-BR; mso-fareast-font-family: 'Times New Roman'; mso-ansi-language: PT-BR; mso-bidi-language: AR-SA; mso-bidi-font-size: 12.0pt;\">Lolliguncula brevis.<\/span><span style=\"mso-fareast-language: PT-BR; mso-fareast-font-family: 'Times New Roman'; mso-ansi-language: PT-BR; mso-bidi-language: AR-SA; mso-bidi-font-size: 12.0pt;\">Estu\u00e1rio do Vaza-Barris. S\u00e3o Crist\u00f3v\u00e3o-SE<\/span><\/span><\/span><\/em><\/span><\/span><br \/>\n <\/h1>\n<p>&nbsp;<\/p>\n<p style=\"margin: 0cm 0cm 0pt;\"><span style=\"font-size: small;\"><strong><span style=\"font-size: medium;\"><span style=\"font-family: comic sans ms,sans-serif;\">Classifica\u00e7\u00e3o<\/span><br \/>\n <\/span><\/strong><\/span><span style=\"font-size: small;\"><span style=\"font-family: comic sans ms,sans-serif;\"><span style=\"color: #000000;\"><strong>Reino:<\/strong> Animalia<br \/>\n <\/span><\/span><\/span><span style=\"font-size: small;\"><span style=\"font-family: comic sans ms,sans-serif;\"><span style=\"color: #000000;\"><strong>Filo:<\/strong> Mollusca<br \/>\n <\/span><\/span><\/span><span style=\"font-size: small;\"><span style=\"font-family: comic sans ms,sans-serif;\"><span style=\"color: #000000;\"><strong>Classe:<\/strong> Cephalopoda<br \/>\n <\/span><\/span><\/span><span style=\"font-size: small;\"><span style=\"font-family: comic sans ms,sans-serif;\"><span style=\"color: #000000;\"><strong>Ordem:<\/strong> Teuthoidea<br \/>\n <\/span><\/span><\/span><span style=\"font-size: small;\"><span style=\"font-family: comic sans ms,sans-serif;\"><span style=\"color: #000000;\"><strong>Fam\u00edlia:<\/strong> Lolignidae<br \/>\n <\/span><\/span><\/span><span style=\"font-size: small;\"><span style=\"font-family: comic sans ms,sans-serif;\"><span style=\"color: #000000;\"><strong>G\u00eanero:<\/strong> <em>Lolliguncula<br \/>\n <\/em><\/span><\/span><\/span><span style=\"font-size: small;\"><span style=\"font-family: comic sans ms,sans-serif;\"><span style=\"color: #000000;\"><strong>Esp\u00e9cie:<\/strong> <em>Lolliguncula brevis<\/em> <\/span><\/span><\/span><\/p>\n<div style=\"margin: 0cm 0cm 0pt;\"><span style=\"font-size: small;\"><span style=\"font-family: comic sans ms,sans-serif;\"><span style=\"color: #000000;\"><br \/>\n<\/span><\/span><\/span><\/div>\n<p style=\"text-align: justify;\"><span style=\"font-size: small;\"><span style=\"font-family: comic sans ms,sans-serif;\"><span style=\"color: #000000;\"><strong><span style=\"font-size: medium;\">Descri\u00e7\u00e3o da esp\u00e9cie<br \/>\n <\/span><\/strong><\/span><\/span><\/span><span style=\"font-size: small;\"><span style=\"font-family: comic sans ms,sans-serif;\"><span style=\"color: #000000;\">Manto cil\u00edndrico, por\u00e7\u00e3o posterior afilada, geralmente com um sulco longitudinal mediano no dorso, com a margem projetando-se em uma sali\u00eancia mediana e rombuda no dorso e em duas sali\u00eancias pontiagudas de ambos os lados do sif\u00e3o; comprimento entre 32 e 58mm.<br \/>\n <\/span><\/span><\/span><span style=\"font-size: small;\"><span style=\"font-family: comic sans ms,sans-serif;\"><span style=\"color: #000000;\">Nadadeiras amplas, unidas posteriormente, formando uma figura elipsoidal transversal ao eixo maior do manto. Sif\u00e3o curto e grosso, livre na metade do comprimento; cartilagem fechadora do manto reta e simples.<br \/>\n <\/span><\/span><\/span><span style=\"font-size: small;\"><span style=\"font-family: comic sans ms,sans-serif;\"><span style=\"color: #000000;\">Bra\u00e7os em ordem decrescente de tamanho, com ventosas equipadas com an\u00e9is c\u00f3rneos que mostram 6 ou 7 dentes truncados na parte distal. Tent\u00e1culos moderadamente longos, \u201cclubs\u201d grandes, com uma membrana natat\u00f3ria, \u00e0s vezes ausente, no ter\u00e7o distal; quatro fileiras de ventosas, sendo que as ventosas das fileiras laterais s\u00e3o menores que as centrais. An\u00e9is c\u00f3rneos com dent\u00edculos pontiagudos mais evidentes no lado externo das ventosas laterais e no lado distal das centrais.<br \/>\n <\/span><\/span><\/span><span style=\"font-size: small;\"><span style=\"font-family: comic sans ms,sans-serif;\"><span style=\"color: #000000;\">Pena da bainha larga e lados convexos, por\u00e7\u00e3o livre do r\u00e1quis com aproximadamente um sexto do comprimento da pena.<\/span><\/span><\/span><\/p>\n<p><span style=\"font-size: small;\"><span style=\"font-family: comic sans ms,sans-serif;\"><span style=\"color: #000000;\"><strong><span style=\"font-size: medium;\">Distribui\u00e7\u00e3o Geogr\u00e1fica<br \/>\n <\/span><\/strong><\/span><\/span><\/span><span style=\"font-size: small;\"><span style=\"font-family: comic sans ms,sans-serif;\"><span style=\"color: #000000;\">Atl\u00e2ntico Oeste, desde os Estados Unidos at\u00e9 a Argentina.<\/span><\/span><\/span><\/p>\n<p><span style=\"font-size: small;\"><span style=\"font-family: comic sans ms,sans-serif;\"><span style=\"color: #000000;\"><strong><span style=\"font-size: medium;\">Distribui\u00e7\u00e3o local<\/span><br \/>\n <\/strong><\/span><\/span><\/span><span style=\"font-size: small;\"><span style=\"font-family: comic sans ms,sans-serif;\"><span style=\"color: #000000;\">Presente em toda a costa do estado de Sergipe.<\/span><\/span><\/span><\/p>\n<p><span style=\"font-size: small;\"><span style=\"font-family: comic sans ms,sans-serif;\"><span style=\"color: #000000;\"><strong><span style=\"font-size: medium;\">Nome Popular<br \/>\n <\/span><\/strong><\/span><\/span><\/span><span style=\"font-size: small;\"><span style=\"font-family: comic sans ms,sans-serif;\"><span style=\"color: #000000;\">Lula, lulinha.<\/span><\/span><\/span><\/p>\n<p><span style=\"font-size: small;\"><span style=\"font-family: comic sans ms,sans-serif;\"><span style=\"color: #000000;\"><strong><span style=\"font-size: medium;\">Import\u00e2ncia Econ\u00f4mica<br \/>\n <\/span><\/strong><\/span><\/span><\/span><span style=\"font-size: small;\"><span style=\"font-family: comic sans ms,sans-serif;\"><span style=\"color: #000000;\">Esp\u00e9cie comercializada.<\/span><\/span><\/span><\/p>\n<p style=\"text-align: justify;\"><span style=\"font-size: small;\"><span style=\"font-family: comic sans ms,sans-serif;\"><span style=\"color: #000000;\"><strong><span style=\"font-size: medium;\">Curiosidade<br \/>\n <\/span><\/strong><\/span><\/span><\/span><span style=\"font-size: small;\"><span style=\"font-family: comic sans ms,sans-serif;\"><span style=\"color: #000000;\">Na primavera encontram-se em grandes cardumes, dentro de ba\u00edas abrigadas; parecem migrar para \u00e1reas mais profundas durante as outras \u00e9pocas do ano. Suportam salinidades baixas, de at\u00e9 17\u2030.<\/span><\/span><\/span><\/p>\n<p>&nbsp;<\/p>\n<p style=\"text-align: center;\"><span style=\"font-family: comic sans ms,sans-serif; color: #808000; font-size: medium;\"><a href=\"http:\/\/www.labec.com.br\/biodigital\/fauna\/mollusca\/cephalopoda\/\"><span style=\"color: #808000;\">Voltar<\/span><\/a><\/span><\/p>\n<p style=\"text-align: center;\">\u00a0<\/p>\n<p><span style=\"font-size: small;\"><span style=\"font-family: comic sans ms,sans-serif;\"><span style=\"color: #999999;\"><span style=\"font-size: x-small;\"><strong>Refer\u00eancias Bibliogr\u00e1ficas:<\/strong><\/span><\/span><\/span><\/span><\/p>\n<p style=\"margin: 0cm 0cm 0pt;\"><span style=\"font-size: small;\"><span style=\"font-family: comic sans ms,sans-serif;\"><span style=\"color: #999999;\"><span style=\"font-size: x-small;\">AMARAL, C. S. A. Distribui\u00e7\u00e3o espa\u00e7o-temporal e par\u00e2metros biom\u00e9tricos de Lolliguncula brevis (Blainville, 1823) (Cephalopoda \u2013 Loliginidae) na plataforma continental do estado de Sergipe. Sergipe, 2000. 37 f. Monografia (Bacharelado em Biologia) \u2013 Departamento de Biologia, Universidade Federal de Sergipe.<\/span><\/span><\/span><\/span><\/p>\n<p style=\"margin: 0cm 0cm 0pt;\"><span style=\"font-size: small;\"><span style=\"font-family: comic sans ms,sans-serif;\"><span style=\"color: #999999;\"><span style=\"font-size: x-small;\">BOFFI, A. V. Moluscos brasileiros de interesse m\u00e9dico e econ\u00f4mico. S\u00e3o Paulo: Hucitec, 1979<\/span><\/span><\/span><\/span><\/p>\n<p style=\"margin: 0cm 0cm 0pt;\">\u00a0<\/p>\n<p style=\"margin: 0cm 0cm 0pt;\"><span style=\"font-size: small;\"><span style=\"font-family: comic sans ms,sans-serif;\"><span style=\"color: #999999;\"><span style=\"font-size: x-small;\">CEPHBASE \u2013 CEPHALOPOD (OCTOPUS, SQUID, CUTTLEFISH AND NAUTILUS). Dispon\u00edvel em: <\/span><\/span><\/span><\/span><a href=\"http:\/\/www.cephbase.dal.ca\/imgdb\/imgsrch3.cfm?ID=496&amp;PhotographerID=&amp;CephID=208&amp;Location=&amp;Keywords=&amp;LowestTaxa\"><span style=\"font-size: small;\"><span style=\"font-family: comic sans ms,sans-serif;\"><span style=\"color: #999999;\"><span style=\"font-size: x-small;\">http:\/\/www.cephbase.dal.ca\/imgdb\/imgsrch3.cfm?ID=496&amp;PhotographerID=&amp;CephID=208&amp;Location=&amp;Keywords=&amp;LowestTaxa<\/span><\/span><\/span><\/span><\/a><span style=\"font-size: small;\"><span style=\"font-family: comic sans ms,sans-serif;\"><span style=\"color: #999999;\"><span style=\"font-size: x-small;\">. Acessado em: 24\/10\/02.<\/span><\/span><\/span><\/span><span style=\"font-size: small;\"><span style=\"font-family: comic sans ms,sans-serif;\"><span style=\"color: #999999;\"><span style=\"font-size: x-small;\">\u00a0<\/span><\/span><\/span><\/span><\/p>\n<p style=\"margin: 0cm 0cm 0pt;\"><span style=\"font-size: small;\"><span style=\"font-family: comic sans ms,sans-serif;\"><span style=\"color: #999999;\"><span style=\"font-size: x-small;\">CERVIG\u00d3N, F.; CIPRIANI, R.; FISCHER, W.; GARIBALDI, L.; HENDRICKX, M.; LEMUS, A. J.; M\u00c1RQUES, R.; POUTIERS, J. M.; ROBAINA, G. &amp; RODRIGUEZ, B. Guia de campo de las especies comerciales marinas y de aguas salobres de la costa septentrional de Sur America. Roma: Organizacion de las Naciones Unidas para la agricultura y la alimentacion, 1992<\/span><\/span><\/span><\/span><\/p>\n<p style=\"margin: 0cm 0cm 0pt;\">\u00a0<\/p>\n<p style=\"margin: 0cm 0cm 0pt;\"><span style=\"font-size: small;\"><span style=\"font-family: comic sans ms,sans-serif;\"><span style=\"color: #999999;\"><span style=\"font-size: x-small;\">RUPERT, E. E. &amp; BARNES, R. D. Zoologia dos invertebrados. 6. ed. S\u00e3o Paulo: Roca, 1996.<\/span><\/span><\/span><\/span><\/p>\n","protected":false},"excerpt":{"rendered":"<p>Lolliguncula brevis.Estu\u00e1rio do Vaza-Barris. S\u00e3o Crist\u00f3v\u00e3o-SE &nbsp; Classifica\u00e7\u00e3o Reino: Animalia Filo: Mollusca Classe: Cephalopoda Ordem: Teuthoidea Fam\u00edlia: Lolignidae G\u00eanero: Lolliguncula Esp\u00e9cie: Lolliguncula brevis Descri\u00e7\u00e3o da esp\u00e9cie Manto cil\u00edndrico, por\u00e7\u00e3o posterior afilada, geralmente com um sulco longitudinal mediano no dorso, com a margem projetando-se em uma sali\u00eancia mediana e rombuda no dorso e em duas sali\u00eancias [&hellip;]<\/p>\n","protected":false},"author":2,"featured_media":0,"parent":92,"menu_order":0,"comment_status":"open","ping_status":"open","template":"","meta":{"ngg_post_thumbnail":0},"_links":{"self":[{"href":"http:\/\/www.labec.com.br\/biodigital\/wp-json\/wp\/v2\/pages\/111"}],"collection":[{"href":"http:\/\/www.labec.com.br\/biodigital\/wp-json\/wp\/v2\/pages"}],"about":[{"href":"http:\/\/www.labec.com.br\/biodigital\/wp-json\/wp\/v2\/types\/page"}],"author":[{"embeddable":true,"href":"http:\/\/www.labec.com.br\/biodigital\/wp-json\/wp\/v2\/users\/2"}],"replies":[{"embeddable":true,"href":"http:\/\/www.labec.com.br\/biodigital\/wp-json\/wp\/v2\/comments?post=111"}],"version-history":[{"count":14,"href":"http:\/\/www.labec.com.br\/biodigital\/wp-json\/wp\/v2\/pages\/111\/revisions"}],"predecessor-version":[{"id":144,"href":"http:\/\/www.labec.com.br\/biodigital\/wp-json\/wp\/v2\/pages\/111\/revisions\/144"}],"up":[{"embeddable":true,"href":"http:\/\/www.labec.com.br\/biodigital\/wp-json\/wp\/v2\/pages\/92"}],"wp:attachment":[{"href":"http:\/\/www.labec.com.br\/biodigital\/wp-json\/wp\/v2\/media?parent=111"}],"curies":[{"name":"wp","href":"https:\/\/api.w.org\/{rel}","templated":true}]}}