{"id":1028,"date":"2009-07-02T16:47:42","date_gmt":"2009-07-02T19:47:42","guid":{"rendered":"http:\/\/www.labec.com.br\/biodigital\/?page_id=1028"},"modified":"2009-07-02T23:22:45","modified_gmt":"2009-07-03T02:22:45","slug":"sistemas","status":"publish","type":"page","link":"http:\/\/www.labec.com.br\/biodigital\/fauna\/arthropoda\/sistemas\/","title":{"rendered":"Sistemas"},"content":{"rendered":"<p style=\"text-align: center;\"><span style=\"font-family: comic sans ms,sans-serif;\"><span style=\"font-size: small;\"><strong><a href=\"http:\/\/www.labec.com.br\/biodigital\/wordpress\/wp-content\/uploads\/2009\/07\/artropodes5.jpg\"><img decoding=\"async\" loading=\"lazy\" class=\"size-medium wp-image-1029  aligncenter\" title=\"artropodes5\" src=\"http:\/\/www.labec.com.br\/biodigital\/wordpress\/wp-content\/uploads\/2009\/07\/artropodes5-300x195.jpg\" alt=\"artropodes5\" width=\"300\" height=\"195\" srcset=\"http:\/\/www.labec.com.br\/biodigital\/wordpress\/wp-content\/uploads\/2009\/07\/artropodes5-300x195.jpg 300w, http:\/\/www.labec.com.br\/biodigital\/wordpress\/wp-content\/uploads\/2009\/07\/artropodes5.jpg 464w\" sizes=\"(max-width: 300px) 100vw, 300px\" \/><\/a><\/strong><\/span><\/span><\/p>\n<p style=\"text-align: center;\"><span style=\"font-family: comic sans ms,sans-serif;\"><span style=\"font-size: small;\"><strong>\u00a0<\/strong><span style=\"font-size: x-small;\"><span style=\"color: #99cc00;\"><span style=\"color: #99cc00;\">Figura 1: Morfologia Interna<br \/>\n<\/span><a href=\"http:\/\/br.geocities.com\"><span style=\"color: #99cc00;\">http:\/\/br.geocities.com<\/span><\/a><\/span><\/span><\/span><\/span><\/p>\n<p style=\"text-align: center;\"><span style=\"font-family: comic sans ms,sans-serif;\"><span style=\"font-size: small;\"><span style=\"font-size: x-small;\"><span style=\"color: #99cc00;\">\u00a0<\/span><\/span><\/span><\/span><\/p>\n<p style=\"text-align: justify;\"><span style=\"font-family: comic sans ms,sans-serif;\"><span style=\"font-size: small;\"><strong>Sistema Muscular:<\/strong> complexo, composto por m\u00fasculos estriados para a\u00e7\u00f5es r\u00e1pidas e musculatura lisa nos \u00f3rg\u00e3os viscerais. <br \/>\n<strong>Sistema Digest\u00f3rio:<\/strong> trato digestivo completo, com a ectoderme revestida de quitina constituindo o intestino anterior e o posterior.<br \/>\n<strong>Sistema Circulat\u00f3rio:<\/strong> aberto, com um cora\u00e7\u00e3o contr\u00e1til dorsal, art\u00e9rias e hemocele.<br \/>\n<strong>Sistema Respirat\u00f3rio:<\/strong> apresenta-se bastante variado, podendo ocorrer atrav\u00e9s da superf\u00edcie corp\u00f3rea, de br\u00e2nquias, das traqu\u00e9ias ou de pulm\u00f5es foli\u00e1ceos.<br \/>\n<strong>Sistema Nervoso:<\/strong> alto grau de cefaliza\u00e7\u00e3o, com um g\u00e2nglio cerebral dorsal anterior e cord\u00e3o nervoso ventral com expans\u00f5es ganglionares em cada segmento. O c\u00e9rebro consiste em tr\u00eas regi\u00f5es principais: protoc\u00e9rebro (anterior), deutoc\u00e9rebro (m\u00e9dio) e tritoc\u00e9rebro (posterior), cada uma respons\u00e1vel por fun\u00e7\u00f5es espec\u00edficas. Apresentam \u00f3rg\u00e3os sensoriais bem desenvolvidos, com uma boa percep\u00e7\u00e3o do ambiente ao redor.<br \/>\n<strong>Sistema Excretor:<\/strong> os artr\u00f3podes possuem dois tipos de \u00f3rg\u00e3os excretores: t\u00fabulos de Malpighi e s\u00e1culos pareados, denominadas gl\u00e2ndulas coxais, antenais ou maxilares, a depender do ap\u00eandice que est\u00e1 associado.<br \/>\n<strong>Sistema Reprodutor:<\/strong> geralmente os sexos s\u00e3o separados, com \u00f3rg\u00e3os reprodutores pareados. Podem ser ov\u00edparos ou viv\u00edparos, com fertiliza\u00e7\u00e3o geralmente interna e metamorfose comum.<\/span><\/span><\/p>\n<p><span style=\"font-family: comic sans ms,sans-serif;\"><span style=\"font-size: small;\">\u00a0<\/span><\/span><\/p>\n<p><span style=\"font-family: comic sans ms,sans-serif;\"><span style=\"font-size: small;\">\u00a0<\/span><\/span><\/p>\n<p style=\"text-align: center;\"><span style=\"font-family: comic sans ms,sans-serif;\"><span style=\"font-size: small;\"><a href=\"http:\/\/www.labec.com.br\/biodigital\/fauna\/arthropoda\"><strong><span style=\"color: #808000;\">VOLTAR<\/span><\/strong><\/a><\/span><\/span><\/p>\n<p style=\"text-align: justify;\">\u00a0<\/p>\n","protected":false},"excerpt":{"rendered":"<p>\u00a0Figura 1: Morfologia Interna http:\/\/br.geocities.com \u00a0 Sistema Muscular: complexo, composto por m\u00fasculos estriados para a\u00e7\u00f5es r\u00e1pidas e musculatura lisa nos \u00f3rg\u00e3os viscerais. Sistema Digest\u00f3rio: trato digestivo completo, com a ectoderme revestida de quitina constituindo o intestino anterior e o posterior. Sistema Circulat\u00f3rio: aberto, com um cora\u00e7\u00e3o contr\u00e1til dorsal, art\u00e9rias e hemocele. Sistema Respirat\u00f3rio: apresenta-se bastante [&hellip;]<\/p>\n","protected":false},"author":2,"featured_media":0,"parent":101,"menu_order":0,"comment_status":"open","ping_status":"open","template":"","meta":{"ngg_post_thumbnail":0},"_links":{"self":[{"href":"http:\/\/www.labec.com.br\/biodigital\/wp-json\/wp\/v2\/pages\/1028"}],"collection":[{"href":"http:\/\/www.labec.com.br\/biodigital\/wp-json\/wp\/v2\/pages"}],"about":[{"href":"http:\/\/www.labec.com.br\/biodigital\/wp-json\/wp\/v2\/types\/page"}],"author":[{"embeddable":true,"href":"http:\/\/www.labec.com.br\/biodigital\/wp-json\/wp\/v2\/users\/2"}],"replies":[{"embeddable":true,"href":"http:\/\/www.labec.com.br\/biodigital\/wp-json\/wp\/v2\/comments?post=1028"}],"version-history":[{"count":4,"href":"http:\/\/www.labec.com.br\/biodigital\/wp-json\/wp\/v2\/pages\/1028\/revisions"}],"predecessor-version":[{"id":1031,"href":"http:\/\/www.labec.com.br\/biodigital\/wp-json\/wp\/v2\/pages\/1028\/revisions\/1031"}],"up":[{"embeddable":true,"href":"http:\/\/www.labec.com.br\/biodigital\/wp-json\/wp\/v2\/pages\/101"}],"wp:attachment":[{"href":"http:\/\/www.labec.com.br\/biodigital\/wp-json\/wp\/v2\/media?parent=1028"}],"curies":[{"name":"wp","href":"https:\/\/api.w.org\/{rel}","templated":true}]}}